{"id":688,"date":"2022-10-27T19:24:18","date_gmt":"2022-10-27T17:24:18","guid":{"rendered":"https:\/\/agora.xtec.cat\/ielondres\/?page_id=688"},"modified":"2024-07-01T16:00:38","modified_gmt":"2024-07-01T14:00:38","slug":"ajuts-individuals-de-menjador-curs-22-23","status":"publish","type":"page","link":"https:\/\/agora.xtec.cat\/ielondres\/secretaria\/ajuts-individuals-de-menjador-curs-22-23\/","title":{"rendered":"Ajuts individuals de menjador curs 24-25"},"content":{"rendered":"<div class=\"elementor-element elementor-element-107cfeb elementor-widget elementor-widget-theme-post-content\" data-id=\"107cfeb\" data-element_type=\"widget\" data-widget_type=\"theme-post-content.default\">\n<div class=\"elementor-widget-container\">\n<h2>Convocat\u00f2ria d&#8217;ajuts individuals de menjador. Curs 2024-2025<\/h2>\n<p>S\u2019atorguen ajuts ordinaris del 70% i tamb\u00e9 extraordinaris fins a un m\u00e0xim de 100%<\/p>\n<ul>\n<li>Preu de menjador de 7,25 \u20ac, amb car\u00e0cter general, per aquells centres que tenen un espai de migdia amb una durada m\u00e0xima de dues hores i mitja total.<\/li>\n<li>Preu de menjador de 6,87 \u20ac, en aquells centres que tenen un espai de migdia amb una durada m\u00e0xima de dues hores.<\/li>\n<li>Es pot sol\u00b7licitar l\u2019ajut tenint en compte els ingressos familiars corresponents a la renda 2023.<\/li>\n<li>S\u2019estableix un llindar per sobre del qual no es poden sol\u00b7licitar ajuts a fi de dedicar els ajuts als trams de rendes m\u00e9s baixes. Es pren com a refer\u00e8ncia el llindar de la pobresa establert a l\u2019IDESCAT. Aquesta mesura va ser aprovada pel Parlament de Catalunya a la Resoluci\u00f3 11\/17.<\/li>\n<\/ul>\n<h3>Presentaci\u00f3 de sol\u00b7licituds<\/h3>\n<p>Les sol\u00b7licituds es presentaran a trav\u00e9s d&#8217;un formulari telem\u00e0tic adre\u00e7at a l&#8217;alumnat que estigui matriculat o preinscrit per al curs 2024-2025, en un per\u00edode inicial i quatre per\u00edodes oberts de sol\u00b7licituds:<\/p>\n<ul>\n<li><strong>Per\u00edode de juny 2024<\/strong>: <strong>entre el 15 de maig i el 16 de juny<\/strong>, ambd\u00f3s inclosos. El termini per presentar les sol\u00b7licituds signades al centre amb documentaci\u00f3, si escau, \u00e9s fins al 20 de juny.<\/li>\n<li>Un cop finalitzat el per\u00edode de juny, s\u2019establiran per\u00edodes oberts de presentaci\u00f3 de sol\u00b7licituds (noves peticions, alumnat nou vingut i situacions sobrevingudes)\n<ul>\n<li><strong>Primer per\u00edode obert<\/strong> de presentaci\u00f3 de sol\u00b7licituds:<strong> entre el 9 i el 24 de setembre de 2024<\/strong>, ambd\u00f3s inclosos, i fins al 27 de setembre per portar-la signada al centre.<\/li>\n<li><strong>Segon per\u00edode obert<\/strong> de presentaci\u00f3 de sol\u00b7licituds: <strong>entre el 25 de setembre i l&#8217;1 de desembre de 2024,<\/strong>\u00a0ambd\u00f3s inclosos, i fins al 4 de desembre per portar-la signada al centre.<\/li>\n<li><strong>Tercer per\u00edode obert<\/strong> de presentaci\u00f3 de sol\u00b7licituds: <strong>entre el 2 de desembre de 2024 i el 28 de febrer de 2025<\/strong>, ambd\u00f3s inclosos, i fins al 4 de mar\u00e7 per portar-la signada al centre.<\/li>\n<li><strong>Quart per\u00edode obert<\/strong> de presentaci\u00f3 de sol\u00b7licituds: <strong>entre el 3 de mar\u00e7 i fins l&#8217;\u00faltim dia que s&#8217;admetin noves admissions del curs 2024-2025.<\/strong><\/li>\n<\/ul>\n<\/li>\n<\/ul>\n<h3>Suport a les fam\u00edlies<\/h3>\n<ul>\n<li><a href=\"https:\/\/www.edubcn.cat\/rcs_gene\/extra\/02_ajuts_de_menjador_2024_2025\/Full%20informatiu%20web%20actualitzat%20AJM_24_25_CAT.pdf\">Full informatiu de la convocat\u00f2ria 2024-2025<\/a>, PDF<\/li>\n<li><a href=\"https:\/\/www.edubcn.cat\/rcs_gene\/extra\/02_ajuts_de_menjador_2023_2024\/Motius_de_denegacio_2023-24_v2.pdf\">Motius de denegaci\u00f3 dels ajuts de menjador<\/a>, PDF<\/li>\n<\/ul>\n<h3>Fer la sol\u00b7licitud telem\u00e0tica<\/h3>\n<ul>\n<li><a href=\"https:\/\/aju-pro-wa.azurewebsites.net\/\" target=\"_blank\" rel=\"noopener\">Formulari de sol\u00b7licitud d&#8217;ajuts de menjador<\/a>.(actiu a partir del 15 de maig)<\/li>\n<\/ul>\n<p><strong>Organisme responsable <\/strong><\/p>\n<p>Consorci d\u2019Educaci\u00f3 de Barcelona.<\/p>\n<p><strong>Informaci\u00f3 <\/strong><\/p>\n<p>Per a m\u00e9s informaci\u00f3 podeu visitar <a href=\"https:\/\/www.edubcn.cat\/ca\/alumnat_i_familia\/ajuts_beques_i_subvencions\/ajuts_de_menjador_escolar\">Ajuts individuals de menjador<\/a><\/p>\n<\/div>\n<\/div>\n","protected":false},"excerpt":{"rendered":"<p>Convocat\u00f2ria d&#8217;ajuts individuals de menjador. Curs 2024-2025<br \/>\nS\u2019atorguen ajuts ordinaris del 70% i tamb\u00e9 extraordinaris fins a un m\u00e0xim de 100%<\/p>\n<ul>\n<li>Preu de menjador de 7,25 \u20ac, amb car\u00e0cter general, per aquells centres que tenen un espai de migdia amb una durada m\u00e0xima de dues hores i&hellip;  <a href=\"https:\/\/agora.xtec.cat\/ielondres\/secretaria\/ajuts-individuals-de-menjador-curs-22-23\/\" title=\"Read Ajuts individuals de menjador curs 24-25\">Llegeix m\u00e9s\u00bb<\/a><br \/>\n","protected":false},"author":1,"featured_media":0,"parent":81,"menu_order":0,"comment_status":"closed","ping_status":"closed","template":"page-templates\/side-menu.php","meta":{"_bbp_topic_count":0,"_bbp_reply_count":0,"_bbp_total_topic_count":0,"_bbp_total_reply_count":0,"_bbp_voice_count":0,"_bbp_anonymous_reply_count":0,"_bbp_topic_count_hidden":0,"_bbp_reply_count_hidden":0,"_bbp_forum_subforum_count":0,"footnotes":""},"class_list":["post-688","page","type-page","status-publish","hentry"],"post_mailing_queue_ids":[],"_links":{"self":[{"href":"https:\/\/agora.xtec.cat\/ielondres\/wp-json\/wp\/v2\/pages\/688","targetHints":{"allow":["GET"]}}],"collection":[{"href":"https:\/\/agora.xtec.cat\/ielondres\/wp-json\/wp\/v2\/pages"}],"about":[{"href":"https:\/\/agora.xtec.cat\/ielondres\/wp-json\/wp\/v2\/types\/page"}],"author":[{"embeddable":true,"href":"https:\/\/agora.xtec.cat\/ielondres\/wp-json\/wp\/v2\/users\/1"}],"replies":[{"embeddable":true,"href":"https:\/\/agora.xtec.cat\/ielondres\/wp-json\/wp\/v2\/comments?post=688"}],"version-history":[{"count":3,"href":"https:\/\/agora.xtec.cat\/ielondres\/wp-json\/wp\/v2\/pages\/688\/revisions"}],"predecessor-version":[{"id":2073,"href":"https:\/\/agora.xtec.cat\/ielondres\/wp-json\/wp\/v2\/pages\/688\/revisions\/2073"}],"up":[{"embeddable":true,"href":"https:\/\/agora.xtec.cat\/ielondres\/wp-json\/wp\/v2\/pages\/81"}],"wp:attachment":[{"href":"https:\/\/agora.xtec.cat\/ielondres\/wp-json\/wp\/v2\/media?parent=688"}],"curies":[{"name":"wp","href":"https:\/\/api.w.org\/{rel}","templated":true}]}}