{"id":594,"date":"2022-10-12T19:36:22","date_gmt":"2022-10-12T17:36:22","guid":{"rendered":"https:\/\/agora.xtec.cat\/ielondres\/?page_id=594"},"modified":"2024-07-18T16:58:56","modified_gmt":"2024-07-18T14:58:56","slug":"acollida","status":"publish","type":"page","link":"https:\/\/agora.xtec.cat\/ielondres\/serveis\/acollida\/","title":{"rendered":"Servei d&#8217;Acollida"},"content":{"rendered":"<h3 class=\"el-title uk-h4 uk-margin-top uk-margin-remove-bottom\" style=\"text-align: center;\"><a href=\"https:\/\/agora.xtec.cat\/ielondres\/wp-content\/uploads\/usu2343\/2022\/10\/index.png\"><img loading=\"lazy\" decoding=\"async\" class=\"alignnone size-full wp-image-599\" src=\"https:\/\/agora.xtec.cat\/ielondres\/wp-content\/uploads\/usu2343\/2022\/10\/index.png\" alt=\"\" width=\"300\" height=\"168\" \/><\/a><\/h3>\n<div>\n<p>El servei d&#8217;acollida de l&#8217;IE Londres est\u00e0 gestionat per l&#8217;Associaci\u00f3 Esportiva Eixample.<\/p>\n<p>Els nostres alumnes poden gaudir d&#8217;aquest servei tots els dies de la setmana des de les 8:00h fins a les 9:00h del mat\u00ed i de les 16:15h fins a les 18:00h de la tarda. Trobareu la informaci\u00f3 a la p\u00e0gina 7 del <a href=\"https:\/\/drive.google.com\/file\/d\/1ikMokFc7EY4Uz0MdxjifJcmw9zY-MeSm\/view?usp=sharing\">document d&#8217;extraescolars<\/a>.<\/p>\n<\/div>\n<div><\/div>\n<div style=\"text-align: center;\"><a href=\"https:\/\/agora.xtec.cat\/ielondres\/wp-content\/uploads\/usu2343\/2022\/10\/index3.jpg\"><img loading=\"lazy\" decoding=\"async\" class=\"alignnone size-full wp-image-600\" src=\"https:\/\/agora.xtec.cat\/ielondres\/wp-content\/uploads\/usu2343\/2022\/10\/index3.jpg\" alt=\"\" width=\"418\" height=\"120\" srcset=\"https:\/\/agora.xtec.cat\/ielondres\/wp-content\/uploads\/usu2343\/2022\/10\/index3.jpg 418w, https:\/\/agora.xtec.cat\/ielondres\/wp-content\/uploads\/usu2343\/2022\/10\/index3-300x86.jpg 300w\" sizes=\"auto, (max-width: 418px) 100vw, 418px\" \/><\/a><\/div>\n","protected":false},"excerpt":{"rendered":"<p><a href=\"https:\/\/agora.xtec.cat\/ielondres\/wp-content\/uploads\/usu2343\/2022\/10\/index.png\"><\/a><\/p>\n<p>El servei d&#8217;acollida de l&#8217;IE Londres est\u00e0 gestionat per l&#8217;Associaci\u00f3 Esportiva Eixample.<br \/>\nEls nostres alumnes poden gaudir d&#8217;aquest servei tots els dies de la setmana des de les 8:00h fins a les 9:00h del mat\u00ed i de les 16:15h fins a les 18:00h de la&hellip;  <a href=\"https:\/\/agora.xtec.cat\/ielondres\/serveis\/acollida\/\" title=\"Read Servei d&#8217;Acollida\">Llegeix m\u00e9s\u00bb<\/a><\/p>\n","protected":false},"author":1,"featured_media":0,"parent":63,"menu_order":2,"comment_status":"closed","ping_status":"closed","template":"","meta":{"_bbp_topic_count":0,"_bbp_reply_count":0,"_bbp_total_topic_count":0,"_bbp_total_reply_count":0,"_bbp_voice_count":0,"_bbp_anonymous_reply_count":0,"_bbp_topic_count_hidden":0,"_bbp_reply_count_hidden":0,"_bbp_forum_subforum_count":0,"footnotes":""},"class_list":["post-594","page","type-page","status-publish","hentry"],"post_mailing_queue_ids":[],"_links":{"self":[{"href":"https:\/\/agora.xtec.cat\/ielondres\/wp-json\/wp\/v2\/pages\/594","targetHints":{"allow":["GET"]}}],"collection":[{"href":"https:\/\/agora.xtec.cat\/ielondres\/wp-json\/wp\/v2\/pages"}],"about":[{"href":"https:\/\/agora.xtec.cat\/ielondres\/wp-json\/wp\/v2\/types\/page"}],"author":[{"embeddable":true,"href":"https:\/\/agora.xtec.cat\/ielondres\/wp-json\/wp\/v2\/users\/1"}],"replies":[{"embeddable":true,"href":"https:\/\/agora.xtec.cat\/ielondres\/wp-json\/wp\/v2\/comments?post=594"}],"version-history":[{"count":5,"href":"https:\/\/agora.xtec.cat\/ielondres\/wp-json\/wp\/v2\/pages\/594\/revisions"}],"predecessor-version":[{"id":2108,"href":"https:\/\/agora.xtec.cat\/ielondres\/wp-json\/wp\/v2\/pages\/594\/revisions\/2108"}],"up":[{"embeddable":true,"href":"https:\/\/agora.xtec.cat\/ielondres\/wp-json\/wp\/v2\/pages\/63"}],"wp:attachment":[{"href":"https:\/\/agora.xtec.cat\/ielondres\/wp-json\/wp\/v2\/media?parent=594"}],"curies":[{"name":"wp","href":"https:\/\/api.w.org\/{rel}","templated":true}]}}