{"id":43,"date":"2014-09-17T16:45:07","date_gmt":"2014-09-17T16:45:07","guid":{"rendered":"http:\/\/agora.xtec.cat\/ielondres\/?page_id=43"},"modified":"2025-12-16T09:49:33","modified_gmt":"2025-12-16T08:49:33","slug":"consell-escolar","status":"publish","type":"page","link":"https:\/\/agora.xtec.cat\/ielondres\/linstitut\/consell-escolar\/","title":{"rendered":"Consell escolar"},"content":{"rendered":"<p>El Consell Escolar de l&#8217;IE Londres est\u00e0 format per:<\/p>\n<p>Directora: Susana Naranjo Ord\u00f3\u00f1ez<br \/>\nCap d&#8217;estudis: Marta Peidr\u00f3 Saperas<br \/>\nSecret\u00e0ria: Ramon Mart\u00edn Bernad\u00f3<br \/>\nRepresentant de l&#8217;Ajuntament: Clara Santamaria<br \/>\nRepresentant de l&#8217;alumnat: M\\ Jes\u00fas Cegarra<br \/>\nRepresentant de l&#8217;alumnat: J\u00falia Margarit<br \/>\nRepresentant de l&#8217;AMPA: Marta Loira<br \/>\nRepresentant de pares i mares: Lorena V\u00edlchez<br \/>\nRepresentant de pares i mares: Miguel Cid<br \/>\nRepresentant de pares i mares: Marta s\u00e1nchez<br \/>\nRepresentant del PAE: Laura Borque<br \/>\nRepresentant del PAS: M\\ Teresa El\u00edas<br \/>\nRepresentant del professorat: Gabrial Lara<br \/>\nRepresentant del professorat: Ricard Reig<br \/>\nRepresentant del professorat: Francesc Cuixart<br \/>\nRepresentant del professorat: Lara Bou<br \/>\nRepresentant del professorat: Maite Sanjos\u00e9<br \/>\nRepresentant del professorat: Elena L\u00f3pez<\/p>\n<h4><strong>ACORDS CURS 23-24<\/strong><\/h4>\n<p><a href=\"https:\/\/drive.google.com\/file\/d\/1ELOijSp_VaBnBee_tH8gwaKh6oaHavP0\/view?usp=sharing\">&#8211; Acords 16 d&#8217;octubre de 2023<\/a><\/p>\n<p><a href=\"https:\/\/drive.google.com\/file\/d\/1l_02IjY9mu4M2uEtx1rPatsBjqj4cM--\/view?usp=sharing\">&#8211; Acords 20 de febrer de 2024<\/a><\/p>\n<p><a href=\"https:\/\/educacio.gencat.cat\/ca\/arees-actuacio\/centres-serveis-educatius\/centres\/consells-escolars-centres\/\">Web Departament d&#8217;Educaci\u00f3<\/a><\/p>\n","protected":false},"excerpt":{"rendered":"<p>El Consell Escolar de l&#8217;IE Londres est\u00e0 format per:<br \/>\nDirectora: Susana Naranjo Ord\u00f3\u00f1ez<br \/>\nCap d&#8217;estudis: Marta Peidr\u00f3 Saperas<br \/>\nSecret\u00e0ria: Ramon Mart\u00edn Bernad\u00f3<br \/>\nRepresentant de l&#8217;Ajuntament: Clara Santamaria<br \/>\nRepresentant de l&#8217;alumnat: M\\ Jes\u00fas Cegarra<br \/>\nRepresentant de l&#8217;alumnat: J\u00falia Margarit<br \/>\nRepresentant de l&#8217;AMPA: Marta Loira<br \/>\nRepresentant de pares i mares: Lorena V\u00edlchez<br \/>\nRepresentant de pares i&hellip;  <a href=\"https:\/\/agora.xtec.cat\/ielondres\/linstitut\/consell-escolar\/\" title=\"Read Consell escolar\">Llegeix m\u00e9s\u00bb<\/a><\/p>\n","protected":false},"author":1,"featured_media":0,"parent":19,"menu_order":40,"comment_status":"closed","ping_status":"closed","template":"page-templates\/side-menu.php","meta":{"_bbp_topic_count":0,"_bbp_reply_count":0,"_bbp_total_topic_count":0,"_bbp_total_reply_count":0,"_bbp_voice_count":0,"_bbp_anonymous_reply_count":0,"_bbp_topic_count_hidden":0,"_bbp_reply_count_hidden":0,"_bbp_forum_subforum_count":0,"footnotes":""},"class_list":["post-43","page","type-page","status-publish","hentry"],"post_mailing_queue_ids":[],"_links":{"self":[{"href":"https:\/\/agora.xtec.cat\/ielondres\/wp-json\/wp\/v2\/pages\/43","targetHints":{"allow":["GET"]}}],"collection":[{"href":"https:\/\/agora.xtec.cat\/ielondres\/wp-json\/wp\/v2\/pages"}],"about":[{"href":"https:\/\/agora.xtec.cat\/ielondres\/wp-json\/wp\/v2\/types\/page"}],"author":[{"embeddable":true,"href":"https:\/\/agora.xtec.cat\/ielondres\/wp-json\/wp\/v2\/users\/1"}],"replies":[{"embeddable":true,"href":"https:\/\/agora.xtec.cat\/ielondres\/wp-json\/wp\/v2\/comments?post=43"}],"version-history":[{"count":6,"href":"https:\/\/agora.xtec.cat\/ielondres\/wp-json\/wp\/v2\/pages\/43\/revisions"}],"predecessor-version":[{"id":3011,"href":"https:\/\/agora.xtec.cat\/ielondres\/wp-json\/wp\/v2\/pages\/43\/revisions\/3011"}],"up":[{"embeddable":true,"href":"https:\/\/agora.xtec.cat\/ielondres\/wp-json\/wp\/v2\/pages\/19"}],"wp:attachment":[{"href":"https:\/\/agora.xtec.cat\/ielondres\/wp-json\/wp\/v2\/media?parent=43"}],"curies":[{"name":"wp","href":"https:\/\/api.w.org\/{rel}","templated":true}]}}