{"id":1352,"date":"2024-02-01T08:51:55","date_gmt":"2024-02-01T07:51:55","guid":{"rendered":"https:\/\/agora.xtec.cat\/ielondres\/?page_id=1352"},"modified":"2024-02-01T10:59:07","modified_gmt":"2024-02-01T09:59:07","slug":"certificats-de-cambridge","status":"publish","type":"page","link":"https:\/\/agora.xtec.cat\/ielondres\/projecte-educatiu\/erasmus\/certificats-de-cambridge\/","title":{"rendered":"Certificats de Cambridge"},"content":{"rendered":"<p>La certificaci\u00f3 en lleng\u00fces estrangeres, com ara els ex\u00e0mens de Cambridge, valida habilitats ling\u00fc\u00edstiques a nivell internacional. Aquests ex\u00e0mens, com el <strong>First Certificate in English (FCE)<\/strong> o el <strong>Certificat of Proficiency in English (CPE)<\/strong>, s\u00f3n reconeguts globalment, proporcionant als candidats oportunitats acad\u00e8miques i professionals, aix\u00ed com una confian\u00e7a m\u00e9s gran en la seva compet\u00e8ncia ling\u00fc\u00edstica.<\/p>\n<p>A l&#8217;Institut Escola Londres oferim la possibilitat d&#8217;obtenir aquesta certificaci\u00f3. El Departament de Lleng\u00fces de la nostra escola assessora a cada alumne per recomanar el nivell al que presentar-se.<\/p>\n<p>Gr\u00e0cies a la nostra AFA, oferim l\u2019opci\u00f3 de realitzar una extraescolar dissenyada exclusivament per a la preparaci\u00f3 dels ex\u00e0mens. En aquesta extraescolar els alumnes podran practicar intensament el tipus d\u2019examen al qual es presentaran. Cada alumne realitzar\u00e0 12 sessions preparat\u00f2ries amb l\u2019empresa OXFORD HOUSE.<\/p>\n<p><a href=\"https:\/\/agora.xtec.cat\/ielondres\/wp-content\/uploads\/usu2343\/2024\/02\/Cambridge.jpg\"><img loading=\"lazy\" decoding=\"async\" class=\"aligncenter wp-image-1355\" src=\"https:\/\/agora.xtec.cat\/ielondres\/wp-content\/uploads\/usu2343\/2024\/02\/Cambridge.jpg\" alt=\"\" width=\"452\" height=\"306\" srcset=\"https:\/\/agora.xtec.cat\/ielondres\/wp-content\/uploads\/usu2343\/2024\/02\/Cambridge.jpg 601w, https:\/\/agora.xtec.cat\/ielondres\/wp-content\/uploads\/usu2343\/2024\/02\/Cambridge-300x203.jpg 300w\" sizes=\"auto, (max-width: 452px) 100vw, 452px\" \/><\/a><\/p>\n","protected":false},"excerpt":{"rendered":"<p>La certificaci\u00f3 en lleng\u00fces estrangeres, com ara els ex\u00e0mens de Cambridge, valida habilitats ling\u00fc\u00edstiques a nivell internacional. Aquests ex\u00e0mens, com el First Certificate in English (FCE) o el Certificat of Proficiency in English (CPE), s\u00f3n reconeguts globalment, proporcionant als candidats oportunitats acad\u00e8miques i professionals, aix\u00ed&hellip;  <a href=\"https:\/\/agora.xtec.cat\/ielondres\/projecte-educatiu\/erasmus\/certificats-de-cambridge\/\" title=\"Read Certificats de Cambridge\">Llegeix m\u00e9s\u00bb<\/a><\/p>\n","protected":false},"author":1,"featured_media":0,"parent":794,"menu_order":1,"comment_status":"closed","ping_status":"closed","template":"","meta":{"_bbp_topic_count":0,"_bbp_reply_count":0,"_bbp_total_topic_count":0,"_bbp_total_reply_count":0,"_bbp_voice_count":0,"_bbp_anonymous_reply_count":0,"_bbp_topic_count_hidden":0,"_bbp_reply_count_hidden":0,"_bbp_forum_subforum_count":0,"footnotes":""},"class_list":["post-1352","page","type-page","status-publish","hentry"],"post_mailing_queue_ids":[],"_links":{"self":[{"href":"https:\/\/agora.xtec.cat\/ielondres\/wp-json\/wp\/v2\/pages\/1352","targetHints":{"allow":["GET"]}}],"collection":[{"href":"https:\/\/agora.xtec.cat\/ielondres\/wp-json\/wp\/v2\/pages"}],"about":[{"href":"https:\/\/agora.xtec.cat\/ielondres\/wp-json\/wp\/v2\/types\/page"}],"author":[{"embeddable":true,"href":"https:\/\/agora.xtec.cat\/ielondres\/wp-json\/wp\/v2\/users\/1"}],"replies":[{"embeddable":true,"href":"https:\/\/agora.xtec.cat\/ielondres\/wp-json\/wp\/v2\/comments?post=1352"}],"version-history":[{"count":4,"href":"https:\/\/agora.xtec.cat\/ielondres\/wp-json\/wp\/v2\/pages\/1352\/revisions"}],"predecessor-version":[{"id":1364,"href":"https:\/\/agora.xtec.cat\/ielondres\/wp-json\/wp\/v2\/pages\/1352\/revisions\/1364"}],"up":[{"embeddable":true,"href":"https:\/\/agora.xtec.cat\/ielondres\/wp-json\/wp\/v2\/pages\/794"}],"wp:attachment":[{"href":"https:\/\/agora.xtec.cat\/ielondres\/wp-json\/wp\/v2\/media?parent=1352"}],"curies":[{"name":"wp","href":"https:\/\/api.w.org\/{rel}","templated":true}]}}