{"id":2791,"date":"2025-10-06T12:10:13","date_gmt":"2025-10-06T10:10:13","guid":{"rendered":"https:\/\/agora.xtec.cat\/ielluismillet\/?page_id=2791"},"modified":"2025-10-06T12:10:13","modified_gmt":"2025-10-06T10:10:13","slug":"microbit","status":"publish","type":"page","link":"https:\/\/agora.xtec.cat\/ielluismillet\/microbit\/","title":{"rendered":"Micro:bit"},"content":{"rendered":"<p data-start=\"219\" data-end=\"388\">El <strong data-start=\"222\" data-end=\"239\">BBC micro:bit<\/strong> \u00e9s una <strong data-start=\"247\" data-end=\"277\">petita targeta programable<\/strong> de nom\u00e9s 4&#215;5 cm, dissenyada perqu\u00e8 <strong data-start=\"313\" data-end=\"385\">aprendre a programar sigui f\u00e0cil, divertit i accessible per a tothom<\/strong>.<\/p>\n<p data-start=\"390\" data-end=\"595\">Gr\u00e0cies a la gran varietat de <strong data-start=\"420\" data-end=\"441\">sensors integrats<\/strong>, amb una sola targeta es poden realitzar <strong data-start=\"483\" data-end=\"519\">centenars de projectes diferents<\/strong>, des de jocs interactius fins a experiments cient\u00edfics i robots senzills.<\/p>\n<p data-start=\"597\" data-end=\"792\">A m\u00e9s, tant el <strong data-start=\"612\" data-end=\"643\">maquinari com el programari<\/strong> del micro:bit s\u00f3n <strong data-start=\"662\" data-end=\"679\">de codi obert<\/strong>, cosa que afavoreix la creativitat i permet a l\u2019alumnat explorar, modificar i compartir les seves pr\u00f2pies idees.<\/p>\n<p style=\"text-align: center;\" data-start=\"597\" data-end=\"792\"><iframe loading=\"lazy\" title=\"Presentaci\u00f3 Micro:bit\" src=\"\/\/www.youtube.com\/embed\/91MdnjT45gs\" width=\"640\" height=\"360\" frameborder=\"0\" allowfullscreen=\"allowfullscreen\"><\/iframe><\/p>\n","protected":false},"excerpt":{"rendered":"<p>El BBC micro:bit \u00e9s una petita targeta programable de nom\u00e9s 4&#215;5 cm, dissenyada perqu\u00e8 aprendre a programar sigui f\u00e0cil, divertit i accessible per a tothom. Gr\u00e0cies a la gran varietat de sensors integrats, amb una sola targeta es poden realitzar centenars de projectes diferents, des de jocs interactius fins a experiments cient\u00edfics i robots senzills. [&hellip;]<\/p>\n","protected":false},"author":1,"featured_media":0,"parent":0,"menu_order":0,"comment_status":"closed","ping_status":"closed","template":"","meta":{"_bbp_topic_count":0,"_bbp_reply_count":0,"_bbp_total_topic_count":0,"_bbp_total_reply_count":0,"_bbp_voice_count":0,"_bbp_anonymous_reply_count":0,"_bbp_topic_count_hidden":0,"_bbp_reply_count_hidden":0,"_bbp_forum_subforum_count":0,"site-sidebar-layout":"default","site-content-layout":"","ast-site-content-layout":"default","site-content-style":"default","site-sidebar-style":"default","ast-global-header-display":"","ast-banner-title-visibility":"","ast-main-header-display":"","ast-hfb-above-header-display":"","ast-hfb-below-header-display":"","ast-hfb-mobile-header-display":"","site-post-title":"","ast-breadcrumbs-content":"","ast-featured-img":"","footer-sml-layout":"","theme-transparent-header-meta":"default","adv-header-id-meta":"","stick-header-meta":"","header-above-stick-meta":"","header-main-stick-meta":"","header-below-stick-meta":"","astra-migrate-meta-layouts":"set","ast-page-background-enabled":"default","ast-page-background-meta":{"desktop":{"background-color":"var(--ast-global-color-4)","background-image":"","background-repeat":"repeat","background-position":"center center","background-size":"auto","background-attachment":"scroll","background-type":"","background-media":"","overlay-type":"","overlay-color":"","overlay-opacity":"","overlay-gradient":""},"tablet":{"background-color":"","background-image":"","background-repeat":"repeat","background-position":"center center","background-size":"auto","background-attachment":"scroll","background-type":"","background-media":"","overlay-type":"","overlay-color":"","overlay-opacity":"","overlay-gradient":""},"mobile":{"background-color":"","background-image":"","background-repeat":"repeat","background-position":"center center","background-size":"auto","background-attachment":"scroll","background-type":"","background-media":"","overlay-type":"","overlay-color":"","overlay-opacity":"","overlay-gradient":""}},"ast-content-background-meta":{"desktop":{"background-color":"var(--ast-global-color-5)","background-image":"","background-repeat":"repeat","background-position":"center center","background-size":"auto","background-attachment":"scroll","background-type":"","background-media":"","overlay-type":"","overlay-color":"","overlay-opacity":"","overlay-gradient":""},"tablet":{"background-color":"var(--ast-global-color-5)","background-image":"","background-repeat":"repeat","background-position":"center center","background-size":"auto","background-attachment":"scroll","background-type":"","background-media":"","overlay-type":"","overlay-color":"","overlay-opacity":"","overlay-gradient":""},"mobile":{"background-color":"var(--ast-global-color-5)","background-image":"","background-repeat":"repeat","background-position":"center center","background-size":"auto","background-attachment":"scroll","background-type":"","background-media":"","overlay-type":"","overlay-color":"","overlay-opacity":"","overlay-gradient":""}},"footnotes":""},"class_list":["post-2791","page","type-page","status-publish","hentry"],"post_mailing_queue_ids":[],"_links":{"self":[{"href":"https:\/\/agora.xtec.cat\/ielluismillet\/wp-json\/wp\/v2\/pages\/2791","targetHints":{"allow":["GET"]}}],"collection":[{"href":"https:\/\/agora.xtec.cat\/ielluismillet\/wp-json\/wp\/v2\/pages"}],"about":[{"href":"https:\/\/agora.xtec.cat\/ielluismillet\/wp-json\/wp\/v2\/types\/page"}],"author":[{"embeddable":true,"href":"https:\/\/agora.xtec.cat\/ielluismillet\/wp-json\/wp\/v2\/users\/1"}],"replies":[{"embeddable":true,"href":"https:\/\/agora.xtec.cat\/ielluismillet\/wp-json\/wp\/v2\/comments?post=2791"}],"version-history":[{"count":1,"href":"https:\/\/agora.xtec.cat\/ielluismillet\/wp-json\/wp\/v2\/pages\/2791\/revisions"}],"predecessor-version":[{"id":2793,"href":"https:\/\/agora.xtec.cat\/ielluismillet\/wp-json\/wp\/v2\/pages\/2791\/revisions\/2793"}],"wp:attachment":[{"href":"https:\/\/agora.xtec.cat\/ielluismillet\/wp-json\/wp\/v2\/media?parent=2791"}],"curies":[{"name":"wp","href":"https:\/\/api.w.org\/{rel}","templated":true}]}}