{"id":2781,"date":"2025-10-06T12:03:41","date_gmt":"2025-10-06T10:03:41","guid":{"rendered":"https:\/\/agora.xtec.cat\/ielluismillet\/?page_id=2781"},"modified":"2025-10-06T12:07:08","modified_gmt":"2025-10-06T10:07:08","slug":"lego-spike-essential","status":"publish","type":"page","link":"https:\/\/agora.xtec.cat\/ielluismillet\/lego-spike-essential\/","title":{"rendered":"LEGO Spike Essential"},"content":{"rendered":"<p data-start=\"291\" data-end=\"624\">El <strong data-start=\"294\" data-end=\"320\">LEGO SPIKE Essential<\/strong> \u00e9s un recurs educatiu que combina la <strong data-start=\"358\" data-end=\"388\">construcci\u00f3 amb peces LEGO<\/strong> amb la <strong data-start=\"396\" data-end=\"419\">programaci\u00f3 digital<\/strong>.<br data-start=\"420\" data-end=\"423\" \/>Aquesta eina introdueix l\u2019alumnat en l\u2019aprenentatge <strong data-start=\"475\" data-end=\"538\">STEAM (Ci\u00e8ncia, Tecnologia, Enginyeria, Art i Matem\u00e0tiques)<\/strong> a trav\u00e9s de la <strong data-start=\"554\" data-end=\"623\">investigaci\u00f3 pr\u00e0ctica, la creativitat i la resoluci\u00f3 de problemes<\/strong>.<\/p>\n<p data-start=\"626\" data-end=\"662\">Amb el SPIKE Essential, els infants:<\/p>\n<ul data-start=\"663\" data-end=\"892\">\n<li data-start=\"663\" data-end=\"720\">\n<p data-start=\"665\" data-end=\"720\">Desenvolupen la <strong data-start=\"681\" data-end=\"717\">compet\u00e8ncia digital i matem\u00e0tica<\/strong>.<\/p>\n<\/li>\n<li data-start=\"721\" data-end=\"819\">\n<p data-start=\"723\" data-end=\"819\">Milloren la <strong data-start=\"735\" data-end=\"776\">comprensi\u00f3 lectora i l\u2019expressi\u00f3 oral<\/strong> a trav\u00e9s de la <strong data-start=\"792\" data-end=\"816\">narraci\u00f3 d\u2019hist\u00f2ries<\/strong>.<\/p>\n<\/li>\n<li data-start=\"820\" data-end=\"892\">\n<p data-start=\"822\" data-end=\"892\">Fomenten el <strong data-start=\"834\" data-end=\"889\">treball cooperatiu i les habilitats socioemocionals<\/strong>.<\/p>\n<\/li>\n<\/ul>\n<p data-start=\"894\" data-end=\"1125\">Les <strong data-start=\"898\" data-end=\"924\">unitats d\u2019aprenentatge<\/strong> estan alineades amb els est\u00e0ndards educatius i es basen en <strong data-start=\"984\" data-end=\"1010\">situacions quotidianes<\/strong> protagonitzades per <strong data-start=\"1031\" data-end=\"1074\">minifigures amb diferents personalitats<\/strong>, que guien l\u2019alumnat en petits reptes i hist\u00f2ries.<\/p>\n<p data-start=\"1127\" data-end=\"1435\">El kit inclou <strong data-start=\"1141\" data-end=\"1170\">peces de construcci\u00f3 LEGO<\/strong>, <strong data-start=\"1172\" data-end=\"1194\">sensors, actuadors<\/strong> i un <strong data-start=\"1200\" data-end=\"1219\">hub programable<\/strong>.<br data-start=\"1220\" data-end=\"1223\" \/>A m\u00e9s, disposa d\u2019un <strong data-start=\"1243\" data-end=\"1285\">entorn de programaci\u00f3 visual per blocs<\/strong>, amb icones i paraules en format vertical (similar a <strong data-start=\"1339\" data-end=\"1350\">Scratch<\/strong>), que facilita la iniciaci\u00f3 a la programaci\u00f3 d\u2019una manera <strong data-start=\"1409\" data-end=\"1434\">intu\u00eftiva i divertida<\/strong>.<\/p>\n<p style=\"text-align: center;\" data-start=\"1127\" data-end=\"1435\"><iframe loading=\"lazy\" title=\"Presentaci\u00f3 Lego Spike Essential\" src=\"\/\/www.youtube.com\/embed\/gbH_mtv1ybM\" width=\"640\" height=\"360\" frameborder=\"0\" allowfullscreen=\"allowfullscreen\"><\/iframe><\/p>\n","protected":false},"excerpt":{"rendered":"<p>El LEGO SPIKE Essential \u00e9s un recurs educatiu que combina la construcci\u00f3 amb peces LEGO amb la programaci\u00f3 digital.Aquesta eina introdueix l\u2019alumnat en l\u2019aprenentatge STEAM (Ci\u00e8ncia, Tecnologia, Enginyeria, Art i Matem\u00e0tiques) a trav\u00e9s de la investigaci\u00f3 pr\u00e0ctica, la creativitat i la resoluci\u00f3 de problemes. Amb el SPIKE Essential, els infants: Desenvolupen la compet\u00e8ncia digital i [&hellip;]<\/p>\n","protected":false},"author":1,"featured_media":0,"parent":0,"menu_order":0,"comment_status":"closed","ping_status":"closed","template":"","meta":{"_bbp_topic_count":0,"_bbp_reply_count":0,"_bbp_total_topic_count":0,"_bbp_total_reply_count":0,"_bbp_voice_count":0,"_bbp_anonymous_reply_count":0,"_bbp_topic_count_hidden":0,"_bbp_reply_count_hidden":0,"_bbp_forum_subforum_count":0,"site-sidebar-layout":"default","site-content-layout":"","ast-site-content-layout":"default","site-content-style":"default","site-sidebar-style":"default","ast-global-header-display":"","ast-banner-title-visibility":"","ast-main-header-display":"","ast-hfb-above-header-display":"","ast-hfb-below-header-display":"","ast-hfb-mobile-header-display":"","site-post-title":"","ast-breadcrumbs-content":"","ast-featured-img":"","footer-sml-layout":"","theme-transparent-header-meta":"default","adv-header-id-meta":"","stick-header-meta":"","header-above-stick-meta":"","header-main-stick-meta":"","header-below-stick-meta":"","astra-migrate-meta-layouts":"set","ast-page-background-enabled":"default","ast-page-background-meta":{"desktop":{"background-color":"var(--ast-global-color-4)","background-image":"","background-repeat":"repeat","background-position":"center center","background-size":"auto","background-attachment":"scroll","background-type":"","background-media":"","overlay-type":"","overlay-color":"","overlay-opacity":"","overlay-gradient":""},"tablet":{"background-color":"","background-image":"","background-repeat":"repeat","background-position":"center center","background-size":"auto","background-attachment":"scroll","background-type":"","background-media":"","overlay-type":"","overlay-color":"","overlay-opacity":"","overlay-gradient":""},"mobile":{"background-color":"","background-image":"","background-repeat":"repeat","background-position":"center center","background-size":"auto","background-attachment":"scroll","background-type":"","background-media":"","overlay-type":"","overlay-color":"","overlay-opacity":"","overlay-gradient":""}},"ast-content-background-meta":{"desktop":{"background-color":"var(--ast-global-color-5)","background-image":"","background-repeat":"repeat","background-position":"center center","background-size":"auto","background-attachment":"scroll","background-type":"","background-media":"","overlay-type":"","overlay-color":"","overlay-opacity":"","overlay-gradient":""},"tablet":{"background-color":"var(--ast-global-color-5)","background-image":"","background-repeat":"repeat","background-position":"center center","background-size":"auto","background-attachment":"scroll","background-type":"","background-media":"","overlay-type":"","overlay-color":"","overlay-opacity":"","overlay-gradient":""},"mobile":{"background-color":"var(--ast-global-color-5)","background-image":"","background-repeat":"repeat","background-position":"center center","background-size":"auto","background-attachment":"scroll","background-type":"","background-media":"","overlay-type":"","overlay-color":"","overlay-opacity":"","overlay-gradient":""}},"footnotes":""},"class_list":["post-2781","page","type-page","status-publish","hentry"],"post_mailing_queue_ids":[],"_links":{"self":[{"href":"https:\/\/agora.xtec.cat\/ielluismillet\/wp-json\/wp\/v2\/pages\/2781","targetHints":{"allow":["GET"]}}],"collection":[{"href":"https:\/\/agora.xtec.cat\/ielluismillet\/wp-json\/wp\/v2\/pages"}],"about":[{"href":"https:\/\/agora.xtec.cat\/ielluismillet\/wp-json\/wp\/v2\/types\/page"}],"author":[{"embeddable":true,"href":"https:\/\/agora.xtec.cat\/ielluismillet\/wp-json\/wp\/v2\/users\/1"}],"replies":[{"embeddable":true,"href":"https:\/\/agora.xtec.cat\/ielluismillet\/wp-json\/wp\/v2\/comments?post=2781"}],"version-history":[{"count":3,"href":"https:\/\/agora.xtec.cat\/ielluismillet\/wp-json\/wp\/v2\/pages\/2781\/revisions"}],"predecessor-version":[{"id":2790,"href":"https:\/\/agora.xtec.cat\/ielluismillet\/wp-json\/wp\/v2\/pages\/2781\/revisions\/2790"}],"wp:attachment":[{"href":"https:\/\/agora.xtec.cat\/ielluismillet\/wp-json\/wp\/v2\/media?parent=2781"}],"curies":[{"name":"wp","href":"https:\/\/api.w.org\/{rel}","templated":true}]}}