{"id":809,"date":"2015-02-23T07:24:38","date_gmt":"2015-02-23T06:24:38","guid":{"rendered":"http:\/\/ampa.ielesvinyes.net\/stage1\/?page_id=809"},"modified":"2026-03-30T11:51:45","modified_gmt":"2026-03-30T09:51:45","slug":"impressos-per-descarregar","status":"publish","type":"page","link":"https:\/\/agora.xtec.cat\/ielesvinyes\/afa-mes-informacio\/impressos-per-descarregar\/","title":{"rendered":"AFA: Impresos per descarregar"},"content":{"rendered":"<ul>\n<li>\n<h5><span style=\"color: #522575;\">Per qu\u00e8 \u00e9s important ser de l&#8217;AFA? \u00a0<\/span><a href=\"https:\/\/agora.xtec.cat\/ielesvinyes\/wp-content\/uploads\/usu1433\/2020\/02\/Per-qu\u00e8-\u00e9s-important-ser-de-l-AFA.pdf\"><span style=\"color: #522575;\"><img loading=\"lazy\" decoding=\"async\" class=\"alignnone wp-image-4668\" src=\"https:\/\/agora.xtec.cat\/ielesvinyes\/wp-content\/uploads\/usu1433\/2019\/12\/pdf.jpg\" alt=\"\" width=\"30\" height=\"33\" \/><\/span><\/a><\/h5>\n<\/li>\n<li>\n<h5><span style=\"color: #522575;\"><span style=\"color: #000080;\"><span style=\"color: #000080;\"><span style=\"color: #522575;\">Fes-te soci:<\/span><\/span><\/span><\/span><\/h5>\n<ul>\n<li>\n<h5><span style=\"color: #522575;\"><span style=\"color: #000080;\"><span style=\"color: #000080;\"><span style=\"color: #522575;\">Full d&#8217;inscripci\u00f3 2025\/26 per ser <\/span><\/span><span style=\"color: #000080;\"><span style=\"color: #522575;\">soci\/s\u00f2cia <a href=\"https:\/\/agora.xtec.cat\/ielesvinyes\/wp-content\/uploads\/usu1433\/2026\/02\/Incripcio-socis-2025.pdf\" target=\"_blank\" rel=\"noopener\"><img loading=\"lazy\" decoding=\"async\" class=\"alignnone wp-image-4668\" src=\"https:\/\/agora.xtec.cat\/ielesvinyes\/wp-content\/uploads\/usu1433\/2019\/12\/pdf.jpg\" alt=\"\" width=\"28\" height=\"31\" \/><\/a><\/span><\/span><\/span><\/span><\/h5>\n<\/li>\n<li>\n<h5><span style=\"color: #522575;\">Presentaci\u00f3 on-line:<\/span> <a style=\"font-size: 1.125em;\" href=\"https:\/\/forms.gle\/WiL94tdcdnc4yVsP7\" target=\"_blank\" rel=\"noopener\">Accedir al formulari<\/a><\/h5>\n<\/li>\n<\/ul>\n<\/li>\n<\/ul>\n<ul>\n<li>\n<h5><span style=\"color: #522575;\">N\u00fameros de compte bancari (IBAN)<\/span><span style=\"color: #522575;\">\u00a0 <\/span><a href=\"https:\/\/agora.xtec.cat\/ielesvinyes\/wp-content\/uploads\/usu1433\/2021\/06\/AFA-pagament.pdf\" target=\"_blank\" rel=\"noopener\"><img loading=\"lazy\" decoding=\"async\" class=\"alignnone wp-image-4668\" src=\"https:\/\/agora.xtec.cat\/ielesvinyes\/wp-content\/uploads\/usu1433\/2019\/12\/pdf.jpg\" alt=\"\" width=\"30\" height=\"33\" \/><\/a><\/h5>\n<\/li>\n<li>\n<h5><span style=\"color: #522575;\">Estatuts <\/span><a href=\"https:\/\/agora.xtec.cat\/ielesvinyes\/wp-content\/uploads\/usu1433\/2024\/02\/ESTATUTS-2018-Modificacio-NOM-AFA.pdf\" target=\"_blank\" rel=\"noopener\"><img loading=\"lazy\" decoding=\"async\" class=\"alignnone wp-image-4668\" src=\"https:\/\/agora.xtec.cat\/ielesvinyes\/wp-content\/uploads\/usu1433\/2019\/12\/pdf.jpg\" alt=\"\" width=\"30\" height=\"33\" \/><\/a><\/h5>\n<\/li>\n<\/ul>\n<h4><span style=\"color: #ff6600;\"><strong>MENJADOR <\/strong><\/span><\/h4>\n<h5 style=\"padding-left: 30px;\"><span style=\"color: #ff6600;\"><strong><span style=\"color: #808000;\">Infantil i Prim\u00e0ria i Secund\u00e0ria (ESO)<\/span><\/strong><\/span><\/h5>\n<p>Us informem que aquest curs, les inscripcions al servei de menjador es faran on line, accediu a:\u00a0<a href=\"https:\/\/menjasa.coop\/\"><strong>http:\/\/menjasa.coop<\/strong>\u00a0<\/a><\/p>\n<p><a style=\"font-family: inherit; font-size: 1em;\" href=\"https:\/\/agora.xtec.cat\/ielesvinyes\/wp-content\/uploads\/usu1433\/2019\/12\/Instruccions-Inscripcions-Les-Vinyes.pdf\"><span style=\"color: #0c97c9;\"><strong><em>Instruccions per fer la inscripci\u00f3 on line al servei de menjador<\/em><\/strong><\/span><\/a><\/p>\n<h5 style=\"padding-left: 30px;\"><span style=\"color: #ff6600;\"><strong><span style=\"color: #808000;\">Secund\u00e0ria (ESO)<\/span><\/strong><\/span><\/h5>\n<p><a style=\"font-family: inherit; font-size: 1em;\" href=\"https:\/\/agora.xtec.cat\/ielesvinyes\/wp-content\/uploads\/usu1433\/2021\/09\/Permis-sortida-menjador-ESO.pdf\" target=\"_blank\" rel=\"noopener\"><span style=\"color: #0c97c9;\"><strong><em>Perm\u00eds per sortir de Les Vinyes durant el temps lliure de menjador<\/em><\/strong><\/span><\/a><\/p>\n<h4><span style=\"color: #ff6600;\"><strong>SERVEI D&#8217;ACOLLIDA <\/strong><\/span><\/h4>\n<h5 style=\"padding-left: 30px;\"><span style=\"color: #ff6600;\"><strong><span style=\"color: #808000;\">Infantil i Prim\u00e0ria<\/span><\/strong><\/span><\/h5>\n<ul>\n<li>\n<h5><span style=\"color: #522575;\">Matins de setembre a juny (de 7.45 a 9.00)\u00a0\u00a0<\/span><\/h5>\n<\/li>\n<li>\n<h5><span style=\"color: #522575;\">Tardes de setembre a juny (fins les 17.45h)\u00a0 <\/span><\/h5>\n<\/li>\n<\/ul>\n<p>Us informem que aquest curs, les inscripcions al servei de\u00a0menjador\u00a0es faran on line, accediu a: <strong><a href=\"https:\/\/menjasa.coop\/\">http:\/\/menjasa.coop\u00a0<\/a><\/strong><\/p>\n<p><a style=\"font-family: inherit; font-size: 1em;\" href=\"https:\/\/agora.xtec.cat\/ielesvinyes\/wp-content\/uploads\/usu1433\/2019\/12\/Instruccions-Inscripcions-Les-Vinyes.pdf\"><span style=\"color: #0c97c9;\"><strong><em>Instruccions per fer la inscripci\u00f3 on line al servei d&#8217;acollida<\/em><\/strong><\/span><\/a><\/p>\n<h4><span style=\"color: #ff6600;\"><strong>EXTRAESCOLARS<\/strong><\/span><\/h4>\n<p>Trobareu tota la informaci\u00f3 d&#8217;oferta d&#8217;extraescolars a l&#8217;apartat <strong>SERVEIS \/ Extraescolars<\/strong>, o clicant el seg\u00fcent enlla\u00e7:<\/p>\n<p><strong><a href=\"https:\/\/agora.xtec.cat\/ielesvinyes\/afa-les-vinyes\/serveis-afa\/extraescolars\/\">https:\/\/agora.xtec.cat\/ielesvinyes\/afa-les-vinyes\/serveis-afa\/extraescolars\/<\/a><\/strong><\/p>\n<p>Per formalitzar la inscripci\u00f3 caldr\u00e0 omplir el formulari que trobareu a la mateix enlla\u00e7.<\/p>\n<h4><span style=\"color: #ff6600;\"><strong>L&#8217;ANYADA<\/strong><\/span><\/h4>\n<p>Butllet\u00ed informatiu anual de l\u2019AFA IE Les Vinyes.<\/p>\n<ul>\n<li><strong>5a edici\u00f3 (curs 2025-26)<\/strong> \u00a0<a style=\"font-size: 1.125em; font-weight: bold;\" href=\"https:\/\/agora.xtec.cat\/ielesvinyes\/wp-content\/uploads\/usu1433\/2026\/03\/Anyada-5a-curs-2025-2026-1.pdf\" target=\"_blank\" rel=\"noopener\"><span style=\"color: #522575;\"><img loading=\"lazy\" decoding=\"async\" class=\"alignnone wp-image-4668\" src=\"https:\/\/agora.xtec.cat\/ielesvinyes\/wp-content\/uploads\/usu1433\/2019\/12\/pdf.jpg\" alt=\"\" width=\"30\" height=\"33\" \/><\/span><\/a><\/li>\n<li><strong>4a edici\u00f3 (curs 2024-25)<\/strong> \u00a0<a style=\"font-size: 1.125em; font-weight: bold;\" href=\"https:\/\/agora.xtec.cat\/ielesvinyes\/wp-content\/uploads\/usu1433\/2025\/03\/Anyada-curs-2023-2024.pdf\" target=\"_blank\" rel=\"noopener\"><span style=\"color: #522575;\"><img loading=\"lazy\" decoding=\"async\" class=\"alignnone wp-image-4668\" src=\"https:\/\/agora.xtec.cat\/ielesvinyes\/wp-content\/uploads\/usu1433\/2019\/12\/pdf.jpg\" alt=\"\" width=\"30\" height=\"33\" \/><\/span><\/a><\/li>\n<li><strong>3a edici\u00f3 (curs 2023-24)<\/strong> \u00a0<a style=\"font-size: 1.125em; font-weight: bold;\" href=\"https:\/\/agora.xtec.cat\/ielesvinyes\/wp-content\/uploads\/usu1433\/2024\/02\/Anyada-22-23.pdf\" target=\"_blank\" rel=\"noopener\"><span style=\"color: #522575;\"><img loading=\"lazy\" decoding=\"async\" class=\"alignnone wp-image-4668\" src=\"https:\/\/agora.xtec.cat\/ielesvinyes\/wp-content\/uploads\/usu1433\/2019\/12\/pdf.jpg\" alt=\"\" width=\"30\" height=\"33\" \/><\/span><\/a><\/li>\n<\/ul>\n","protected":false},"excerpt":{"rendered":"<p>Per qu\u00e8 \u00e9s important ser de l&#8217;AFA? \u00a0 Fes-te soci: Full d&#8217;inscripci\u00f3 2025\/26 per ser soci\/s\u00f2cia Presentaci\u00f3 on-line: Accedir al formulari N\u00fameros de compte bancari (IBAN)\u00a0 Estatuts MENJADOR Infantil i Prim\u00e0ria i Secund\u00e0ria (ESO) Us informem que aquest curs, les inscripcions al servei de menjador es faran on line, accediu a:\u00a0http:\/\/menjasa.coop\u00a0 Instruccions per fer la [&hellip;]<\/p>\n","protected":false},"author":52,"featured_media":0,"parent":5246,"menu_order":1,"comment_status":"open","ping_status":"closed","template":"","meta":{"_bbp_topic_count":0,"_bbp_reply_count":0,"_bbp_total_topic_count":0,"_bbp_total_reply_count":0,"_bbp_voice_count":0,"_bbp_anonymous_reply_count":0,"_bbp_topic_count_hidden":0,"_bbp_reply_count_hidden":0,"_bbp_forum_subforum_count":0,"site-sidebar-layout":"default","site-content-layout":"","ast-site-content-layout":"default","site-content-style":"default","site-sidebar-style":"default","ast-global-header-display":"","ast-banner-title-visibility":"","ast-main-header-display":"","ast-hfb-above-header-display":"","ast-hfb-below-header-display":"","ast-hfb-mobile-header-display":"","site-post-title":"","ast-breadcrumbs-content":"","ast-featured-img":"","footer-sml-layout":"","theme-transparent-header-meta":"","adv-header-id-meta":"","stick-header-meta":"","header-above-stick-meta":"","header-main-stick-meta":"","header-below-stick-meta":"","astra-migrate-meta-layouts":"set","ast-page-background-enabled":"default","ast-page-background-meta":{"desktop":{"background-color":"var(--ast-global-color-4)","background-image":"","background-repeat":"repeat","background-position":"center center","background-size":"auto","background-attachment":"scroll","background-type":"","background-media":"","overlay-type":"","overlay-color":"","overlay-opacity":"","overlay-gradient":""},"tablet":{"background-color":"","background-image":"","background-repeat":"repeat","background-position":"center center","background-size":"auto","background-attachment":"scroll","background-type":"","background-media":"","overlay-type":"","overlay-color":"","overlay-opacity":"","overlay-gradient":""},"mobile":{"background-color":"","background-image":"","background-repeat":"repeat","background-position":"center center","background-size":"auto","background-attachment":"scroll","background-type":"","background-media":"","overlay-type":"","overlay-color":"","overlay-opacity":"","overlay-gradient":""}},"ast-content-background-meta":{"desktop":{"background-color":"var(--ast-global-color-5)","background-image":"","background-repeat":"repeat","background-position":"center center","background-size":"auto","background-attachment":"scroll","background-type":"","background-media":"","overlay-type":"","overlay-color":"","overlay-opacity":"","overlay-gradient":""},"tablet":{"background-color":"var(--ast-global-color-5)","background-image":"","background-repeat":"repeat","background-position":"center center","background-size":"auto","background-attachment":"scroll","background-type":"","background-media":"","overlay-type":"","overlay-color":"","overlay-opacity":"","overlay-gradient":""},"mobile":{"background-color":"var(--ast-global-color-5)","background-image":"","background-repeat":"repeat","background-position":"center center","background-size":"auto","background-attachment":"scroll","background-type":"","background-media":"","overlay-type":"","overlay-color":"","overlay-opacity":"","overlay-gradient":""}},"footnotes":""},"class_list":["post-809","page","type-page","status-publish","hentry"],"post_mailing_queue_ids":[],"_links":{"self":[{"href":"https:\/\/agora.xtec.cat\/ielesvinyes\/wp-json\/wp\/v2\/pages\/809","targetHints":{"allow":["GET"]}}],"collection":[{"href":"https:\/\/agora.xtec.cat\/ielesvinyes\/wp-json\/wp\/v2\/pages"}],"about":[{"href":"https:\/\/agora.xtec.cat\/ielesvinyes\/wp-json\/wp\/v2\/types\/page"}],"author":[{"embeddable":true,"href":"https:\/\/agora.xtec.cat\/ielesvinyes\/wp-json\/wp\/v2\/users\/52"}],"replies":[{"embeddable":true,"href":"https:\/\/agora.xtec.cat\/ielesvinyes\/wp-json\/wp\/v2\/comments?post=809"}],"version-history":[{"count":6,"href":"https:\/\/agora.xtec.cat\/ielesvinyes\/wp-json\/wp\/v2\/pages\/809\/revisions"}],"predecessor-version":[{"id":8576,"href":"https:\/\/agora.xtec.cat\/ielesvinyes\/wp-json\/wp\/v2\/pages\/809\/revisions\/8576"}],"up":[{"embeddable":true,"href":"https:\/\/agora.xtec.cat\/ielesvinyes\/wp-json\/wp\/v2\/pages\/5246"}],"wp:attachment":[{"href":"https:\/\/agora.xtec.cat\/ielesvinyes\/wp-json\/wp\/v2\/media?parent=809"}],"curies":[{"name":"wp","href":"https:\/\/api.w.org\/{rel}","templated":true}]}}

<ul>
<li>
<h5><span style="color: #522575;">Per què és important ser de l&#8217;AFA?  </span><a href="https://agora.xtec.cat/ielesvinyes/wp-content/uploads/usu1433/2020/02/Per-què-és-important-ser-de-l-AFA.pdf"><span style="color: #522575;"><img loading="lazy" decoding="async" class="alignnone wp-image-4668" src="https://agora.xtec.cat/ielesvinyes/wp-content/uploads/usu1433/2019/12/pdf.jpg" alt="" width="30" height="33" /></span></a></h5>
</li>
<li>
<h5><span style="color: #522575;"><span style="color: #000080;"><span style="color: #000080;"><span style="color: #522575;">Fes-te soci:</span></span></span></span></h5>
<ul>
<li>
<h5><span style="color: #522575;"><span style="color: #000080;"><span style="color: #000080;"><span style="color: #522575;">Full d&#8217;inscripció 2025/26 per ser </span></span><span style="color: #000080;"><span style="color: #522575;">soci/sòcia <a href="https://agora.xtec.cat/ielesvinyes/wp-content/uploads/usu1433/2026/02/Incripcio-socis-2025.pdf" target="_blank" rel="noopener"><img loading="lazy" decoding="async" class="alignnone wp-image-4668" src="https://agora.xtec.cat/ielesvinyes/wp-content/uploads/usu1433/2019/12/pdf.jpg" alt="" width="28" height="31" /></a></span></span></span></span></h5>
</li>
<li>
<h5><span style="color: #522575;">Presentació on-line:</span> <a style="font-size: 1.125em;" href="https://forms.gle/WiL94tdcdnc4yVsP7" target="_blank" rel="noopener">Accedir al formulari</a></h5>
</li>
</ul>
</li>
</ul>
<ul>
<li>
<h5><span style="color: #522575;">Números de compte bancari (IBAN)</span><span style="color: #522575;">  </span><a href="https://agora.xtec.cat/ielesvinyes/wp-content/uploads/usu1433/2021/06/AFA-pagament.pdf" target="_blank" rel="noopener"><img loading="lazy" decoding="async" class="alignnone wp-image-4668" src="https://agora.xtec.cat/ielesvinyes/wp-content/uploads/usu1433/2019/12/pdf.jpg" alt="" width="30" height="33" /></a></h5>
</li>
<li>
<h5><span style="color: #522575;">Estatuts </span><a href="https://agora.xtec.cat/ielesvinyes/wp-content/uploads/usu1433/2024/02/ESTATUTS-2018-Modificacio-NOM-AFA.pdf" target="_blank" rel="noopener"><img loading="lazy" decoding="async" class="alignnone wp-image-4668" src="https://agora.xtec.cat/ielesvinyes/wp-content/uploads/usu1433/2019/12/pdf.jpg" alt="" width="30" height="33" /></a></h5>
</li>
</ul>
<h4><span style="color: #ff6600;"><strong>MENJADOR </strong></span></h4>
<h5 style="padding-left: 30px;"><span style="color: #ff6600;"><strong><span style="color: #808000;">Infantil i Primària i Secundària (ESO)</span></strong></span></h5>
<p>Us informem que aquest curs, les inscripcions al servei de menjador es faran on line, accediu a: <a href="https://menjasa.coop/"><strong>http://menjasa.coop</strong> </a></p>
<p><a style="font-family: inherit; font-size: 1em;" href="https://agora.xtec.cat/ielesvinyes/wp-content/uploads/usu1433/2019/12/Instruccions-Inscripcions-Les-Vinyes.pdf"><span style="color: #0c97c9;"><strong><em>Instruccions per fer la inscripció on line al servei de menjador</em></strong></span></a></p>
<h5 style="padding-left: 30px;"><span style="color: #ff6600;"><strong><span style="color: #808000;">Secundària (ESO)</span></strong></span></h5>
<p><a style="font-family: inherit; font-size: 1em;" href="https://agora.xtec.cat/ielesvinyes/wp-content/uploads/usu1433/2021/09/Permis-sortida-menjador-ESO.pdf" target="_blank" rel="noopener"><span style="color: #0c97c9;"><strong><em>Permís per sortir de Les Vinyes durant el temps lliure de menjador</em></strong></span></a></p>
<h4><span style="color: #ff6600;"><strong>SERVEI D&#8217;ACOLLIDA </strong></span></h4>
<h5 style="padding-left: 30px;"><span style="color: #ff6600;"><strong><span style="color: #808000;">Infantil i Primària</span></strong></span></h5>
<ul>
<li>
<h5><span style="color: #522575;">Matins de setembre a juny (de 7.45 a 9.00)  </span></h5>
</li>
<li>
<h5><span style="color: #522575;">Tardes de setembre a juny (fins les 17.45h)  </span></h5>
</li>
</ul>
<p>Us informem que aquest curs, les inscripcions al servei de menjador es faran on line, accediu a: <strong><a href="https://menjasa.coop/">http://menjasa.coop </a></strong></p>
<p><a style="font-family: inherit; font-size: 1em;" href="https://agora.xtec.cat/ielesvinyes/wp-content/uploads/usu1433/2019/12/Instruccions-Inscripcions-Les-Vinyes.pdf"><span style="color: #0c97c9;"><strong><em>Instruccions per fer la inscripció on line al servei d&#8217;acollida</em></strong></span></a></p>
<h4><span style="color: #ff6600;"><strong>EXTRAESCOLARS</strong></span></h4>
<p>Trobareu tota la informació d&#8217;oferta d&#8217;extraescolars a l&#8217;apartat <strong>SERVEIS / Extraescolars</strong>, o clicant el següent enllaç:</p>
<p><strong><a href="https://agora.xtec.cat/ielesvinyes/afa-les-vinyes/serveis-afa/extraescolars/">https://agora.xtec.cat/ielesvinyes/afa-les-vinyes/serveis-afa/extraescolars/</a></strong></p>
<p>Per formalitzar la inscripció caldrà omplir el formulari que trobareu a la mateix enllaç.</p>
<h4><span style="color: #ff6600;"><strong>L&#8217;ANYADA</strong></span></h4>
<p>Butlletí informatiu anual de l’AFA IE Les Vinyes.</p>
<ul>
<li><strong>5a edició (curs 2025-26)</strong>  <a style="font-size: 1.125em; font-weight: bold;" href="https://agora.xtec.cat/ielesvinyes/wp-content/uploads/usu1433/2026/03/Anyada-5a-curs-2025-2026-1.pdf" target="_blank" rel="noopener"><span style="color: #522575;"><img loading="lazy" decoding="async" class="alignnone wp-image-4668" src="https://agora.xtec.cat/ielesvinyes/wp-content/uploads/usu1433/2019/12/pdf.jpg" alt="" width="30" height="33" /></span></a></li>
<li><strong>4a edició (curs 2024-25)</strong>  <a style="font-size: 1.125em; font-weight: bold;" href="https://agora.xtec.cat/ielesvinyes/wp-content/uploads/usu1433/2025/03/Anyada-curs-2023-2024.pdf" target="_blank" rel="noopener"><span style="color: #522575;"><img loading="lazy" decoding="async" class="alignnone wp-image-4668" src="https://agora.xtec.cat/ielesvinyes/wp-content/uploads/usu1433/2019/12/pdf.jpg" alt="" width="30" height="33" /></span></a></li>
<li><strong>3a edició (curs 2023-24)</strong>  <a style="font-size: 1.125em; font-weight: bold;" href="https://agora.xtec.cat/ielesvinyes/wp-content/uploads/usu1433/2024/02/Anyada-22-23.pdf" target="_blank" rel="noopener"><span style="color: #522575;"><img loading="lazy" decoding="async" class="alignnone wp-image-4668" src="https://agora.xtec.cat/ielesvinyes/wp-content/uploads/usu1433/2019/12/pdf.jpg" alt="" width="30" height="33" /></span></a></li>
</ul>

<p>Per què és important ser de l&#8217;AFA?   Fes-te soci: Full d&#8217;inscripció 2025/26 per ser soci/sòcia Presentació on-line: Accedir al formulari Números de compte bancari (IBAN)  Estatuts MENJADOR Infantil i Primària i Secundària (ESO) Us informem que aquest curs, les inscripcions al servei de menjador es faran on line, accediu a: http://menjasa.coop  Instruccions per fer la [&hellip;]</p>
