{"id":5892,"date":"2020-02-07T17:37:16","date_gmt":"2020-02-07T16:37:16","guid":{"rendered":"http:\/\/agora.xtec.cat\/ielesvinyes\/?page_id=5892"},"modified":"2020-02-16T08:45:48","modified_gmt":"2020-02-16T07:45:48","slug":"propostes-que-ens-fa-el-centre","status":"publish","type":"page","link":"https:\/\/agora.xtec.cat\/ielesvinyes\/afa-mes-informacio\/experiencies-en-familia\/propostes-que-ens-fa-el-centre\/","title":{"rendered":"AFA: Experi\u00e8ncies en fam\u00edlia -> Propostes que ens fa el Centre"},"content":{"rendered":"<h4><\/h4>\n<p>&nbsp;<\/p>\n<div>\n<div>\n<h4><span style=\"color: #9900ff;\"><b>RECOMANACIONS 2020:<\/b><\/span><\/h4>\n<p>&nbsp;<\/p>\n<\/div>\n<\/div>\n<ul style=\"list-style-type: disc;\">\n<li><span style=\"color: #9900ff;\"><b><span style=\"color: #ff6600;\"><strong>LA M\u00c0GIA DEL BOSC A GALLECS<\/strong><\/span>\u00a0<\/b><\/span>\u00a0<a href=\"https:\/\/greenemotions.es\/producte\/la-magia-del-bosc\" target=\"_blank\" rel=\"noopener noreferrer\"><img loading=\"lazy\" decoding=\"async\" class=\"alignnone wp-image-5552\" src=\"https:\/\/agora.xtec.cat\/ielesvinyes\/wp-content\/uploads\/usu1433\/2020\/02\/anar-a.png\" alt=\"\" width=\"24\" height=\"24\" srcset=\"https:\/\/agora.xtec.cat\/ielesvinyes\/wp-content\/uploads\/usu1433\/2020\/02\/anar-a.png 512w, https:\/\/agora.xtec.cat\/ielesvinyes\/wp-content\/uploads\/usu1433\/2020\/02\/anar-a-150x150.png 150w, https:\/\/agora.xtec.cat\/ielesvinyes\/wp-content\/uploads\/usu1433\/2020\/02\/anar-a-300x300.png 300w\" sizes=\"auto, (max-width: 24px) 100vw, 24px\" \/><\/a><\/li>\n<\/ul>\n<p>Experimentarem la m\u00e0gia del bosc de nit, escoltarem antics contes de follets i viurem tota mena de sorpreses. Si creiem en la m\u00e0gia potser, fins i tot, podem veure algun \u00e9sser fant\u00e0stic amagat darrera un arbre. Ens ajudes a buscar-lo?<\/p>\n<ul style=\"list-style-type: disc;\">\n<li><span style=\"color: #9900ff;\"><b><span style=\"color: #ff6600;\"><strong>MICOS, UNA HIST\u00d2RIA DE PRIMATS<\/strong><\/span>\u00a0<\/b><\/span>\u00a0<a href=\"https:\/\/guia.barcelona.cat\/ca\/detall\/ldquomicos-una-historia-de-primatsrdquo_99400640811.html\" target=\"_blank\" rel=\"noopener noreferrer\"><img loading=\"lazy\" decoding=\"async\" class=\"alignnone wp-image-5552\" src=\"https:\/\/agora.xtec.cat\/ielesvinyes\/wp-content\/uploads\/usu1433\/2020\/02\/anar-a.png\" alt=\"\" width=\"24\" height=\"24\" srcset=\"https:\/\/agora.xtec.cat\/ielesvinyes\/wp-content\/uploads\/usu1433\/2020\/02\/anar-a.png 512w, https:\/\/agora.xtec.cat\/ielesvinyes\/wp-content\/uploads\/usu1433\/2020\/02\/anar-a-150x150.png 150w, https:\/\/agora.xtec.cat\/ielesvinyes\/wp-content\/uploads\/usu1433\/2020\/02\/anar-a-300x300.png 300w\" sizes=\"auto, (max-width: 24px) 100vw, 24px\" \/><\/a><\/li>\n<\/ul>\n<p>Descobriu com mengen, com es mouen, com es comuniquen i com sobreviuen els primats.<\/p>\n<div><\/div>\n<ul>\n<li><span style=\"color: #9900ff;\"><b><strong style=\"color: #0c97c9; text-align: center;\"><span style=\"color: #ff6600;\"><strong>VISITA AL MUSEU BOT\u00c0NIC<\/strong><\/span><\/strong><\/b><\/span>\u00a0\u00a0<a href=\"https:\/\/museuciencies.cat\/el-nat\/les-seus\/jardi-botanic-de-barcelona\/informacio-practica\/amb-nens\/\" target=\"_blank\" rel=\"noopener noreferrer\"><img loading=\"lazy\" decoding=\"async\" class=\"alignnone wp-image-5552\" src=\"https:\/\/agora.xtec.cat\/ielesvinyes\/wp-content\/uploads\/usu1433\/2020\/02\/anar-a.png\" alt=\"\" width=\"24\" height=\"24\" srcset=\"https:\/\/agora.xtec.cat\/ielesvinyes\/wp-content\/uploads\/usu1433\/2020\/02\/anar-a.png 512w, https:\/\/agora.xtec.cat\/ielesvinyes\/wp-content\/uploads\/usu1433\/2020\/02\/anar-a-150x150.png 150w, https:\/\/agora.xtec.cat\/ielesvinyes\/wp-content\/uploads\/usu1433\/2020\/02\/anar-a-300x300.png 300w\" sizes=\"auto, (max-width: 24px) 100vw, 24px\" \/><\/a><\/li>\n<\/ul>\n<p>Al Jard\u00ed Bot\u00e0nic trobareu activitats pensades per a infants.\u00a0S\u2019organitzen \u00a0jocs i exercicis\u00a0 basats en l&#8217;observaci\u00f3 i la manipulaci\u00f3 d\u2019exemplars de les col\u00b7leccions del Museu i de les esp\u00e8cies vegetals del Jard\u00ed amb l\u2019objectiu d\u2019aprendre de forma divertida alguns aspectes de les ci\u00e8ncies naturals.<\/p>\n<div><\/div>\n<div>\n<ul>\n<li><span style=\"color: #0000ff;\"><span style=\"color: #9900ff;\"><b><strong style=\"color: #808000;\"><strong style=\"color: #0c97c9; text-align: center;\"><span style=\"color: #ff6600;\"><strong>VISITA AL REMOLAR &#8211; FILIPINES<\/strong><\/span><\/strong><\/strong><\/b><\/span><\/span>\u00a0\u00a0<a href=\"http:\/\/www.deltallobregat.cat\/presentacio2_1\/_5G1ICS7tAW58g3CiM-G8ywpth_RX9CcB9gIIhkCmc1q0fkw5g4OcYA\" target=\"_blank\" rel=\"noopener noreferrer\"><img loading=\"lazy\" decoding=\"async\" class=\"alignnone wp-image-5552\" src=\"https:\/\/agora.xtec.cat\/ielesvinyes\/wp-content\/uploads\/usu1433\/2020\/02\/anar-a.png\" alt=\"\" width=\"24\" height=\"24\" srcset=\"https:\/\/agora.xtec.cat\/ielesvinyes\/wp-content\/uploads\/usu1433\/2020\/02\/anar-a.png 512w, https:\/\/agora.xtec.cat\/ielesvinyes\/wp-content\/uploads\/usu1433\/2020\/02\/anar-a-150x150.png 150w, https:\/\/agora.xtec.cat\/ielesvinyes\/wp-content\/uploads\/usu1433\/2020\/02\/anar-a-300x300.png 300w\" sizes=\"auto, (max-width: 24px) 100vw, 24px\" \/><\/a><\/li>\n<\/ul>\n<p>Podeu visitar els espais naturals del delta del Llobregat. Itineraris que agraden a grans i petits.<\/p>\n<ul>\n<li><b style=\"color: #9900ff;\"><span style=\"color: #9900ff;\"><b><span style=\"color: #ff6600;\"><strong>COSMOCAIXA: Sala Univers, nova exposici\u00f3 permanent<\/strong><\/span><\/b><\/span> \u00a0<a href=\"https:\/\/cosmocaixa.es\/ca\/p\/sala-univers_a455343\" target=\"_blank\" rel=\"noopener noreferrer\"><img loading=\"lazy\" decoding=\"async\" class=\"alignnone wp-image-5552\" src=\"https:\/\/agora.xtec.cat\/ielesvinyes\/wp-content\/uploads\/usu1433\/2020\/02\/anar-a.png\" alt=\"\" width=\"24\" height=\"24\" srcset=\"https:\/\/agora.xtec.cat\/ielesvinyes\/wp-content\/uploads\/usu1433\/2020\/02\/anar-a.png 512w, https:\/\/agora.xtec.cat\/ielesvinyes\/wp-content\/uploads\/usu1433\/2020\/02\/anar-a-150x150.png 150w, https:\/\/agora.xtec.cat\/ielesvinyes\/wp-content\/uploads\/usu1433\/2020\/02\/anar-a-300x300.png 300w\" sizes=\"auto, (max-width: 24px) 100vw, 24px\" \/><\/a><\/b><\/li>\n<\/ul>\n<p>Descobreix el cosmos i la seva evoluci\u00f3 des del big-bang fins ara<\/p>\n<\/div>\n<h4><\/h4>\n<p>&nbsp;<\/p>\n<div>\n<h4><span style=\"color: #9900ff;\"><b>RECOMANACIONS 2019:<\/b><\/span><\/h4>\n<p>&nbsp;<\/p>\n<\/div>\n<div dir=\"auto\"><\/div>\n<div dir=\"auto\">\n<ul>\n<li><b style=\"color: #9900ff;\"><span style=\"color: #9900ff;\"><b><strong style=\"color: #0c97c9; text-align: center;\"><span style=\"color: #ff6600;\"><strong>MNACTEC: EXPLORA 0-6 <\/strong><\/span><\/strong><\/b><\/span><\/b><em><span style=\"color: #9900ff;\"><span style=\"color: #ff6600;\">(Museu de la Ci\u00e8ncies i de la T\u00e8cnica de Catalunya)<\/span><\/span><\/em><b style=\"color: #9900ff;\"> \u00a0<a href=\"https:\/\/mnactec.cat\/ca\/activitat-detall\/explora-0-6\" target=\"_blank\" rel=\"noopener noreferrer\"><img loading=\"lazy\" decoding=\"async\" class=\"alignnone wp-image-5552\" src=\"https:\/\/agora.xtec.cat\/ielesvinyes\/wp-content\/uploads\/usu1433\/2020\/02\/anar-a.png\" alt=\"\" width=\"24\" height=\"24\" srcset=\"https:\/\/agora.xtec.cat\/ielesvinyes\/wp-content\/uploads\/usu1433\/2020\/02\/anar-a.png 512w, https:\/\/agora.xtec.cat\/ielesvinyes\/wp-content\/uploads\/usu1433\/2020\/02\/anar-a-150x150.png 150w, https:\/\/agora.xtec.cat\/ielesvinyes\/wp-content\/uploads\/usu1433\/2020\/02\/anar-a-300x300.png 300w\" sizes=\"auto, (max-width: 24px) 100vw, 24px\" \/><\/a><\/b><\/li>\n<\/ul>\n<p>&#8220;Explora 0-6&#8221; \u00e9s un espai espec\u00edfic dedicat als infants de 0 a 6 anys, en qu\u00e8 els m\u00e9s petits de casa jugaran amb diversos materials i aparells per experimentar en els \u00e0mbits cient\u00edfic i t\u00e8cnic. Aquest espai del MNACTEC es proposa despertar la curiositat dels infants d\u2019una manera propera i engrescadora per contribuir al seu aprenentatge.<\/p>\n<p>&#8220;Explora 0-6&#8221; \u00e9s una sala di\u00e0fana en qu\u00e8 els nens i les nenes, acompanyats d\u2019un adult, podran participar i explorar lliurement a trav\u00e9s de diverses propostes.<\/p>\n<\/div>\n<ul>\n<li><span style=\"color: #000000;\"><b style=\"color: #9900ff;\"><span style=\"color: #9900ff;\"><b><strong style=\"color: #0c97c9; text-align: center;\"><span style=\"color: #ff6600;\"><strong>MNACTEC: DESCOBRIM LES M\u00c0QUINES DE LEONARDO<\/strong><\/span><\/strong><\/b><\/span><\/b> <span style=\"color: #9900ff;\"><span style=\"color: #ff6600;\"><em>(Museu de la Ci\u00e8ncies i de la T\u00e8cnica de Catalunya)<\/em><\/span><\/span> <b style=\"color: #9900ff;\"><a href=\"https:\/\/mnactec.cat\/ca\/activitat-detall\/tecnologia-i-innovacio-descobrim-les-maquines-de-leonardo\" target=\"_blank\" rel=\"noopener noreferrer\"><img loading=\"lazy\" decoding=\"async\" class=\"alignnone wp-image-5552\" src=\"https:\/\/agora.xtec.cat\/ielesvinyes\/wp-content\/uploads\/usu1433\/2020\/02\/anar-a.png\" alt=\"\" width=\"24\" height=\"24\" srcset=\"https:\/\/agora.xtec.cat\/ielesvinyes\/wp-content\/uploads\/usu1433\/2020\/02\/anar-a.png 512w, https:\/\/agora.xtec.cat\/ielesvinyes\/wp-content\/uploads\/usu1433\/2020\/02\/anar-a-150x150.png 150w, https:\/\/agora.xtec.cat\/ielesvinyes\/wp-content\/uploads\/usu1433\/2020\/02\/anar-a-300x300.png 300w\" sizes=\"auto, (max-width: 24px) 100vw, 24px\" \/><\/a><\/b><\/span><\/li>\n<\/ul>\n<p>Taller familiar per con\u00e8ixer alguns dels invents dissenyats pel geni itali\u00e0 Leonardo da Vinci. En aquesta activitat descobrirem el funcionament i els mecanismes d&#8217;algunes de les m\u00e0quines de Leonardo i construirem una catapulta\u00a0amb materials molt senzills. Per a nens i nenes de 5 a 8 anys. Reserves a trav\u00e9s del web.<\/p>\n<ul>\n<li><span style=\"color: #000000;\"><b style=\"color: #9900ff;\"><span style=\"color: #9900ff;\"><b><strong style=\"color: #0c97c9; text-align: center;\"><span style=\"color: #ff6600;\"><strong>MNACTEC: UN PASSEIG PER LA F\u00c0BRICA\u00a0 <a href=\"https:\/\/mnactec.cat\/ca\/activitat-detall\/jep-visita-teatralitzada-1909-un-passeig-per-la-fabrica\" target=\"_blank\" rel=\"noopener noreferrer\"><img loading=\"lazy\" decoding=\"async\" class=\"alignnone wp-image-5552\" src=\"https:\/\/agora.xtec.cat\/ielesvinyes\/wp-content\/uploads\/usu1433\/2020\/02\/anar-a.png\" alt=\"\" width=\"24\" height=\"24\" srcset=\"https:\/\/agora.xtec.cat\/ielesvinyes\/wp-content\/uploads\/usu1433\/2020\/02\/anar-a.png 512w, https:\/\/agora.xtec.cat\/ielesvinyes\/wp-content\/uploads\/usu1433\/2020\/02\/anar-a-150x150.png 150w, https:\/\/agora.xtec.cat\/ielesvinyes\/wp-content\/uploads\/usu1433\/2020\/02\/anar-a-300x300.png 300w\" sizes=\"auto, (max-width: 24px) 100vw, 24px\" \/><\/a><\/strong><\/span><\/strong><\/b><\/span><\/b><\/span><\/li>\n<\/ul>\n<p>Els visitants podran descobrir, d&#8217;una manera divertida i a trav\u00e9s de personatges que formaven part de l&#8217;entorn industrial, com funcionava una f\u00e0brica t\u00e8xtil en aquella \u00e8poca i el proc\u00e9s de producci\u00f3 de la llana. <em>(<\/em><em><span style=\"font-family: inherit; font-size: 1em;\">Activitat recomanada a partir de 7 anys. Els infants hauran d\u2019anar acompanyats d\u2019un adult durant l\u2019activitat)<\/span><\/em><\/p>\n<ul style=\"font-size: 16px; font-family: 'Helvetica Neue', Helvetica, Helvetica, Arial, sans-serif;\">\n<li><span style=\"color: #000000;\"><b style=\"color: #9900ff;\"><b><strong style=\"color: #0c97c9; text-align: center;\"><span style=\"color: #ff6600;\"><strong>ALLEGRO VIVACE: \u00d2pera de 8 a 12 anys \u00a0<\/strong><\/span><\/strong><\/b><\/b><b style=\"color: #9900ff;\"><a href=\"https:\/\/tasantcugat.koobin.cat\/allegrovivace19\" target=\"_blank\" rel=\"noopener noreferrer\"><img loading=\"lazy\" decoding=\"async\" class=\"alignnone wp-image-5552\" src=\"https:\/\/agora.xtec.cat\/ielesvinyes\/wp-content\/uploads\/usu1433\/2020\/02\/anar-a.png\" alt=\"\" width=\"24\" height=\"24\" srcset=\"https:\/\/agora.xtec.cat\/ielesvinyes\/wp-content\/uploads\/usu1433\/2020\/02\/anar-a.png 512w, https:\/\/agora.xtec.cat\/ielesvinyes\/wp-content\/uploads\/usu1433\/2020\/02\/anar-a-150x150.png 150w, https:\/\/agora.xtec.cat\/ielesvinyes\/wp-content\/uploads\/usu1433\/2020\/02\/anar-a-300x300.png 300w\" sizes=\"auto, (max-width: 24px) 100vw, 24px\" \/><\/a><\/b><\/span><\/li>\n<\/ul>\n<p style=\"font-family: 'Helvetica Neue', Helvetica, Helvetica, Arial, sans-serif; font-size: 16px;\">Un espectacle divertit per apropar als nens i nenes al m\u00f3n de l\u2019\u00f2pera.<\/p>\n<ul>\n<li dir=\"auto\"><span style=\"color: #000000;\"><b style=\"color: #9900ff;\"><b><strong style=\"color: #0c97c9; text-align: center;\"><span style=\"color: #ff6600;\"><strong>TOBOGANS GEGANTS\u00a0 <\/strong><\/span><\/strong><\/b><\/b><\/span><span style=\"color: #000000;\"><b style=\"color: #9900ff;\"><a href=\"https:\/\/www.sortirambnens.com\/activitats\/bloc\/tobogans-gegants-a-barcelona-al-valles-i-a-catalunya\/\" target=\"_blank\" rel=\"noopener noreferrer\"><img loading=\"lazy\" decoding=\"async\" class=\"alignnone wp-image-5552\" src=\"https:\/\/agora.xtec.cat\/ielesvinyes\/wp-content\/uploads\/usu1433\/2020\/02\/anar-a.png\" alt=\"\" width=\"24\" height=\"24\" srcset=\"https:\/\/agora.xtec.cat\/ielesvinyes\/wp-content\/uploads\/usu1433\/2020\/02\/anar-a.png 512w, https:\/\/agora.xtec.cat\/ielesvinyes\/wp-content\/uploads\/usu1433\/2020\/02\/anar-a-150x150.png 150w, https:\/\/agora.xtec.cat\/ielesvinyes\/wp-content\/uploads\/usu1433\/2020\/02\/anar-a-300x300.png 300w\" sizes=\"auto, (max-width: 24px) 100vw, 24px\" \/><\/a><\/b><\/span><\/li>\n<\/ul>\n<p>Es tracta d\u2019una sortida a l\u2019aire lliure, econ\u00f2mica, divertida i que a m\u00e9s es pot complementar amb altres activitats familiars.<\/p>\n","protected":false},"excerpt":{"rendered":"<p>&nbsp; RECOMANACIONS 2020: &nbsp; LA M\u00c0GIA DEL BOSC A GALLECS\u00a0\u00a0 Experimentarem la m\u00e0gia del bosc de nit, escoltarem antics contes de follets i viurem tota mena de sorpreses. Si creiem en la m\u00e0gia potser, fins i tot, podem veure algun \u00e9sser fant\u00e0stic amagat darrera un arbre. Ens ajudes a buscar-lo? MICOS, UNA HIST\u00d2RIA DE PRIMATS\u00a0\u00a0 [&hellip;]<\/p>\n","protected":false},"author":52,"featured_media":0,"parent":2026,"menu_order":0,"comment_status":"closed","ping_status":"closed","template":"","meta":{"_bbp_topic_count":0,"_bbp_reply_count":0,"_bbp_total_topic_count":0,"_bbp_total_reply_count":0,"_bbp_voice_count":0,"_bbp_anonymous_reply_count":0,"_bbp_topic_count_hidden":0,"_bbp_reply_count_hidden":0,"_bbp_forum_subforum_count":0,"site-sidebar-layout":"default","site-content-layout":"","ast-site-content-layout":"","site-content-style":"default","site-sidebar-style":"default","ast-global-header-display":"","ast-banner-title-visibility":"","ast-main-header-display":"","ast-hfb-above-header-display":"","ast-hfb-below-header-display":"","ast-hfb-mobile-header-display":"","site-post-title":"","ast-breadcrumbs-content":"","ast-featured-img":"","footer-sml-layout":"","theme-transparent-header-meta":"","adv-header-id-meta":"","stick-header-meta":"","header-above-stick-meta":"","header-main-stick-meta":"","header-below-stick-meta":"","astra-migrate-meta-layouts":"default","ast-page-background-enabled":"default","ast-page-background-meta":{"desktop":{"background-color":"var(--ast-global-color-4)","background-image":"","background-repeat":"repeat","background-position":"center center","background-size":"auto","background-attachment":"scroll","background-type":"","background-media":"","overlay-type":"","overlay-color":"","overlay-opacity":"","overlay-gradient":""},"tablet":{"background-color":"","background-image":"","background-repeat":"repeat","background-position":"center center","background-size":"auto","background-attachment":"scroll","background-type":"","background-media":"","overlay-type":"","overlay-color":"","overlay-opacity":"","overlay-gradient":""},"mobile":{"background-color":"","background-image":"","background-repeat":"repeat","background-position":"center center","background-size":"auto","background-attachment":"scroll","background-type":"","background-media":"","overlay-type":"","overlay-color":"","overlay-opacity":"","overlay-gradient":""}},"ast-content-background-meta":{"desktop":{"background-color":"var(--ast-global-color-5)","background-image":"","background-repeat":"repeat","background-position":"center center","background-size":"auto","background-attachment":"scroll","background-type":"","background-media":"","overlay-type":"","overlay-color":"","overlay-opacity":"","overlay-gradient":""},"tablet":{"background-color":"var(--ast-global-color-5)","background-image":"","background-repeat":"repeat","background-position":"center center","background-size":"auto","background-attachment":"scroll","background-type":"","background-media":"","overlay-type":"","overlay-color":"","overlay-opacity":"","overlay-gradient":""},"mobile":{"background-color":"var(--ast-global-color-5)","background-image":"","background-repeat":"repeat","background-position":"center center","background-size":"auto","background-attachment":"scroll","background-type":"","background-media":"","overlay-type":"","overlay-color":"","overlay-opacity":"","overlay-gradient":""}},"footnotes":""},"class_list":["post-5892","page","type-page","status-publish","hentry"],"post_mailing_queue_ids":[],"_links":{"self":[{"href":"https:\/\/agora.xtec.cat\/ielesvinyes\/wp-json\/wp\/v2\/pages\/5892","targetHints":{"allow":["GET"]}}],"collection":[{"href":"https:\/\/agora.xtec.cat\/ielesvinyes\/wp-json\/wp\/v2\/pages"}],"about":[{"href":"https:\/\/agora.xtec.cat\/ielesvinyes\/wp-json\/wp\/v2\/types\/page"}],"author":[{"embeddable":true,"href":"https:\/\/agora.xtec.cat\/ielesvinyes\/wp-json\/wp\/v2\/users\/52"}],"replies":[{"embeddable":true,"href":"https:\/\/agora.xtec.cat\/ielesvinyes\/wp-json\/wp\/v2\/comments?post=5892"}],"version-history":[{"count":3,"href":"https:\/\/agora.xtec.cat\/ielesvinyes\/wp-json\/wp\/v2\/pages\/5892\/revisions"}],"predecessor-version":[{"id":6084,"href":"https:\/\/agora.xtec.cat\/ielesvinyes\/wp-json\/wp\/v2\/pages\/5892\/revisions\/6084"}],"up":[{"embeddable":true,"href":"https:\/\/agora.xtec.cat\/ielesvinyes\/wp-json\/wp\/v2\/pages\/2026"}],"wp:attachment":[{"href":"https:\/\/agora.xtec.cat\/ielesvinyes\/wp-json\/wp\/v2\/media?parent=5892"}],"curies":[{"name":"wp","href":"https:\/\/api.w.org\/{rel}","templated":true}]}}