{"id":5697,"date":"2020-02-05T06:55:05","date_gmt":"2020-02-05T05:55:05","guid":{"rendered":"http:\/\/agora.xtec.cat\/ielesvinyes\/?page_id=5697"},"modified":"2020-02-05T18:18:07","modified_gmt":"2020-02-05T17:18:07","slug":"afa-els-nostres-projectes","status":"publish","type":"page","link":"https:\/\/agora.xtec.cat\/ielesvinyes\/afa-les-vinyes\/afa-els-nostres-projectes\/","title":{"rendered":"AFA: Els nostres projectes"},"content":{"rendered":"<h4><\/h4>\n<p>&nbsp;<\/p>\n<h4 style=\"text-align: center;\"><span style=\"color: #ff6600;\"><strong>PROJECTES EN MARXA<\/strong><\/span><\/h4>\n<p>&nbsp;<\/p>\n<p><img loading=\"lazy\" decoding=\"async\" class=\"wp-image-5704 alignleft\" src=\"https:\/\/agora.xtec.cat\/ielesvinyes\/wp-content\/uploads\/usu1433\/2020\/02\/AFA-PROJECTE-Alexandria-1024x509.jpg\" alt=\"\" width=\"311\" height=\"155\" srcset=\"https:\/\/agora.xtec.cat\/ielesvinyes\/wp-content\/uploads\/usu1433\/2020\/02\/AFA-PROJECTE-Alexandria-1024x509.jpg 1024w, https:\/\/agora.xtec.cat\/ielesvinyes\/wp-content\/uploads\/usu1433\/2020\/02\/AFA-PROJECTE-Alexandria-300x149.jpg 300w, https:\/\/agora.xtec.cat\/ielesvinyes\/wp-content\/uploads\/usu1433\/2020\/02\/AFA-PROJECTE-Alexandria-768x381.jpg 768w, https:\/\/agora.xtec.cat\/ielesvinyes\/wp-content\/uploads\/usu1433\/2020\/02\/AFA-PROJECTE-Alexandria.jpg 1784w\" sizes=\"auto, (max-width: 311px) 100vw, 311px\" \/><\/p>\n<h4><\/h4>\n<h4><span style=\"color: #0c97c9;\"><strong>Alexandria \u00a0 <a href=\"http:\/\/agora.xtec.cat\/ielesvinyes\/afa-les-vinyes\/afa-els-nostres-projectes\/afa-els-nostres-projectes-alexandria\/\"><img loading=\"lazy\" decoding=\"async\" class=\"alignnone wp-image-5552\" src=\"https:\/\/agora.xtec.cat\/ielesvinyes\/wp-content\/uploads\/usu1433\/2020\/02\/anar-a.png\" alt=\"\" width=\"17\" height=\"18\" srcset=\"https:\/\/agora.xtec.cat\/ielesvinyes\/wp-content\/uploads\/usu1433\/2020\/02\/anar-a.png 512w, https:\/\/agora.xtec.cat\/ielesvinyes\/wp-content\/uploads\/usu1433\/2020\/02\/anar-a-150x150.png 150w, https:\/\/agora.xtec.cat\/ielesvinyes\/wp-content\/uploads\/usu1433\/2020\/02\/anar-a-300x300.png 300w\" sizes=\"auto, (max-width: 17px) 100vw, 17px\" \/><\/a><\/strong><\/span><\/h4>\n<p><span style=\"color: #808000;\"><strong>(En marxa des del curs 2018-2019)<\/strong><\/span><\/p>\n<p>Gestionat, conjuntament amb el Centre, amb l&#8217;objectiu de <strong>situar la lectura al cor de la nostra escola.<\/strong><\/p>\n<p>&nbsp;<\/p>\n<hr \/>\n<p><img loading=\"lazy\" decoding=\"async\" class=\"wp-image-5665 alignleft\" src=\"https:\/\/agora.xtec.cat\/ielesvinyes\/wp-content\/uploads\/usu1433\/2020\/02\/AFA-INVERSI\u00d3-MILANTA-e1580889125283.jpg\" alt=\"\" width=\"159\" height=\"147\" srcset=\"https:\/\/agora.xtec.cat\/ielesvinyes\/wp-content\/uploads\/usu1433\/2020\/02\/AFA-INVERSI\u00d3-MILANTA-e1580889125283.jpg 640w, https:\/\/agora.xtec.cat\/ielesvinyes\/wp-content\/uploads\/usu1433\/2020\/02\/AFA-INVERSI\u00d3-MILANTA-e1580889125283-300x279.jpg 300w\" sizes=\"auto, (max-width: 159px) 100vw, 159px\" \/><\/p>\n<h4><\/h4>\n<h4><span style=\"color: #0c97c9;\"><strong>Repensem el pati \u00a0\u00a0<\/strong><\/span><span style=\"color: #0c97c9;\"><strong><a href=\"https:\/\/agora.xtec.cat\/ielesvinyes\/afa-les-vinyes\/afa-els-nostres-projectes\/afa-els-nostres-projectes-repensem-els-patis\/\"><img loading=\"lazy\" decoding=\"async\" class=\"alignnone wp-image-5552\" src=\"https:\/\/agora.xtec.cat\/ielesvinyes\/wp-content\/uploads\/usu1433\/2020\/02\/anar-a.png\" alt=\"\" width=\"17\" height=\"18\" srcset=\"https:\/\/agora.xtec.cat\/ielesvinyes\/wp-content\/uploads\/usu1433\/2020\/02\/anar-a.png 512w, https:\/\/agora.xtec.cat\/ielesvinyes\/wp-content\/uploads\/usu1433\/2020\/02\/anar-a-150x150.png 150w, https:\/\/agora.xtec.cat\/ielesvinyes\/wp-content\/uploads\/usu1433\/2020\/02\/anar-a-300x300.png 300w\" sizes=\"auto, (max-width: 17px) 100vw, 17px\" \/><\/a><\/strong><\/span><\/h4>\n<p><span style=\"color: #808000;\"><strong>(En marxa des del curs 2018-2019)<\/strong><\/span><\/p>\n<p>Gestionat, conjuntament amb el Centre, projecte a llarg termini on es pret\u00e9n <strong>millorar i condicionar els espais on estan ubicats els patis d\u2019infantil, prim\u00e0ria i secund\u00e0ria.<\/strong><\/p>\n<hr \/>\n<hr \/>\n<p><img loading=\"lazy\" decoding=\"async\" class=\" wp-image-5105 alignleft\" src=\"https:\/\/agora.xtec.cat\/ielesvinyes\/wp-content\/uploads\/usu1433\/2020\/01\/EMPOWERING3.jpg\" alt=\"\" width=\"167\" height=\"160\" srcset=\"https:\/\/agora.xtec.cat\/ielesvinyes\/wp-content\/uploads\/usu1433\/2020\/01\/EMPOWERING3.jpg 302w, https:\/\/agora.xtec.cat\/ielesvinyes\/wp-content\/uploads\/usu1433\/2020\/01\/EMPOWERING3-300x288.jpg 300w\" sizes=\"auto, (max-width: 167px) 100vw, 167px\" \/><\/p>\n<h4><\/h4>\n<h4><span style=\"color: #0c97c9;\"><strong>Empowering Oral English<\/strong><\/span><span style=\"color: #0c97c9;\"><strong> \u00a0 <a href=\"https:\/\/agora.xtec.cat\/ielesvinyes\/afa-les-vinyes\/afa-els-nostres-projectes\/empowering-oral-english\/\"><img loading=\"lazy\" decoding=\"async\" class=\"alignnone wp-image-5552\" src=\"https:\/\/agora.xtec.cat\/ielesvinyes\/wp-content\/uploads\/usu1433\/2020\/02\/anar-a.png\" alt=\"\" width=\"17\" height=\"18\" srcset=\"https:\/\/agora.xtec.cat\/ielesvinyes\/wp-content\/uploads\/usu1433\/2020\/02\/anar-a.png 512w, https:\/\/agora.xtec.cat\/ielesvinyes\/wp-content\/uploads\/usu1433\/2020\/02\/anar-a-150x150.png 150w, https:\/\/agora.xtec.cat\/ielesvinyes\/wp-content\/uploads\/usu1433\/2020\/02\/anar-a-300x300.png 300w\" sizes=\"auto, (max-width: 17px) 100vw, 17px\" \/><\/a><\/strong><\/span><\/h4>\n<p><span style=\"color: #808000;\"><strong>(En marxa des del curs 2014-2015)<\/strong><\/span><\/p>\n<p>Gestionat, conjuntament amb el Centre, amb un \u00fanic objectiu, <strong>la millora de la compet\u00e8ncia comunicativa oral en angl\u00e8s.<\/strong><\/p>\n<hr \/>\n<hr \/>\n<h4><\/h4>\n<h4 style=\"text-align: center;\"><span style=\"color: #ff6600;\"><strong>PROJECTES HIST\u00d2RICS<\/strong><\/span><\/h4>\n<p>&nbsp;<\/p>\n<p><img loading=\"lazy\" decoding=\"async\" class=\"wp-image-4423 alignleft\" src=\"https:\/\/agora.xtec.cat\/ielesvinyes\/wp-content\/uploads\/usu1433\/2019\/12\/ampa-informa-2.jpg\" alt=\"\" width=\"324\" height=\"112\" srcset=\"https:\/\/agora.xtec.cat\/ielesvinyes\/wp-content\/uploads\/usu1433\/2019\/12\/ampa-informa-2.jpg 494w, https:\/\/agora.xtec.cat\/ielesvinyes\/wp-content\/uploads\/usu1433\/2019\/12\/ampa-informa-2-300x103.jpg 300w\" sizes=\"auto, (max-width: 324px) 100vw, 324px\" \/><\/p>\n<h4><span style=\"color: #0c97c9;\"><strong>Butlletins informatius<\/strong><\/span><span style=\"color: #0c97c9;\"><strong> \u00a0 <a href=\"https:\/\/agora.xtec.cat\/ielesvinyes\/afa-les-vinyes\/afa-els-nostres-projectes\/butlletins-informatius\/\"><img loading=\"lazy\" decoding=\"async\" class=\"alignnone wp-image-5552\" src=\"https:\/\/agora.xtec.cat\/ielesvinyes\/wp-content\/uploads\/usu1433\/2020\/02\/anar-a.png\" alt=\"\" width=\"17\" height=\"18\" srcset=\"https:\/\/agora.xtec.cat\/ielesvinyes\/wp-content\/uploads\/usu1433\/2020\/02\/anar-a.png 512w, https:\/\/agora.xtec.cat\/ielesvinyes\/wp-content\/uploads\/usu1433\/2020\/02\/anar-a-150x150.png 150w, https:\/\/agora.xtec.cat\/ielesvinyes\/wp-content\/uploads\/usu1433\/2020\/02\/anar-a-300x300.png 300w\" sizes=\"auto, (max-width: 17px) 100vw, 17px\" \/><\/a><\/strong><\/span><\/h4>\n<p><span style=\"color: #808000;\"><strong>(Cursos 2013-2014 i 2014-2015)<\/strong><\/span><\/p>\n<p>Not\u00edcies destacades, entrevistes a mestres\/professors, fotos enigm\u00e0tiques,&#8230;<\/p>\n<hr \/>\n<p>&nbsp;<\/p>\n<p><img loading=\"lazy\" decoding=\"async\" class=\"wp-image-1690 alignleft\" src=\"https:\/\/agora.xtec.cat\/ielesvinyes\/wp-content\/uploads\/usu1433\/2014\/02\/EMPA.jpg\" alt=\"\" width=\"324\" height=\"67\" srcset=\"https:\/\/agora.xtec.cat\/ielesvinyes\/wp-content\/uploads\/usu1433\/2014\/02\/EMPA.jpg 208w, https:\/\/agora.xtec.cat\/ielesvinyes\/wp-content\/uploads\/usu1433\/2014\/02\/EMPA-200x42.jpg 200w\" sizes=\"auto, (max-width: 324px) 100vw, 324px\" \/><\/p>\n<h4><span style=\"color: #0c97c9;\"><strong>EmPATItza&#8217;t<\/strong><\/span><span style=\"color: #0c97c9;\"><strong> \u00a0 <a href=\"http:\/\/agora.xtec.cat\/ielesvinyes\/afa-les-vinyes\/afa-els-nostres-projectes\/afa-els-nostres-projectes-empatitzat\/\"><img loading=\"lazy\" decoding=\"async\" class=\"alignnone wp-image-5552\" src=\"https:\/\/agora.xtec.cat\/ielesvinyes\/wp-content\/uploads\/usu1433\/2020\/02\/anar-a.png\" alt=\"\" width=\"17\" height=\"18\" srcset=\"https:\/\/agora.xtec.cat\/ielesvinyes\/wp-content\/uploads\/usu1433\/2020\/02\/anar-a.png 512w, https:\/\/agora.xtec.cat\/ielesvinyes\/wp-content\/uploads\/usu1433\/2020\/02\/anar-a-150x150.png 150w, https:\/\/agora.xtec.cat\/ielesvinyes\/wp-content\/uploads\/usu1433\/2020\/02\/anar-a-300x300.png 300w\" sizes=\"auto, (max-width: 17px) 100vw, 17px\" \/><\/a><\/strong><\/span><\/h4>\n<p><span style=\"color: #808000;\"><strong>(Curs 2013-2014)<\/strong><\/span><\/p>\n<p>Projecte de Comunitat Educativa per canviar el pati a trav\u00e9s de les idees i la feina de mestres, alumnes i fam\u00edlies.<\/p>\n<p>&nbsp;<\/p>\n","protected":false},"excerpt":{"rendered":"<p>&nbsp; PROJECTES EN MARXA &nbsp; Alexandria \u00a0 (En marxa des del curs 2018-2019) Gestionat, conjuntament amb el Centre, amb l&#8217;objectiu de situar la lectura al cor de la nostra escola. &nbsp; Repensem el pati \u00a0\u00a0 (En marxa des del curs 2018-2019) Gestionat, conjuntament amb el Centre, projecte a llarg termini on es pret\u00e9n millorar i [&hellip;]<\/p>\n","protected":false},"author":52,"featured_media":0,"parent":5243,"menu_order":3,"comment_status":"closed","ping_status":"closed","template":"","meta":{"_bbp_topic_count":0,"_bbp_reply_count":0,"_bbp_total_topic_count":0,"_bbp_total_reply_count":0,"_bbp_voice_count":0,"_bbp_anonymous_reply_count":0,"_bbp_topic_count_hidden":0,"_bbp_reply_count_hidden":0,"_bbp_forum_subforum_count":0,"site-sidebar-layout":"default","site-content-layout":"","ast-site-content-layout":"","site-content-style":"default","site-sidebar-style":"default","ast-global-header-display":"","ast-banner-title-visibility":"","ast-main-header-display":"","ast-hfb-above-header-display":"","ast-hfb-below-header-display":"","ast-hfb-mobile-header-display":"","site-post-title":"","ast-breadcrumbs-content":"","ast-featured-img":"","footer-sml-layout":"","theme-transparent-header-meta":"","adv-header-id-meta":"","stick-header-meta":"","header-above-stick-meta":"","header-main-stick-meta":"","header-below-stick-meta":"","astra-migrate-meta-layouts":"default","ast-page-background-enabled":"default","ast-page-background-meta":{"desktop":{"background-color":"var(--ast-global-color-4)","background-image":"","background-repeat":"repeat","background-position":"center center","background-size":"auto","background-attachment":"scroll","background-type":"","background-media":"","overlay-type":"","overlay-color":"","overlay-opacity":"","overlay-gradient":""},"tablet":{"background-color":"","background-image":"","background-repeat":"repeat","background-position":"center center","background-size":"auto","background-attachment":"scroll","background-type":"","background-media":"","overlay-type":"","overlay-color":"","overlay-opacity":"","overlay-gradient":""},"mobile":{"background-color":"","background-image":"","background-repeat":"repeat","background-position":"center center","background-size":"auto","background-attachment":"scroll","background-type":"","background-media":"","overlay-type":"","overlay-color":"","overlay-opacity":"","overlay-gradient":""}},"ast-content-background-meta":{"desktop":{"background-color":"var(--ast-global-color-5)","background-image":"","background-repeat":"repeat","background-position":"center center","background-size":"auto","background-attachment":"scroll","background-type":"","background-media":"","overlay-type":"","overlay-color":"","overlay-opacity":"","overlay-gradient":""},"tablet":{"background-color":"var(--ast-global-color-5)","background-image":"","background-repeat":"repeat","background-position":"center center","background-size":"auto","background-attachment":"scroll","background-type":"","background-media":"","overlay-type":"","overlay-color":"","overlay-opacity":"","overlay-gradient":""},"mobile":{"background-color":"var(--ast-global-color-5)","background-image":"","background-repeat":"repeat","background-position":"center center","background-size":"auto","background-attachment":"scroll","background-type":"","background-media":"","overlay-type":"","overlay-color":"","overlay-opacity":"","overlay-gradient":""}},"footnotes":""},"class_list":["post-5697","page","type-page","status-publish","hentry"],"post_mailing_queue_ids":[],"_links":{"self":[{"href":"https:\/\/agora.xtec.cat\/ielesvinyes\/wp-json\/wp\/v2\/pages\/5697","targetHints":{"allow":["GET"]}}],"collection":[{"href":"https:\/\/agora.xtec.cat\/ielesvinyes\/wp-json\/wp\/v2\/pages"}],"about":[{"href":"https:\/\/agora.xtec.cat\/ielesvinyes\/wp-json\/wp\/v2\/types\/page"}],"author":[{"embeddable":true,"href":"https:\/\/agora.xtec.cat\/ielesvinyes\/wp-json\/wp\/v2\/users\/52"}],"replies":[{"embeddable":true,"href":"https:\/\/agora.xtec.cat\/ielesvinyes\/wp-json\/wp\/v2\/comments?post=5697"}],"version-history":[{"count":4,"href":"https:\/\/agora.xtec.cat\/ielesvinyes\/wp-json\/wp\/v2\/pages\/5697\/revisions"}],"predecessor-version":[{"id":5805,"href":"https:\/\/agora.xtec.cat\/ielesvinyes\/wp-json\/wp\/v2\/pages\/5697\/revisions\/5805"}],"up":[{"embeddable":true,"href":"https:\/\/agora.xtec.cat\/ielesvinyes\/wp-json\/wp\/v2\/pages\/5243"}],"wp:attachment":[{"href":"https:\/\/agora.xtec.cat\/ielesvinyes\/wp-json\/wp\/v2\/media?parent=5697"}],"curies":[{"name":"wp","href":"https:\/\/api.w.org\/{rel}","templated":true}]}}

<h4></h4>
<p>&nbsp;</p>
<h4 style="text-align: center;"><span style="color: #ff6600;"><strong>PROJECTES EN MARXA</strong></span></h4>
<p>&nbsp;</p>
<p><img loading="lazy" decoding="async" class="wp-image-5704 alignleft" src="https://agora.xtec.cat/ielesvinyes/wp-content/uploads/usu1433/2020/02/AFA-PROJECTE-Alexandria-1024x509.jpg" alt="" width="311" height="155" srcset="https://agora.xtec.cat/ielesvinyes/wp-content/uploads/usu1433/2020/02/AFA-PROJECTE-Alexandria-1024x509.jpg 1024w, https://agora.xtec.cat/ielesvinyes/wp-content/uploads/usu1433/2020/02/AFA-PROJECTE-Alexandria-300x149.jpg 300w, https://agora.xtec.cat/ielesvinyes/wp-content/uploads/usu1433/2020/02/AFA-PROJECTE-Alexandria-768x381.jpg 768w, https://agora.xtec.cat/ielesvinyes/wp-content/uploads/usu1433/2020/02/AFA-PROJECTE-Alexandria.jpg 1784w" sizes="auto, (max-width: 311px) 100vw, 311px" /></p>
<h4></h4>
<h4><span style="color: #0c97c9;"><strong>Alexandria   <a href="http://agora.xtec.cat/ielesvinyes/afa-les-vinyes/afa-els-nostres-projectes/afa-els-nostres-projectes-alexandria/"><img loading="lazy" decoding="async" class="alignnone wp-image-5552" src="https://agora.xtec.cat/ielesvinyes/wp-content/uploads/usu1433/2020/02/anar-a.png" alt="" width="17" height="18" srcset="https://agora.xtec.cat/ielesvinyes/wp-content/uploads/usu1433/2020/02/anar-a.png 512w, https://agora.xtec.cat/ielesvinyes/wp-content/uploads/usu1433/2020/02/anar-a-150x150.png 150w, https://agora.xtec.cat/ielesvinyes/wp-content/uploads/usu1433/2020/02/anar-a-300x300.png 300w" sizes="auto, (max-width: 17px) 100vw, 17px" /></a></strong></span></h4>
<p><span style="color: #808000;"><strong>(En marxa des del curs 2018-2019)</strong></span></p>
<p>Gestionat, conjuntament amb el Centre, amb l&#8217;objectiu de <strong>situar la lectura al cor de la nostra escola.</strong></p>
<p>&nbsp;</p>
<hr />
<p><img loading="lazy" decoding="async" class="wp-image-5665 alignleft" src="https://agora.xtec.cat/ielesvinyes/wp-content/uploads/usu1433/2020/02/AFA-INVERSIÓ-MILANTA-e1580889125283.jpg" alt="" width="159" height="147" srcset="https://agora.xtec.cat/ielesvinyes/wp-content/uploads/usu1433/2020/02/AFA-INVERSIÓ-MILANTA-e1580889125283.jpg 640w, https://agora.xtec.cat/ielesvinyes/wp-content/uploads/usu1433/2020/02/AFA-INVERSIÓ-MILANTA-e1580889125283-300x279.jpg 300w" sizes="auto, (max-width: 159px) 100vw, 159px" /></p>
<h4></h4>
<h4><span style="color: #0c97c9;"><strong>Repensem el pati   </strong></span><span style="color: #0c97c9;"><strong><a href="https://agora.xtec.cat/ielesvinyes/afa-les-vinyes/afa-els-nostres-projectes/afa-els-nostres-projectes-repensem-els-patis/"><img loading="lazy" decoding="async" class="alignnone wp-image-5552" src="https://agora.xtec.cat/ielesvinyes/wp-content/uploads/usu1433/2020/02/anar-a.png" alt="" width="17" height="18" srcset="https://agora.xtec.cat/ielesvinyes/wp-content/uploads/usu1433/2020/02/anar-a.png 512w, https://agora.xtec.cat/ielesvinyes/wp-content/uploads/usu1433/2020/02/anar-a-150x150.png 150w, https://agora.xtec.cat/ielesvinyes/wp-content/uploads/usu1433/2020/02/anar-a-300x300.png 300w" sizes="auto, (max-width: 17px) 100vw, 17px" /></a></strong></span></h4>
<p><span style="color: #808000;"><strong>(En marxa des del curs 2018-2019)</strong></span></p>
<p>Gestionat, conjuntament amb el Centre, projecte a llarg termini on es pretén <strong>millorar i condicionar els espais on estan ubicats els patis d’infantil, primària i secundària.</strong></p>
<hr />
<hr />
<p><img loading="lazy" decoding="async" class=" wp-image-5105 alignleft" src="https://agora.xtec.cat/ielesvinyes/wp-content/uploads/usu1433/2020/01/EMPOWERING3.jpg" alt="" width="167" height="160" srcset="https://agora.xtec.cat/ielesvinyes/wp-content/uploads/usu1433/2020/01/EMPOWERING3.jpg 302w, https://agora.xtec.cat/ielesvinyes/wp-content/uploads/usu1433/2020/01/EMPOWERING3-300x288.jpg 300w" sizes="auto, (max-width: 167px) 100vw, 167px" /></p>
<h4></h4>
<h4><span style="color: #0c97c9;"><strong>Empowering Oral English</strong></span><span style="color: #0c97c9;"><strong>   <a href="https://agora.xtec.cat/ielesvinyes/afa-les-vinyes/afa-els-nostres-projectes/empowering-oral-english/"><img loading="lazy" decoding="async" class="alignnone wp-image-5552" src="https://agora.xtec.cat/ielesvinyes/wp-content/uploads/usu1433/2020/02/anar-a.png" alt="" width="17" height="18" srcset="https://agora.xtec.cat/ielesvinyes/wp-content/uploads/usu1433/2020/02/anar-a.png 512w, https://agora.xtec.cat/ielesvinyes/wp-content/uploads/usu1433/2020/02/anar-a-150x150.png 150w, https://agora.xtec.cat/ielesvinyes/wp-content/uploads/usu1433/2020/02/anar-a-300x300.png 300w" sizes="auto, (max-width: 17px) 100vw, 17px" /></a></strong></span></h4>
<p><span style="color: #808000;"><strong>(En marxa des del curs 2014-2015)</strong></span></p>
<p>Gestionat, conjuntament amb el Centre, amb un únic objectiu, <strong>la millora de la competència comunicativa oral en anglès.</strong></p>
<hr />
<hr />
<h4></h4>
<h4 style="text-align: center;"><span style="color: #ff6600;"><strong>PROJECTES HISTÒRICS</strong></span></h4>
<p>&nbsp;</p>
<p><img loading="lazy" decoding="async" class="wp-image-4423 alignleft" src="https://agora.xtec.cat/ielesvinyes/wp-content/uploads/usu1433/2019/12/ampa-informa-2.jpg" alt="" width="324" height="112" srcset="https://agora.xtec.cat/ielesvinyes/wp-content/uploads/usu1433/2019/12/ampa-informa-2.jpg 494w, https://agora.xtec.cat/ielesvinyes/wp-content/uploads/usu1433/2019/12/ampa-informa-2-300x103.jpg 300w" sizes="auto, (max-width: 324px) 100vw, 324px" /></p>
<h4><span style="color: #0c97c9;"><strong>Butlletins informatius</strong></span><span style="color: #0c97c9;"><strong>   <a href="https://agora.xtec.cat/ielesvinyes/afa-les-vinyes/afa-els-nostres-projectes/butlletins-informatius/"><img loading="lazy" decoding="async" class="alignnone wp-image-5552" src="https://agora.xtec.cat/ielesvinyes/wp-content/uploads/usu1433/2020/02/anar-a.png" alt="" width="17" height="18" srcset="https://agora.xtec.cat/ielesvinyes/wp-content/uploads/usu1433/2020/02/anar-a.png 512w, https://agora.xtec.cat/ielesvinyes/wp-content/uploads/usu1433/2020/02/anar-a-150x150.png 150w, https://agora.xtec.cat/ielesvinyes/wp-content/uploads/usu1433/2020/02/anar-a-300x300.png 300w" sizes="auto, (max-width: 17px) 100vw, 17px" /></a></strong></span></h4>
<p><span style="color: #808000;"><strong>(Cursos 2013-2014 i 2014-2015)</strong></span></p>
<p>Notícies destacades, entrevistes a mestres/professors, fotos enigmàtiques,&#8230;</p>
<hr />
<p>&nbsp;</p>
<p><img loading="lazy" decoding="async" class="wp-image-1690 alignleft" src="https://agora.xtec.cat/ielesvinyes/wp-content/uploads/usu1433/2014/02/EMPA.jpg" alt="" width="324" height="67" srcset="https://agora.xtec.cat/ielesvinyes/wp-content/uploads/usu1433/2014/02/EMPA.jpg 208w, https://agora.xtec.cat/ielesvinyes/wp-content/uploads/usu1433/2014/02/EMPA-200x42.jpg 200w" sizes="auto, (max-width: 324px) 100vw, 324px" /></p>
<h4><span style="color: #0c97c9;"><strong>EmPATItza&#8217;t</strong></span><span style="color: #0c97c9;"><strong>   <a href="http://agora.xtec.cat/ielesvinyes/afa-les-vinyes/afa-els-nostres-projectes/afa-els-nostres-projectes-empatitzat/"><img loading="lazy" decoding="async" class="alignnone wp-image-5552" src="https://agora.xtec.cat/ielesvinyes/wp-content/uploads/usu1433/2020/02/anar-a.png" alt="" width="17" height="18" srcset="https://agora.xtec.cat/ielesvinyes/wp-content/uploads/usu1433/2020/02/anar-a.png 512w, https://agora.xtec.cat/ielesvinyes/wp-content/uploads/usu1433/2020/02/anar-a-150x150.png 150w, https://agora.xtec.cat/ielesvinyes/wp-content/uploads/usu1433/2020/02/anar-a-300x300.png 300w" sizes="auto, (max-width: 17px) 100vw, 17px" /></a></strong></span></h4>
<p><span style="color: #808000;"><strong>(Curs 2013-2014)</strong></span></p>
<p>Projecte de Comunitat Educativa per canviar el pati a través de les idees i la feina de mestres, alumnes i famílies.</p>
<p>&nbsp;</p>

<p>&nbsp; PROJECTES EN MARXA &nbsp; Alexandria   (En marxa des del curs 2018-2019) Gestionat, conjuntament amb el Centre, amb l&#8217;objectiu de situar la lectura al cor de la nostra escola. &nbsp; Repensem el pati    (En marxa des del curs 2018-2019) Gestionat, conjuntament amb el Centre, projecte a llarg termini on es pretén millorar i [&hellip;]</p>
