{"id":560,"date":"2012-09-16T11:03:51","date_gmt":"2012-09-16T09:03:51","guid":{"rendered":"http:\/\/ielesvinyes.net\/?page_id=560"},"modified":"2012-09-16T11:03:51","modified_gmt":"2012-09-16T09:03:51","slug":"equip-docent-2","status":"publish","type":"page","link":"https:\/\/agora.xtec.cat\/ielesvinyes\/equip-huma-2\/equip-docent-2\/","title":{"rendered":"2012-13"},"content":{"rendered":"<p><span style=\"color: #000080;\">\u25ba EQUIP DIRECTIU<\/span><\/p>\n<p style=\"padding-left: 30px;\">Directora: Rosa Sard\u00e0<\/p>\n<p style=\"padding-left: 30px;\">Cap d\u2019estudis: Boris Mir<\/p>\n<p style=\"padding-left: 30px;\">Secret\u00e0ria: N\u00faria Orte<\/p>\n<p><span style=\"color: #000080;\">\u25ba EQUIP DOCENT D\u2019EDUCACI\u00d3 INFANTIL<\/span><\/p>\n<p style=\"padding-left: 30px;\">Raquel Quero, mestra tutora de P3<\/p>\n<p style=\"padding-left: 30px;\">In\u00e9s Algar, mestra tutora de P4 A<\/p>\n<p style=\"padding-left: 30px;\">Cristina Franch, mestra tutora P4 B i coordinadora Infantil<\/p>\n<p style=\"padding-left: 30px;\">Anna Sadurn\u00ed, mestra tutora P5 A i Coordinadora Riscos Laborals<\/p>\n<p style=\"padding-left: 30px;\">Angelina Xiberta, mestra tutora P5 B<\/p>\n<p style=\"padding-left: 30px;\">Noem\u00ed Navarro, mestra de refor\u00e7 Infantil P3<\/p>\n<p style=\"padding-left: 30px;\">Irama Ahedo, mestra de refor\u00e7 P4 i P5<\/p>\n<p style=\"padding-left: 30px;\">N\u00faria Orte, mestra de refor\u00e7 i M\u00fasica i Secret\u00e0ria<\/p>\n<p><span style=\"color: #000080;\">\u25ba EQUIP DOCENT D\u2019EDUCACI\u00d3 SECUND\u00c0RIA<\/span><\/p>\n<p style=\"text-align: left; padding-left: 30px;\">Gl\u00f2ria Arias, professora de Ci\u00e8ncies, Tecnologia i tutora de 1r A<\/p>\n<p style=\"text-align: left; padding-left: 30px;\">Josep Maria Astals, professor de Ci\u00e8ncies i cotutor<\/p>\n<p style=\"text-align: left; padding-left: 30px;\">Maria Beneyto, professora de Castell\u00e0, Coordinadora LIC i Tutora 2n B<\/p>\n<p style=\"text-align: left; padding-left: 30px;\">Mar\u00e7al Botey, professor d&#8217;instrumentals i Psicopedagog de 1r i 2n ESO<\/p>\n<p style=\"text-align: left; padding-left: 30px;\">Tayeb Bouassoule, professor de Matem\u00e0tiques i cotutor<\/p>\n<p style=\"text-align: left; padding-left: 30px;\">Marta Casas, professora d&#8217;Angl\u00e8s, Educaci\u00f3 f\u00edsica i Coordinadora de l&#8217;ESO<\/p>\n<p style=\"text-align: left; padding-left: 30px;\">Olga Culler\u00e9, professora de Catal\u00e0, Ci\u00e8ncies socials i Tutora 2n A<\/p>\n<p style=\"text-align: left; padding-left: 30px;\">Boris Mir, professor de M\u00fasica i Cap d\u2019estudis del centre<\/p>\n<p style=\"text-align: left; padding-left: 30px;\">Rosa Sard\u00e0, profesora de Catal\u00e0 i Directora del centre<\/p>\n<p style=\"text-align: left; padding-left: 30px;\">Ribamar Rodr\u00edgues, professor de Castell\u00e0, Angl\u00e8s 1r i tutor 1r B<\/p>\n<p style=\"text-align: left; padding-left: 30px;\">Llu\u00eds Tom\u00e0s, professor de Matem\u00e0tiques, Tecnologia i Coordinador inform\u00e0tic<\/p>\n<p><span style=\"color: #000080;\"><strong>Mat\u00e8ries optatives<\/strong><\/span><\/p>\n<p style=\"padding-left: 30px;\">1. \u201cViure i conviure\u201d per Mar\u00e7al Botey<\/p>\n<p style=\"padding-left: 30px;\">2. \u201cLa Terra inquieta\u201d per Gl\u00f2ria \u00c0rias<\/p>\n<p style=\"padding-left: 30px;\">3. \u201cTaller de r\u00e0dio\u201d per\u00a0Llu\u00eds\u00a0Tom\u00e0s<\/p>\n<p style=\"padding-left: 30px;\">4. \u201cFranc\u00e8s\u201d per Rosa Sard\u00e0<\/p>\n<p style=\"padding-left: 30px;\">5. Introducci\u00f3 al teatre per Olga Culler\u00e9<\/p>\n<p style=\"padding-left: 30px;\">6. \u201cFem la revista\u201d per Maria Beneyto<\/p>\n<div>\n<div>\n<dl id=\"attachment_36\">\n<dt><a href=\"http:\/\/agora.xtec.cat\/ielesvinyes\/wp-content\/uploads\/usu1433\/2011\/07\/paraules.gif\"><img loading=\"lazy\" decoding=\"async\" title=\"Projecte educatiu\" src=\"http:\/\/agora.xtec.cat\/ielesvinyes\/wp-content\/uploads\/usu1433\/2011\/07\/paraules.gif\" alt=\"Projecte educatiu\" width=\"567\" height=\"319\" \/><\/a><\/dt>\n<dd>Projecte educatiu<\/dd>\n<\/dl>\n<\/div>\n<\/div>\n","protected":false},"excerpt":{"rendered":"<p>\u25ba EQUIP DIRECTIU Directora: Rosa Sard\u00e0 Cap d\u2019estudis: Boris Mir Secret\u00e0ria: N\u00faria Orte \u25ba EQUIP DOCENT D\u2019EDUCACI\u00d3 INFANTIL Raquel Quero, mestra tutora de P3 In\u00e9s Algar, mestra tutora de P4 A Cristina Franch, mestra tutora P4 B i coordinadora Infantil Anna Sadurn\u00ed, mestra tutora P5 A i Coordinadora Riscos Laborals Angelina Xiberta, mestra tutora P5 [&hellip;]<\/p>\n","protected":false},"author":18,"featured_media":0,"parent":1948,"menu_order":4,"comment_status":"closed","ping_status":"closed","template":"","meta":{"_bbp_topic_count":0,"_bbp_reply_count":0,"_bbp_total_topic_count":0,"_bbp_total_reply_count":0,"_bbp_voice_count":0,"_bbp_anonymous_reply_count":0,"_bbp_topic_count_hidden":0,"_bbp_reply_count_hidden":0,"_bbp_forum_subforum_count":0,"site-sidebar-layout":"default","site-content-layout":"","ast-site-content-layout":"","site-content-style":"default","site-sidebar-style":"default","ast-global-header-display":"","ast-banner-title-visibility":"","ast-main-header-display":"","ast-hfb-above-header-display":"","ast-hfb-below-header-display":"","ast-hfb-mobile-header-display":"","site-post-title":"","ast-breadcrumbs-content":"","ast-featured-img":"","footer-sml-layout":"","theme-transparent-header-meta":"","adv-header-id-meta":"","stick-header-meta":"","header-above-stick-meta":"","header-main-stick-meta":"","header-below-stick-meta":"","astra-migrate-meta-layouts":"default","ast-page-background-enabled":"default","ast-page-background-meta":{"desktop":{"background-color":"var(--ast-global-color-4)","background-image":"","background-repeat":"repeat","background-position":"center center","background-size":"auto","background-attachment":"scroll","background-type":"","background-media":"","overlay-type":"","overlay-color":"","overlay-opacity":"","overlay-gradient":""},"tablet":{"background-color":"","background-image":"","background-repeat":"repeat","background-position":"center center","background-size":"auto","background-attachment":"scroll","background-type":"","background-media":"","overlay-type":"","overlay-color":"","overlay-opacity":"","overlay-gradient":""},"mobile":{"background-color":"","background-image":"","background-repeat":"repeat","background-position":"center center","background-size":"auto","background-attachment":"scroll","background-type":"","background-media":"","overlay-type":"","overlay-color":"","overlay-opacity":"","overlay-gradient":""}},"ast-content-background-meta":{"desktop":{"background-color":"var(--ast-global-color-5)","background-image":"","background-repeat":"repeat","background-position":"center center","background-size":"auto","background-attachment":"scroll","background-type":"","background-media":"","overlay-type":"","overlay-color":"","overlay-opacity":"","overlay-gradient":""},"tablet":{"background-color":"var(--ast-global-color-5)","background-image":"","background-repeat":"repeat","background-position":"center center","background-size":"auto","background-attachment":"scroll","background-type":"","background-media":"","overlay-type":"","overlay-color":"","overlay-opacity":"","overlay-gradient":""},"mobile":{"background-color":"var(--ast-global-color-5)","background-image":"","background-repeat":"repeat","background-position":"center center","background-size":"auto","background-attachment":"scroll","background-type":"","background-media":"","overlay-type":"","overlay-color":"","overlay-opacity":"","overlay-gradient":""}},"footnotes":""},"class_list":["post-560","page","type-page","status-publish","hentry"],"post_mailing_queue_ids":[],"_links":{"self":[{"href":"https:\/\/agora.xtec.cat\/ielesvinyes\/wp-json\/wp\/v2\/pages\/560","targetHints":{"allow":["GET"]}}],"collection":[{"href":"https:\/\/agora.xtec.cat\/ielesvinyes\/wp-json\/wp\/v2\/pages"}],"about":[{"href":"https:\/\/agora.xtec.cat\/ielesvinyes\/wp-json\/wp\/v2\/types\/page"}],"author":[{"embeddable":true,"href":"https:\/\/agora.xtec.cat\/ielesvinyes\/wp-json\/wp\/v2\/users\/18"}],"replies":[{"embeddable":true,"href":"https:\/\/agora.xtec.cat\/ielesvinyes\/wp-json\/wp\/v2\/comments?post=560"}],"version-history":[{"count":0,"href":"https:\/\/agora.xtec.cat\/ielesvinyes\/wp-json\/wp\/v2\/pages\/560\/revisions"}],"up":[{"embeddable":true,"href":"https:\/\/agora.xtec.cat\/ielesvinyes\/wp-json\/wp\/v2\/pages\/1948"}],"wp:attachment":[{"href":"https:\/\/agora.xtec.cat\/ielesvinyes\/wp-json\/wp\/v2\/media?parent=560"}],"curies":[{"name":"wp","href":"https:\/\/api.w.org\/{rel}","templated":true}]}}

<p><span style="color: #000080;">► EQUIP DIRECTIU</span></p>
<p style="padding-left: 30px;">Directora: Rosa Sardà</p>
<p style="padding-left: 30px;">Cap d’estudis: Boris Mir</p>
<p style="padding-left: 30px;">Secretària: Núria Orte</p>
<p><span style="color: #000080;">► EQUIP DOCENT D’EDUCACIÓ INFANTIL</span></p>
<p style="padding-left: 30px;">Raquel Quero, mestra tutora de P3</p>
<p style="padding-left: 30px;">Inés Algar, mestra tutora de P4 A</p>
<p style="padding-left: 30px;">Cristina Franch, mestra tutora P4 B i coordinadora Infantil</p>
<p style="padding-left: 30px;">Anna Sadurní, mestra tutora P5 A i Coordinadora Riscos Laborals</p>
<p style="padding-left: 30px;">Angelina Xiberta, mestra tutora P5 B</p>
<p style="padding-left: 30px;">Noemí Navarro, mestra de reforç Infantil P3</p>
<p style="padding-left: 30px;">Irama Ahedo, mestra de reforç P4 i P5</p>
<p style="padding-left: 30px;">Núria Orte, mestra de reforç i Música i Secretària</p>
<p><span style="color: #000080;">► EQUIP DOCENT D’EDUCACIÓ SECUNDÀRIA</span></p>
<p style="text-align: left; padding-left: 30px;">Glòria Arias, professora de Ciències, Tecnologia i tutora de 1r A</p>
<p style="text-align: left; padding-left: 30px;">Josep Maria Astals, professor de Ciències i cotutor</p>
<p style="text-align: left; padding-left: 30px;">Maria Beneyto, professora de Castellà, Coordinadora LIC i Tutora 2n B</p>
<p style="text-align: left; padding-left: 30px;">Marçal Botey, professor d&#8217;instrumentals i Psicopedagog de 1r i 2n ESO</p>
<p style="text-align: left; padding-left: 30px;">Tayeb Bouassoule, professor de Matemàtiques i cotutor</p>
<p style="text-align: left; padding-left: 30px;">Marta Casas, professora d&#8217;Anglès, Educació física i Coordinadora de l&#8217;ESO</p>
<p style="text-align: left; padding-left: 30px;">Olga Culleré, professora de Català, Ciències socials i Tutora 2n A</p>
<p style="text-align: left; padding-left: 30px;">Boris Mir, professor de Música i Cap d’estudis del centre</p>
<p style="text-align: left; padding-left: 30px;">Rosa Sardà, profesora de Català i Directora del centre</p>
<p style="text-align: left; padding-left: 30px;">Ribamar Rodrígues, professor de Castellà, Anglès 1r i tutor 1r B</p>
<p style="text-align: left; padding-left: 30px;">Lluís Tomàs, professor de Matemàtiques, Tecnologia i Coordinador informàtic</p>
<p><span style="color: #000080;"><strong>Matèries optatives</strong></span></p>
<p style="padding-left: 30px;">1. “Viure i conviure” per Marçal Botey</p>
<p style="padding-left: 30px;">2. “La Terra inquieta” per Glòria Àrias</p>
<p style="padding-left: 30px;">3. “Taller de ràdio” per Lluís Tomàs</p>
<p style="padding-left: 30px;">4. “Francès” per Rosa Sardà</p>
<p style="padding-left: 30px;">5. Introducció al teatre per Olga Culleré</p>
<p style="padding-left: 30px;">6. “Fem la revista” per Maria Beneyto</p>
<div>
<div>
<dl id="attachment_36">
<dt><a href="http://agora.xtec.cat/ielesvinyes/wp-content/uploads/usu1433/2011/07/paraules.gif"><img loading="lazy" decoding="async" title="Projecte educatiu" src="http://agora.xtec.cat/ielesvinyes/wp-content/uploads/usu1433/2011/07/paraules.gif" alt="Projecte educatiu" width="567" height="319" /></a></dt>
<dd>Projecte educatiu</dd>
</dl>
</div>
</div>

<p>► EQUIP DIRECTIU Directora: Rosa Sardà Cap d’estudis: Boris Mir Secretària: Núria Orte ► EQUIP DOCENT D’EDUCACIÓ INFANTIL Raquel Quero, mestra tutora de P3 Inés Algar, mestra tutora de P4 A Cristina Franch, mestra tutora P4 B i coordinadora Infantil Anna Sadurní, mestra tutora P5 A i Coordinadora Riscos Laborals Angelina Xiberta, mestra tutora P5 [&hellip;]</p>
