{"id":5488,"date":"2020-02-04T04:56:32","date_gmt":"2020-02-04T03:56:32","guid":{"rendered":"http:\/\/agora.xtec.cat\/ielesvinyes\/?page_id=5488"},"modified":"2020-02-04T07:11:08","modified_gmt":"2020-02-04T06:11:08","slug":"afa-qui-som-ojectius","status":"publish","type":"page","link":"https:\/\/agora.xtec.cat\/ielesvinyes\/afa-les-vinyes\/afa-qui-som\/afa-qui-som-ojectius\/","title":{"rendered":"AFA: Qui som? &#8211; Ojectius"},"content":{"rendered":"<p style=\"text-align: justify;\">Els <strong>objectius\u00a0<\/strong>principals\u00a0de l&#8217;AFA s\u00f3n:<\/p>\n<ul>\n<li><strong>Promoure la participaci\u00f3<\/strong>\u00a0de les fam\u00edlies per integrar-los en la comunitat educativa del Centre.<\/li>\n<li><strong>Oferir serveis<\/strong> que facilitin la conciliaci\u00f3 familiar amb la laboral.<\/li>\n<li><strong>Col\u2022laborar<\/strong>, organitzar i promoure activitats educatives i l\u00fadiques en el Centre.<\/li>\n<li><strong>Aconseguir recursos econ\u00f2mics<\/strong> i material per la millora del Centre.<\/li>\n<li><strong>Representar<\/strong> a les fam\u00edlies en el:<\/li>\n<\/ul>\n<p style=\"padding-left: 90px;\"><strong><span style=\"color: #0c97c9;\">Consell Escolar <\/span><\/strong><span style=\"color: #0c97c9;\">de l&#8217;Institut-Escola<\/span>\u00a0\u00a0<a href=\"https:\/\/agora.xtec.cat\/ielesvinyes\/afa-les-vinyes\/afa-qui-som\/afa-qui-som-ojectius\/consell-escolar\/\"><img loading=\"lazy\" decoding=\"async\" class=\"alignnone wp-image-5552\" title=\"Veure m\u00e9s\" src=\"https:\/\/agora.xtec.cat\/ielesvinyes\/wp-content\/uploads\/usu1433\/2020\/02\/anar-a.png\" alt=\"\" width=\"21\" height=\"21\" srcset=\"https:\/\/agora.xtec.cat\/ielesvinyes\/wp-content\/uploads\/usu1433\/2020\/02\/anar-a.png 512w, https:\/\/agora.xtec.cat\/ielesvinyes\/wp-content\/uploads\/usu1433\/2020\/02\/anar-a-150x150.png 150w, https:\/\/agora.xtec.cat\/ielesvinyes\/wp-content\/uploads\/usu1433\/2020\/02\/anar-a-300x300.png 300w\" sizes=\"auto, (max-width: 21px) 100vw, 21px\" \/><\/a><br \/>\n<strong><span style=\"color: #0c97c9;\">Consell Escolar<\/span><\/strong><span style=\"color: #0c97c9;\"> Municipal<\/span><strong> \u00a0<a href=\"http:\/\/agora.xtec.cat\/ielesvinyes\/ampa\/consell-escolar-municipal\/\"><img loading=\"lazy\" decoding=\"async\" class=\"alignnone wp-image-5552\" title=\"Veure m\u00e9s\" src=\"https:\/\/agora.xtec.cat\/ielesvinyes\/wp-content\/uploads\/usu1433\/2020\/02\/anar-a.png\" alt=\"\" width=\"21\" height=\"21\" srcset=\"https:\/\/agora.xtec.cat\/ielesvinyes\/wp-content\/uploads\/usu1433\/2020\/02\/anar-a.png 512w, https:\/\/agora.xtec.cat\/ielesvinyes\/wp-content\/uploads\/usu1433\/2020\/02\/anar-a-150x150.png 150w, https:\/\/agora.xtec.cat\/ielesvinyes\/wp-content\/uploads\/usu1433\/2020\/02\/anar-a-300x300.png 300w\" sizes=\"auto, (max-width: 21px) 100vw, 21px\" \/><\/a><\/strong><br \/>\n<strong><span style=\"color: #0c97c9;\">Projecte Educatiu de Ciutat <\/span><\/strong><span style=\"color: #0c97c9;\">(PEC)<\/span><strong> \u00a0<a href=\"http:\/\/agora.xtec.cat\/ielesvinyes\/ampa\/projecte-educatiu-de-ciutat\/\"><img loading=\"lazy\" decoding=\"async\" class=\"alignnone wp-image-5552\" title=\"Veure m\u00e9s\" src=\"https:\/\/agora.xtec.cat\/ielesvinyes\/wp-content\/uploads\/usu1433\/2020\/02\/anar-a.png\" alt=\"\" width=\"21\" height=\"21\" srcset=\"https:\/\/agora.xtec.cat\/ielesvinyes\/wp-content\/uploads\/usu1433\/2020\/02\/anar-a.png 512w, https:\/\/agora.xtec.cat\/ielesvinyes\/wp-content\/uploads\/usu1433\/2020\/02\/anar-a-150x150.png 150w, https:\/\/agora.xtec.cat\/ielesvinyes\/wp-content\/uploads\/usu1433\/2020\/02\/anar-a-300x300.png 300w\" sizes=\"auto, (max-width: 21px) 100vw, 21px\" \/><\/a><\/strong><\/p>\n<ul>\n<li><strong>Comunicar i intercanviar opinions amb la resta d\u2019entitats i associacions<\/strong>.<\/li>\n<\/ul>\n","protected":false},"excerpt":{"rendered":"<p>Els objectius\u00a0principals\u00a0de l&#8217;AFA s\u00f3n: Promoure la participaci\u00f3\u00a0de les fam\u00edlies per integrar-los en la comunitat educativa del Centre. Oferir serveis que facilitin la conciliaci\u00f3 familiar amb la laboral. Col\u2022laborar, organitzar i promoure activitats educatives i l\u00fadiques en el Centre. Aconseguir recursos econ\u00f2mics i material per la millora del Centre. Representar a les fam\u00edlies en el: Consell [&hellip;]<\/p>\n","protected":false},"author":52,"featured_media":0,"parent":83,"menu_order":0,"comment_status":"closed","ping_status":"closed","template":"","meta":{"_bbp_topic_count":0,"_bbp_reply_count":0,"_bbp_total_topic_count":0,"_bbp_total_reply_count":0,"_bbp_voice_count":0,"_bbp_anonymous_reply_count":0,"_bbp_topic_count_hidden":0,"_bbp_reply_count_hidden":0,"_bbp_forum_subforum_count":0,"site-sidebar-layout":"default","site-content-layout":"","ast-site-content-layout":"","site-content-style":"default","site-sidebar-style":"default","ast-global-header-display":"","ast-banner-title-visibility":"","ast-main-header-display":"","ast-hfb-above-header-display":"","ast-hfb-below-header-display":"","ast-hfb-mobile-header-display":"","site-post-title":"","ast-breadcrumbs-content":"","ast-featured-img":"","footer-sml-layout":"","theme-transparent-header-meta":"","adv-header-id-meta":"","stick-header-meta":"","header-above-stick-meta":"","header-main-stick-meta":"","header-below-stick-meta":"","astra-migrate-meta-layouts":"default","ast-page-background-enabled":"default","ast-page-background-meta":{"desktop":{"background-color":"var(--ast-global-color-4)","background-image":"","background-repeat":"repeat","background-position":"center center","background-size":"auto","background-attachment":"scroll","background-type":"","background-media":"","overlay-type":"","overlay-color":"","overlay-opacity":"","overlay-gradient":""},"tablet":{"background-color":"","background-image":"","background-repeat":"repeat","background-position":"center center","background-size":"auto","background-attachment":"scroll","background-type":"","background-media":"","overlay-type":"","overlay-color":"","overlay-opacity":"","overlay-gradient":""},"mobile":{"background-color":"","background-image":"","background-repeat":"repeat","background-position":"center center","background-size":"auto","background-attachment":"scroll","background-type":"","background-media":"","overlay-type":"","overlay-color":"","overlay-opacity":"","overlay-gradient":""}},"ast-content-background-meta":{"desktop":{"background-color":"var(--ast-global-color-5)","background-image":"","background-repeat":"repeat","background-position":"center center","background-size":"auto","background-attachment":"scroll","background-type":"","background-media":"","overlay-type":"","overlay-color":"","overlay-opacity":"","overlay-gradient":""},"tablet":{"background-color":"var(--ast-global-color-5)","background-image":"","background-repeat":"repeat","background-position":"center center","background-size":"auto","background-attachment":"scroll","background-type":"","background-media":"","overlay-type":"","overlay-color":"","overlay-opacity":"","overlay-gradient":""},"mobile":{"background-color":"var(--ast-global-color-5)","background-image":"","background-repeat":"repeat","background-position":"center center","background-size":"auto","background-attachment":"scroll","background-type":"","background-media":"","overlay-type":"","overlay-color":"","overlay-opacity":"","overlay-gradient":""}},"footnotes":""},"class_list":["post-5488","page","type-page","status-publish","hentry"],"post_mailing_queue_ids":[],"_links":{"self":[{"href":"https:\/\/agora.xtec.cat\/ielesvinyes\/wp-json\/wp\/v2\/pages\/5488","targetHints":{"allow":["GET"]}}],"collection":[{"href":"https:\/\/agora.xtec.cat\/ielesvinyes\/wp-json\/wp\/v2\/pages"}],"about":[{"href":"https:\/\/agora.xtec.cat\/ielesvinyes\/wp-json\/wp\/v2\/types\/page"}],"author":[{"embeddable":true,"href":"https:\/\/agora.xtec.cat\/ielesvinyes\/wp-json\/wp\/v2\/users\/52"}],"replies":[{"embeddable":true,"href":"https:\/\/agora.xtec.cat\/ielesvinyes\/wp-json\/wp\/v2\/comments?post=5488"}],"version-history":[{"count":3,"href":"https:\/\/agora.xtec.cat\/ielesvinyes\/wp-json\/wp\/v2\/pages\/5488\/revisions"}],"predecessor-version":[{"id":5558,"href":"https:\/\/agora.xtec.cat\/ielesvinyes\/wp-json\/wp\/v2\/pages\/5488\/revisions\/5558"}],"up":[{"embeddable":true,"href":"https:\/\/agora.xtec.cat\/ielesvinyes\/wp-json\/wp\/v2\/pages\/83"}],"wp:attachment":[{"href":"https:\/\/agora.xtec.cat\/ielesvinyes\/wp-json\/wp\/v2\/media?parent=5488"}],"curies":[{"name":"wp","href":"https:\/\/api.w.org\/{rel}","templated":true}]}}

<p style="text-align: justify;">Els <strong>objectius </strong>principals de l&#8217;AFA són:</p>
<ul>
<li><strong>Promoure la participació</strong> de les famílies per integrar-los en la comunitat educativa del Centre.</li>
<li><strong>Oferir serveis</strong> que facilitin la conciliació familiar amb la laboral.</li>
<li><strong>Col•laborar</strong>, organitzar i promoure activitats educatives i lúdiques en el Centre.</li>
<li><strong>Aconseguir recursos econòmics</strong> i material per la millora del Centre.</li>
<li><strong>Representar</strong> a les famílies en el:</li>
</ul>
<p style="padding-left: 90px;"><strong><span style="color: #0c97c9;">Consell Escolar </span></strong><span style="color: #0c97c9;">de l&#8217;Institut-Escola</span>  <a href="https://agora.xtec.cat/ielesvinyes/afa-les-vinyes/afa-qui-som/afa-qui-som-ojectius/consell-escolar/"><img loading="lazy" decoding="async" class="alignnone wp-image-5552" title="Veure més" src="https://agora.xtec.cat/ielesvinyes/wp-content/uploads/usu1433/2020/02/anar-a.png" alt="" width="21" height="21" srcset="https://agora.xtec.cat/ielesvinyes/wp-content/uploads/usu1433/2020/02/anar-a.png 512w, https://agora.xtec.cat/ielesvinyes/wp-content/uploads/usu1433/2020/02/anar-a-150x150.png 150w, https://agora.xtec.cat/ielesvinyes/wp-content/uploads/usu1433/2020/02/anar-a-300x300.png 300w" sizes="auto, (max-width: 21px) 100vw, 21px" /></a><br />
<strong><span style="color: #0c97c9;">Consell Escolar</span></strong><span style="color: #0c97c9;"> Municipal</span><strong>  <a href="http://agora.xtec.cat/ielesvinyes/ampa/consell-escolar-municipal/"><img loading="lazy" decoding="async" class="alignnone wp-image-5552" title="Veure més" src="https://agora.xtec.cat/ielesvinyes/wp-content/uploads/usu1433/2020/02/anar-a.png" alt="" width="21" height="21" srcset="https://agora.xtec.cat/ielesvinyes/wp-content/uploads/usu1433/2020/02/anar-a.png 512w, https://agora.xtec.cat/ielesvinyes/wp-content/uploads/usu1433/2020/02/anar-a-150x150.png 150w, https://agora.xtec.cat/ielesvinyes/wp-content/uploads/usu1433/2020/02/anar-a-300x300.png 300w" sizes="auto, (max-width: 21px) 100vw, 21px" /></a></strong><br />
<strong><span style="color: #0c97c9;">Projecte Educatiu de Ciutat </span></strong><span style="color: #0c97c9;">(PEC)</span><strong>  <a href="http://agora.xtec.cat/ielesvinyes/ampa/projecte-educatiu-de-ciutat/"><img loading="lazy" decoding="async" class="alignnone wp-image-5552" title="Veure més" src="https://agora.xtec.cat/ielesvinyes/wp-content/uploads/usu1433/2020/02/anar-a.png" alt="" width="21" height="21" srcset="https://agora.xtec.cat/ielesvinyes/wp-content/uploads/usu1433/2020/02/anar-a.png 512w, https://agora.xtec.cat/ielesvinyes/wp-content/uploads/usu1433/2020/02/anar-a-150x150.png 150w, https://agora.xtec.cat/ielesvinyes/wp-content/uploads/usu1433/2020/02/anar-a-300x300.png 300w" sizes="auto, (max-width: 21px) 100vw, 21px" /></a></strong></p>
<ul>
<li><strong>Comunicar i intercanviar opinions amb la resta d’entitats i associacions</strong>.</li>
</ul>

<p>Els objectius principals de l&#8217;AFA són: Promoure la participació de les famílies per integrar-los en la comunitat educativa del Centre. Oferir serveis que facilitin la conciliació familiar amb la laboral. Col•laborar, organitzar i promoure activitats educatives i lúdiques en el Centre. Aconseguir recursos econòmics i material per la millora del Centre. Representar a les famílies en el: Consell [&hellip;]</p>
