{"id":4351,"date":"2017-03-08T05:20:18","date_gmt":"2017-03-08T04:20:18","guid":{"rendered":"http:\/\/ampa.ielesvinyes.net\/stage1\/?page_id=3471"},"modified":"2023-02-20T19:33:52","modified_gmt":"2023-02-20T18:33:52","slug":"acollida-de-tarda","status":"publish","type":"page","link":"https:\/\/agora.xtec.cat\/ielesvinyes\/afa-les-vinyes\/serveis-afa\/acollida\/acollida-de-tarda\/","title":{"rendered":"AFA: Serveis &#8211; Acollida -> Acollida de tarda"},"content":{"rendered":"<p style=\"text-align: justify;\">L&#8217;AFA organitza el servei escolar d&#8217;acollida i contracta aquest\u00a0servei\u00a0amb la mateixa empresa que gestiona el menjador escolar, <strong>&#8220;Cooperativa DOBLE VIA&#8221;<\/strong>.<\/p>\n<p style=\"text-align: justify;\"><span style=\"color: #808000;\"><strong>Acollida de tarda INFANTIL i PRIM\u00c0RIA*<\/strong><\/span><\/p>\n<p><em>*ATENCI\u00d3: el servei d\u2019acollida de tarda s\u2019oferir\u00e0 durant tot el mes de setembre. A partir del mes d\u2019octubre, en qu\u00e8 tamb\u00e9 hi haur\u00e0 disponibles activitats extraescolars, la seva continu\u00eftat quedar\u00e0 condicionada a la demanda (nom\u00e9s es continuar\u00e0 mantenint si es pot garantir un nombre fix d\u2019alumnes durant tot el curs).<\/em><\/p>\n<p><strong>Tardes: <\/strong>de<strong> 16.30 a 17.30h.\u00a0<\/strong><\/p>\n<p><strong>Sortida dels infants:<\/strong> Porta principal del centre (carrer Major)<\/p>\n<p style=\"text-align: justify;\"><span style=\"color: #808000;\"><strong>Preus\u00a0\u00a0<\/strong><\/span><em><span style=\"color: #000000;\">(Curs &#8217;22 &#8211; &#8217;23)<\/span><\/em><\/p>\n<table style=\"border-collapse: collapse; width: 47.2081%;\">\n<tbody>\n<tr>\n<td style=\"width: 35.5031%;\"><strong>Horari d&#8217;acollida<\/strong><\/td>\n<td style=\"width: 16.5369%; text-align: center;\"><strong>Servei FIX<\/strong><\/td>\n<td style=\"width: 25.8094%; text-align: center;\"><strong>Servei espor\u00e0ric<\/strong><\/td>\n<\/tr>\n<tr>\n<td style=\"width: 35.5031%;\">16:30 a 17:30 h (60 minuts)<\/td>\n<td style=\"width: 16.5369%; text-align: center;\">35 \u20ac<\/td>\n<td style=\"width: 25.8094%; text-align: center;\">3.30\u20ac<\/td>\n<\/tr>\n<\/tbody>\n<\/table>\n<p><span style=\"color: #808000;\"><strong>Inscripci\u00f3<\/strong><\/span><\/p>\n<p>Les inscripcions al servei d\u2019acollida de tarda es faran on line a trav\u00e9s de l\u2019aplicatiu inform\u00e0tic:\u00a0<a href=\"https:\/\/inscripcions.menjasa.coop\/login\">https:\/\/inscripcions.menjasa.coop\/login<\/a>.<\/p>\n<p style=\"text-align: justify;\">Per a qualsevol q\u00fcesti\u00f3 relacionada amb el servei d&#8217;acollida podeu contactar amb la coordinadora del servei (Cristina),<br \/>\na trav\u00e9s del tel\u00e8fon <strong>694 412 534<\/strong>.<\/p>\n<p><span style=\"color: #0c97c9;\"><strong><em>Si algun dia teniu una emerg\u00e8ncia, podeu utilitzar el servei d\u2019acollida avisant pr\u00e8viament per Whatsapp o b\u00e9 trucant a la secretaria del centre!!!<\/em><\/strong><\/span><\/p>\n<p style=\"text-align: justify;\"><em>Si teniu dubtes o suggeriments que\u00a0volgueu transmetre a l&#8217;AFA, podeu enviar un correu a <a href=\"mailto:menjador.afa@ielesvinyes.net\"><strong>menjador.afa@ielesvinyes.net<\/strong><\/a><\/em><\/p>\n","protected":false},"excerpt":{"rendered":"<p>L&#8217;AFA organitza el servei escolar d&#8217;acollida i contracta aquest\u00a0servei\u00a0amb la mateixa empresa que gestiona el menjador escolar, &#8220;Cooperativa DOBLE VIA&#8221;. Acollida de tarda INFANTIL i PRIM\u00c0RIA* *ATENCI\u00d3: el servei d\u2019acollida de tarda s\u2019oferir\u00e0 durant tot el mes de setembre. A partir del mes d\u2019octubre, en qu\u00e8 tamb\u00e9 hi haur\u00e0 disponibles activitats extraescolars, la seva continu\u00eftat [&hellip;]<\/p>\n","protected":false},"author":52,"featured_media":0,"parent":5181,"menu_order":2,"comment_status":"closed","ping_status":"closed","template":"","meta":{"_bbp_topic_count":0,"_bbp_reply_count":0,"_bbp_total_topic_count":0,"_bbp_total_reply_count":0,"_bbp_voice_count":0,"_bbp_anonymous_reply_count":0,"_bbp_topic_count_hidden":0,"_bbp_reply_count_hidden":0,"_bbp_forum_subforum_count":0,"site-sidebar-layout":"default","site-content-layout":"","ast-site-content-layout":"","site-content-style":"default","site-sidebar-style":"default","ast-global-header-display":"","ast-banner-title-visibility":"","ast-main-header-display":"","ast-hfb-above-header-display":"","ast-hfb-below-header-display":"","ast-hfb-mobile-header-display":"","site-post-title":"","ast-breadcrumbs-content":"","ast-featured-img":"","footer-sml-layout":"","theme-transparent-header-meta":"","adv-header-id-meta":"","stick-header-meta":"","header-above-stick-meta":"","header-main-stick-meta":"","header-below-stick-meta":"","astra-migrate-meta-layouts":"default","ast-page-background-enabled":"default","ast-page-background-meta":{"desktop":{"background-color":"var(--ast-global-color-4)","background-image":"","background-repeat":"repeat","background-position":"center center","background-size":"auto","background-attachment":"scroll","background-type":"","background-media":"","overlay-type":"","overlay-color":"","overlay-opacity":"","overlay-gradient":""},"tablet":{"background-color":"","background-image":"","background-repeat":"repeat","background-position":"center center","background-size":"auto","background-attachment":"scroll","background-type":"","background-media":"","overlay-type":"","overlay-color":"","overlay-opacity":"","overlay-gradient":""},"mobile":{"background-color":"","background-image":"","background-repeat":"repeat","background-position":"center center","background-size":"auto","background-attachment":"scroll","background-type":"","background-media":"","overlay-type":"","overlay-color":"","overlay-opacity":"","overlay-gradient":""}},"ast-content-background-meta":{"desktop":{"background-color":"var(--ast-global-color-5)","background-image":"","background-repeat":"repeat","background-position":"center center","background-size":"auto","background-attachment":"scroll","background-type":"","background-media":"","overlay-type":"","overlay-color":"","overlay-opacity":"","overlay-gradient":""},"tablet":{"background-color":"var(--ast-global-color-5)","background-image":"","background-repeat":"repeat","background-position":"center center","background-size":"auto","background-attachment":"scroll","background-type":"","background-media":"","overlay-type":"","overlay-color":"","overlay-opacity":"","overlay-gradient":""},"mobile":{"background-color":"var(--ast-global-color-5)","background-image":"","background-repeat":"repeat","background-position":"center center","background-size":"auto","background-attachment":"scroll","background-type":"","background-media":"","overlay-type":"","overlay-color":"","overlay-opacity":"","overlay-gradient":""}},"footnotes":""},"class_list":["post-4351","page","type-page","status-publish","hentry"],"post_mailing_queue_ids":[],"_links":{"self":[{"href":"https:\/\/agora.xtec.cat\/ielesvinyes\/wp-json\/wp\/v2\/pages\/4351","targetHints":{"allow":["GET"]}}],"collection":[{"href":"https:\/\/agora.xtec.cat\/ielesvinyes\/wp-json\/wp\/v2\/pages"}],"about":[{"href":"https:\/\/agora.xtec.cat\/ielesvinyes\/wp-json\/wp\/v2\/types\/page"}],"author":[{"embeddable":true,"href":"https:\/\/agora.xtec.cat\/ielesvinyes\/wp-json\/wp\/v2\/users\/52"}],"replies":[{"embeddable":true,"href":"https:\/\/agora.xtec.cat\/ielesvinyes\/wp-json\/wp\/v2\/comments?post=4351"}],"version-history":[{"count":5,"href":"https:\/\/agora.xtec.cat\/ielesvinyes\/wp-json\/wp\/v2\/pages\/4351\/revisions"}],"predecessor-version":[{"id":7394,"href":"https:\/\/agora.xtec.cat\/ielesvinyes\/wp-json\/wp\/v2\/pages\/4351\/revisions\/7394"}],"up":[{"embeddable":true,"href":"https:\/\/agora.xtec.cat\/ielesvinyes\/wp-json\/wp\/v2\/pages\/5181"}],"wp:attachment":[{"href":"https:\/\/agora.xtec.cat\/ielesvinyes\/wp-json\/wp\/v2\/media?parent=4351"}],"curies":[{"name":"wp","href":"https:\/\/api.w.org\/{rel}","templated":true}]}}

<p style="text-align: justify;">L&#8217;AFA organitza el servei escolar d&#8217;acollida i contracta aquest servei amb la mateixa empresa que gestiona el menjador escolar, <strong>&#8220;Cooperativa DOBLE VIA&#8221;</strong>.</p>
<p style="text-align: justify;"><span style="color: #808000;"><strong>Acollida de tarda INFANTIL i PRIMÀRIA*</strong></span></p>
<p><em>*ATENCIÓ: el servei d’acollida de tarda s’oferirà durant tot el mes de setembre. A partir del mes d’octubre, en què també hi haurà disponibles activitats extraescolars, la seva continuïtat quedarà condicionada a la demanda (només es continuarà mantenint si es pot garantir un nombre fix d’alumnes durant tot el curs).</em></p>
<p><strong>Tardes: </strong>de<strong> 16.30 a 17.30h. </strong></p>
<p><strong>Sortida dels infants:</strong> Porta principal del centre (carrer Major)</p>
<p style="text-align: justify;"><span style="color: #808000;"><strong>Preus  </strong></span><em><span style="color: #000000;">(Curs &#8217;22 &#8211; &#8217;23)</span></em></p>
<table style="border-collapse: collapse; width: 47.2081%;">
<tbody>
<tr>
<td style="width: 35.5031%;"><strong>Horari d&#8217;acollida</strong></td>
<td style="width: 16.5369%; text-align: center;"><strong>Servei FIX</strong></td>
<td style="width: 25.8094%; text-align: center;"><strong>Servei esporàric</strong></td>
</tr>
<tr>
<td style="width: 35.5031%;">16:30 a 17:30 h (60 minuts)</td>
<td style="width: 16.5369%; text-align: center;">35 €</td>
<td style="width: 25.8094%; text-align: center;">3.30€</td>
</tr>
</tbody>
</table>
<p><span style="color: #808000;"><strong>Inscripció</strong></span></p>
<p>Les inscripcions al servei d’acollida de tarda es faran on line a través de l’aplicatiu informàtic: <a href="https://inscripcions.menjasa.coop/login">https://inscripcions.menjasa.coop/login</a>.</p>
<p style="text-align: justify;">Per a qualsevol qüestió relacionada amb el servei d&#8217;acollida podeu contactar amb la coordinadora del servei (Cristina),<br />
a través del telèfon <strong>694 412 534</strong>.</p>
<p><span style="color: #0c97c9;"><strong><em>Si algun dia teniu una emergència, podeu utilitzar el servei d’acollida avisant prèviament per Whatsapp o bé trucant a la secretaria del centre!!!</em></strong></span></p>
<p style="text-align: justify;"><em>Si teniu dubtes o suggeriments que volgueu transmetre a l&#8217;AFA, podeu enviar un correu a <a href="mailto:menjador.afa@ielesvinyes.net"><strong>menjador.afa@ielesvinyes.net</strong></a></em></p>

<p>L&#8217;AFA organitza el servei escolar d&#8217;acollida i contracta aquest servei amb la mateixa empresa que gestiona el menjador escolar, &#8220;Cooperativa DOBLE VIA&#8221;. Acollida de tarda INFANTIL i PRIMÀRIA* *ATENCIÓ: el servei d’acollida de tarda s’oferirà durant tot el mes de setembre. A partir del mes d’octubre, en què també hi haurà disponibles activitats extraescolars, la seva continuïtat [&hellip;]</p>
