{"id":4340,"date":"2012-02-10T16:31:31","date_gmt":"2012-02-10T15:31:31","guid":{"rendered":"http:\/\/ampa.ielesvinyes.net\/stage1\/?page_id=7"},"modified":"2025-06-11T21:33:20","modified_gmt":"2025-06-11T19:33:20","slug":"menjador","status":"publish","type":"page","link":"https:\/\/agora.xtec.cat\/ielesvinyes\/afa-les-vinyes\/serveis-afa\/menjador\/","title":{"rendered":"AFA: Serveis &#8211; Menjador"},"content":{"rendered":"<p style=\"text-align: justify;\"><span style=\"color: #808000;\"><strong>Inscripci\u00f3<\/strong><\/span><\/p>\n<p>Les inscripcions al servei de menjador es faran on line a trav\u00e9s d&#8217;un aplicatiu inform\u00e0tic <a href=\"https:\/\/escoles.doblevia.coop\" target=\"_blank\" rel=\"noopener\">https:\/\/escoles.doblevia.coop<\/a><\/p>\n<p style=\"text-align: justify;\">A trav\u00e9s d\u2019aquest aplicatiu tindreu acc\u00e9s a un espai web personalitzat per a poder inscriure els vostres infants als serveis de menjador i acollides i, alhora, rebre les informacions del servei de menjador, men\u00fas mensuals, comunicacions, enquestes de satisfacci\u00f3, etc.<\/p>\n<p style=\"text-align: justify;\">Cal que facin la inscripci\u00f3 totes les fam\u00edlies que vulguin fer \u00fas del servei de menjador, independentment de si estaven o no inscrits el curs anterior.<\/p>\n<p><a href=\"https:\/\/agora.xtec.cat\/ielesvinyes\/wp-content\/uploads\/usu1433\/2023\/02\/Instruccions-inscripcio-2022_Catala.pdf\" target=\"_blank\" rel=\"noopener noreferrer\"><span style=\"color: #0c97c9;\"><strong>Instruccions Inscripcions Les Vinyes<\/strong><\/span><\/a> \u00a0\u00a0<a href=\"https:\/\/agora.xtec.cat\/ielesvinyes\/wp-content\/uploads\/usu1433\/2019\/12\/Instruccions-Inscripcions-Les-Vinyes.pdf\" target=\"_blank\" rel=\"noopener noreferrer\"><img loading=\"lazy\" decoding=\"async\" class=\"alignnone wp-image-5552\" src=\"https:\/\/agora.xtec.cat\/ielesvinyes\/wp-content\/uploads\/usu1433\/2020\/02\/anar-a.png\" alt=\"\" width=\"18\" height=\"18\" srcset=\"https:\/\/agora.xtec.cat\/ielesvinyes\/wp-content\/uploads\/usu1433\/2020\/02\/anar-a.png 512w, https:\/\/agora.xtec.cat\/ielesvinyes\/wp-content\/uploads\/usu1433\/2020\/02\/anar-a-150x150.png 150w, https:\/\/agora.xtec.cat\/ielesvinyes\/wp-content\/uploads\/usu1433\/2020\/02\/anar-a-300x300.png 300w\" sizes=\"auto, (max-width: 18px) 100vw, 18px\" \/><\/a><\/p>\n<hr \/>\n<p><span style=\"color: #808000;\"><strong>Horari de gesti\u00f3 del menjador<\/strong> <\/span><\/p>\n<p>Horari: de <strong>8h a 9:30h<\/strong><\/p>\n<p><span style=\"color: #808000;\"><strong>Avisos d&#8217;abs\u00e8ncies<\/strong><\/span><\/p>\n<ul>\n<li>Per tel\u00e8fon: de 8h a 9:30h<\/li>\n<li>Per whatsapp, sms o correu electr\u00f2nic: abans de les 9:30h<\/li>\n<\/ul>\n<p><span style=\"color: #808000;\"><strong>Atenci\u00f3 a les fam\u00edlies<\/strong><\/span><\/p>\n<p>Persona de contacte: <b><i>Cristina <\/i><\/b>(coordinadora)<\/p>\n<p style=\"text-align: justify;\">Per a qualsevol q\u00fcesti\u00f3 relacionada amb el servei de menjador podeu contactar a trav\u00e9s del tel\u00e8fon <strong>694 412 534<\/strong><strong>\u00a0(trucada, whatsapp o sms) <\/strong>o del correu electr\u00f2nic de la coordinadora (Cristina)<em><span style=\"color: #ff6600;\"><strong>\u00a0<a href=\"mailto:menjador.ielesvinyes@doblevia.coop\">menjador.ielesvinyes@doblevia.coop<\/a><a href=\"http:\/\/ampa.ielesvinyes.net\/stage1\/serveis\/menjador\/menjador.ielesvinyes@doblevia.coop\">\u00a0<\/a>\u00a0<\/strong><\/span>(sempre dins l&#8217;horari de 8h a 9:30h)<\/em><\/p>\n<p><strong><span style=\"color: #ff6600;\">Per a gestions de forma presencial, caldr\u00e0 complir les seg\u00fcents mesures i recomanacions:<\/span><\/strong><\/p>\n<ul>\n<li>L&#8217;horari presencial d&#8217;atenci\u00f3 a fam\u00edlies per part de la coordinadora de menjador, ser\u00e0 <strong>de dilluns a divendres de 8h a 9.20<\/strong>.<\/li>\n<li>El punt d&#8217;atenci\u00f3 estar\u00e0 ubicat <b>a la consergeria del vest\u00edbul de la planta baixa <\/b>(al costat de la biblioteca)<b>. <\/b><b>L\u2019acc\u00e9s es far\u00e0 directament des de la porta del c. Dr. <\/b><b>Llarc<\/b><b>, si est\u00e0 oberta, o b\u00e9 per les escales exteriors que hi han a la porta principal del centre (c. Major). <span style=\"text-decoration: underline;\">En cap cas s\u2019hi accedir\u00e0 passant per l\u2019interior del centre<\/span>.<\/b><\/li>\n<\/ul>\n<p>&nbsp;<\/p>\n<hr \/>\n<p><span style=\"color: #808000;\"><b>PREUS 2023-2024<\/b><\/span><\/p>\n<p style=\"text-align: justify;\"><span style=\"color: #808000;\"><strong>Servei de menjador\u00a0FIX\u00a0<\/strong><\/span><\/p>\n<ul>\n<li style=\"text-align: justify;\"><strong><span style=\"color: #ff6600;\">Infantil i Prim\u00e0ria<\/span> &#8211; Preu\u00a0del servei<\/strong> <b>FIX<\/b><strong>:\u00a0<span style=\"color: #ff9900;\">\u00a0<span style=\"color: #ff6600;\">6,91 \u20ac\/dia<\/span><\/span>. \u00a0<\/strong><\/li>\n<\/ul>\n<ul>\n<li style=\"text-align: justify;\"><strong><span style=\"color: #ff6600;\">Secund\u00e0ria<\/span> &#8211; Preu\u00a0del servei\u00a0<\/strong><b>FIX<strong>:\u00a0<span style=\"color: #ff9900;\"><span style=\"color: #ff6600;\">6,54 \u20ac\/dia<\/span><\/span>. \u00a0<\/strong><\/b><\/li>\n<\/ul>\n<p style=\"text-align: left;\"><span style=\"color: #3366ff;\"><b>Es considera FIX aquell usuari que es queda sempre el mateix dia de la setmana, com a m\u00ednim 3 dies per setmana<\/b><\/span>.<\/p>\n<p><span style=\"color: #808000;\"><strong>Servei de menjador ESPOR\u00c0DIC\u00a0<\/strong><\/span><\/p>\n<ul>\n<li style=\"text-align: justify;\"><strong><span style=\"color: #ff6600;\">Infantil i Prim\u00e0ria<\/span> &#8211; Preu del servei ESPOR\u00c0DIC:<\/strong><strong> <span style=\"color: #ff6600;\">7,60 \u20ac\/dia<\/span>.<\/strong><\/li>\n<\/ul>\n<ul>\n<li style=\"text-align: justify;\"><strong><span style=\"color: #ff6600;\">Secund\u00e0ria<\/span> &#8211; Preu del servei ESPOR\u00c0DIC:<\/strong><strong> <span style=\"color: #ff9900;\"><span style=\"color: #ff6600;\">7,19 \u20ac\/dia<\/span><span style=\"color: #000000;\">.<\/span><\/span><\/strong><\/li>\n<\/ul>\n<p style=\"text-align: left;\"><span style=\"color: #3366ff;\"><b>La contractaci\u00f3 de serveis espor\u00e0dics es far\u00e0 exclusivament a trav\u00e9s de l\u2019app<\/b><\/span><\/p>\n<p>&nbsp;<\/p>\n<hr \/>\n<p><span style=\"color: #808000;\"><strong>HORARIS<\/strong><\/span><\/p>\n<p><strong><a href=\"https:\/\/agora.xtec.cat\/ielesvinyes\/wp-content\/uploads\/usu1433\/2023\/09\/Horaris-IE-Les-Vinyes-23-24-Catala.pdf\" target=\"_blank\" rel=\"noopener\"><span style=\"color: #0c97c9;\"><b>Horaris del servei de menjador<\/b><\/span>\u00a0 \u00a0<img loading=\"lazy\" decoding=\"async\" class=\"alignnone wp-image-5552\" src=\"https:\/\/agora.xtec.cat\/ielesvinyes\/wp-content\/uploads\/usu1433\/2020\/02\/anar-a.png\" alt=\"\" width=\"18\" height=\"18\" srcset=\"https:\/\/agora.xtec.cat\/ielesvinyes\/wp-content\/uploads\/usu1433\/2020\/02\/anar-a.png 512w, https:\/\/agora.xtec.cat\/ielesvinyes\/wp-content\/uploads\/usu1433\/2020\/02\/anar-a-150x150.png 150w, https:\/\/agora.xtec.cat\/ielesvinyes\/wp-content\/uploads\/usu1433\/2020\/02\/anar-a-300x300.png 300w\" sizes=\"auto, (max-width: 18px) 100vw, 18px\" \/><\/a><\/strong><\/p>\n<hr \/>\n<p><span style=\"color: #808000;\"><strong>NORMATIVA<\/strong><\/span><\/p>\n<p><strong><a href=\"https:\/\/agora.xtec.cat\/ielesvinyes\/wp-content\/uploads\/usu1433\/2023\/09\/Normativa-IE-Les-Vinyes-23-24-Catala.pdf\" target=\"_blank\" rel=\"noopener\"><span style=\"color: #0c97c9;\"><b>Normativa del servei de menjador<\/b><\/span>\u00a0 \u00a0<img loading=\"lazy\" decoding=\"async\" class=\"alignnone wp-image-5552\" src=\"https:\/\/agora.xtec.cat\/ielesvinyes\/wp-content\/uploads\/usu1433\/2020\/02\/anar-a.png\" alt=\"\" width=\"18\" height=\"18\" srcset=\"https:\/\/agora.xtec.cat\/ielesvinyes\/wp-content\/uploads\/usu1433\/2020\/02\/anar-a.png 512w, https:\/\/agora.xtec.cat\/ielesvinyes\/wp-content\/uploads\/usu1433\/2020\/02\/anar-a-150x150.png 150w, https:\/\/agora.xtec.cat\/ielesvinyes\/wp-content\/uploads\/usu1433\/2020\/02\/anar-a-300x300.png 300w\" sizes=\"auto, (max-width: 18px) 100vw, 18px\" \/><\/a><\/strong><\/p>\n<hr \/>\n<p><span style=\"color: #808000;\"><strong>BUTLLETINS<\/strong><\/span><\/p>\n<p><span style=\"color: #808000;\"><strong><a href=\"https:\/\/agora.xtec.cat\/ielesvinyes\/wp-content\/uploads\/usu1433\/2023\/09\/Curs-21-22-3r-trimestre.pdf\" target=\"_blank\" rel=\"noopener\"><span style=\"color: #0c97c9;\"><b>Curs 21\/22 &#8211; 3er trimestre<\/b><\/span>\u00a0 \u00a0<img loading=\"lazy\" decoding=\"async\" class=\"alignnone wp-image-5552\" src=\"https:\/\/agora.xtec.cat\/ielesvinyes\/wp-content\/uploads\/usu1433\/2020\/02\/anar-a.png\" alt=\"\" width=\"18\" height=\"18\" srcset=\"https:\/\/agora.xtec.cat\/ielesvinyes\/wp-content\/uploads\/usu1433\/2020\/02\/anar-a.png 512w, https:\/\/agora.xtec.cat\/ielesvinyes\/wp-content\/uploads\/usu1433\/2020\/02\/anar-a-150x150.png 150w, https:\/\/agora.xtec.cat\/ielesvinyes\/wp-content\/uploads\/usu1433\/2020\/02\/anar-a-300x300.png 300w\" sizes=\"auto, (max-width: 18px) 100vw, 18px\" \/><\/a><\/strong><\/span><\/p>\n<p><span style=\"color: #808000;\"><strong><a href=\"https:\/\/agora.xtec.cat\/ielesvinyes\/wp-content\/uploads\/usu1433\/2023\/09\/Curs-21-22-2n-trimestre.pdf\" target=\"_blank\" rel=\"noopener\"><span style=\"color: #0c97c9;\"><b>Curs 21\/22 &#8211; 2n trimestre<\/b><\/span>\u00a0 \u00a0<img loading=\"lazy\" decoding=\"async\" class=\"alignnone wp-image-5552\" src=\"https:\/\/agora.xtec.cat\/ielesvinyes\/wp-content\/uploads\/usu1433\/2020\/02\/anar-a.png\" alt=\"\" width=\"18\" height=\"18\" srcset=\"https:\/\/agora.xtec.cat\/ielesvinyes\/wp-content\/uploads\/usu1433\/2020\/02\/anar-a.png 512w, https:\/\/agora.xtec.cat\/ielesvinyes\/wp-content\/uploads\/usu1433\/2020\/02\/anar-a-150x150.png 150w, https:\/\/agora.xtec.cat\/ielesvinyes\/wp-content\/uploads\/usu1433\/2020\/02\/anar-a-300x300.png 300w\" sizes=\"auto, (max-width: 18px) 100vw, 18px\" \/><\/a><\/strong><\/span><\/p>\n<p><span style=\"color: #808000;\"><strong><a href=\"https:\/\/agora.xtec.cat\/ielesvinyes\/wp-content\/uploads\/usu1433\/2022\/02\/Butlleti-Menjador-1r-trimestre.pdf\" target=\"_blank\" rel=\"noopener\"><span style=\"color: #0c97c9;\"><b>Curs 21\/22 &#8211; 1er trimestre<\/b><\/span>\u00a0 \u00a0<img loading=\"lazy\" decoding=\"async\" class=\"alignnone wp-image-5552\" src=\"https:\/\/agora.xtec.cat\/ielesvinyes\/wp-content\/uploads\/usu1433\/2020\/02\/anar-a.png\" alt=\"\" width=\"18\" height=\"18\" srcset=\"https:\/\/agora.xtec.cat\/ielesvinyes\/wp-content\/uploads\/usu1433\/2020\/02\/anar-a.png 512w, https:\/\/agora.xtec.cat\/ielesvinyes\/wp-content\/uploads\/usu1433\/2020\/02\/anar-a-150x150.png 150w, https:\/\/agora.xtec.cat\/ielesvinyes\/wp-content\/uploads\/usu1433\/2020\/02\/anar-a-300x300.png 300w\" sizes=\"auto, (max-width: 18px) 100vw, 18px\" \/><\/a><\/strong><\/span><\/p>\n<p><span style=\"color: #808000;\"><strong><a href=\"https:\/\/agora.xtec.cat\/ielesvinyes\/wp-content\/uploads\/usu1433\/2023\/09\/Curs-20-21-3r-trimestre.pdf\" target=\"_blank\" rel=\"noopener\"><span style=\"color: #0c97c9;\"><b>Curs 20\/21 &#8211; 3er trimestre<\/b><\/span>\u00a0 \u00a0<img loading=\"lazy\" decoding=\"async\" class=\"alignnone wp-image-5552\" src=\"https:\/\/agora.xtec.cat\/ielesvinyes\/wp-content\/uploads\/usu1433\/2020\/02\/anar-a.png\" alt=\"\" width=\"18\" height=\"18\" srcset=\"https:\/\/agora.xtec.cat\/ielesvinyes\/wp-content\/uploads\/usu1433\/2020\/02\/anar-a.png 512w, https:\/\/agora.xtec.cat\/ielesvinyes\/wp-content\/uploads\/usu1433\/2020\/02\/anar-a-150x150.png 150w, https:\/\/agora.xtec.cat\/ielesvinyes\/wp-content\/uploads\/usu1433\/2020\/02\/anar-a-300x300.png 300w\" sizes=\"auto, (max-width: 18px) 100vw, 18px\" \/><\/a><\/strong><\/span><\/p>\n<p><span style=\"color: #808000;\"><strong><a href=\"https:\/\/agora.xtec.cat\/ielesvinyes\/wp-content\/uploads\/usu1433\/2023\/09\/Curs-18-19-2n-trimestre.pdf\" target=\"_blank\" rel=\"noopener\"><span style=\"color: #0c97c9;\"><b>Curs 18\/19 &#8211; 2n trimestre<\/b><\/span>\u00a0 \u00a0<img loading=\"lazy\" decoding=\"async\" class=\"alignnone wp-image-5552\" src=\"https:\/\/agora.xtec.cat\/ielesvinyes\/wp-content\/uploads\/usu1433\/2020\/02\/anar-a.png\" alt=\"\" width=\"18\" height=\"18\" srcset=\"https:\/\/agora.xtec.cat\/ielesvinyes\/wp-content\/uploads\/usu1433\/2020\/02\/anar-a.png 512w, https:\/\/agora.xtec.cat\/ielesvinyes\/wp-content\/uploads\/usu1433\/2020\/02\/anar-a-150x150.png 150w, https:\/\/agora.xtec.cat\/ielesvinyes\/wp-content\/uploads\/usu1433\/2020\/02\/anar-a-300x300.png 300w\" sizes=\"auto, (max-width: 18px) 100vw, 18px\" \/><\/a><\/strong><\/span><\/p>\n<p><span style=\"color: #808000;\"><strong><a href=\"https:\/\/agora.xtec.cat\/ielesvinyes\/wp-content\/uploads\/usu1433\/2022\/02\/Butlleti-Menjador-1r-trimestre.pdf\" target=\"_blank\" rel=\"noopener\"><span style=\"color: #0c97c9;\"><b>Curs 18\/19 &#8211; 1er trimestre<\/b><\/span>\u00a0 \u00a0<\/a><a href=\"https:\/\/agora.xtec.cat\/ielesvinyes\/wp-content\/uploads\/usu1433\/2023\/09\/Curs-18-19-1r-trimestre.pdf\" target=\"_blank\" rel=\"noopener\"><img loading=\"lazy\" decoding=\"async\" class=\"alignnone wp-image-5552\" src=\"https:\/\/agora.xtec.cat\/ielesvinyes\/wp-content\/uploads\/usu1433\/2020\/02\/anar-a.png\" alt=\"\" width=\"18\" height=\"18\" srcset=\"https:\/\/agora.xtec.cat\/ielesvinyes\/wp-content\/uploads\/usu1433\/2020\/02\/anar-a.png 512w, https:\/\/agora.xtec.cat\/ielesvinyes\/wp-content\/uploads\/usu1433\/2020\/02\/anar-a-150x150.png 150w, https:\/\/agora.xtec.cat\/ielesvinyes\/wp-content\/uploads\/usu1433\/2020\/02\/anar-a-300x300.png 300w\" sizes=\"auto, (max-width: 18px) 100vw, 18px\" \/><\/a><\/strong><\/span><\/p>\n<hr \/>\n<p><span style=\"color: #808000;\"><strong>Comissi\u00f3 de menjador\u00a0<\/strong><\/span><\/p>\n<p>La comissi\u00f3 de menjador s\u2019encarrega de la coordinaci\u00f3 i el seguiment del funcionament del servei de menjador, els men\u00fas i les activitats que es fan al migdia. Est\u00e0 formada per 1 membre de l\u2019equip directiu, 3 membres de l\u2019AFA en representaci\u00f3 de les fam\u00edlies, la coordinadora del monitoratge i les persones responsables de Doble Via (de forma espor\u00e0dica tamb\u00e9 hi participa el coordinador de cuina). Ens reunim com a m\u00ednim un cop per trimestre i sempre que ho considerem necessari.<\/p>\n<p style=\"text-align: left;\"><span style=\"color: #3366ff;\"><b>Si teniu dubtes o suggeriments que volgueu transmetre a l&#8217;AFA, podeu enviar un correu a <a href=\"mailto:menjador.afa@ielesvinyes.net\">menjador.afa@ielesvinyes.net<\/a><\/b><\/span><\/p>\n<p>&nbsp;<\/p>\n","protected":false},"excerpt":{"rendered":"<p>Inscripci\u00f3 Les inscripcions al servei de menjador es faran on line a trav\u00e9s d&#8217;un aplicatiu inform\u00e0tic https:\/\/escoles.doblevia.coop A trav\u00e9s d\u2019aquest aplicatiu tindreu acc\u00e9s a un espai web personalitzat per a poder inscriure els vostres infants als serveis de menjador i acollides i, alhora, rebre les informacions del servei de menjador, men\u00fas mensuals, comunicacions, enquestes de [&hellip;]<\/p>\n","protected":false},"author":52,"featured_media":0,"parent":86,"menu_order":2,"comment_status":"closed","ping_status":"closed","template":"","meta":{"_bbp_topic_count":0,"_bbp_reply_count":0,"_bbp_total_topic_count":0,"_bbp_total_reply_count":0,"_bbp_voice_count":0,"_bbp_anonymous_reply_count":0,"_bbp_topic_count_hidden":0,"_bbp_reply_count_hidden":0,"_bbp_forum_subforum_count":0,"site-sidebar-layout":"default","site-content-layout":"","ast-site-content-layout":"","site-content-style":"default","site-sidebar-style":"default","ast-global-header-display":"","ast-banner-title-visibility":"","ast-main-header-display":"","ast-hfb-above-header-display":"","ast-hfb-below-header-display":"","ast-hfb-mobile-header-display":"","site-post-title":"","ast-breadcrumbs-content":"","ast-featured-img":"","footer-sml-layout":"","theme-transparent-header-meta":"","adv-header-id-meta":"","stick-header-meta":"","header-above-stick-meta":"","header-main-stick-meta":"","header-below-stick-meta":"","astra-migrate-meta-layouts":"default","ast-page-background-enabled":"default","ast-page-background-meta":{"desktop":{"background-color":"var(--ast-global-color-4)","background-image":"","background-repeat":"repeat","background-position":"center center","background-size":"auto","background-attachment":"scroll","background-type":"","background-media":"","overlay-type":"","overlay-color":"","overlay-opacity":"","overlay-gradient":""},"tablet":{"background-color":"","background-image":"","background-repeat":"repeat","background-position":"center center","background-size":"auto","background-attachment":"scroll","background-type":"","background-media":"","overlay-type":"","overlay-color":"","overlay-opacity":"","overlay-gradient":""},"mobile":{"background-color":"","background-image":"","background-repeat":"repeat","background-position":"center center","background-size":"auto","background-attachment":"scroll","background-type":"","background-media":"","overlay-type":"","overlay-color":"","overlay-opacity":"","overlay-gradient":""}},"ast-content-background-meta":{"desktop":{"background-color":"var(--ast-global-color-5)","background-image":"","background-repeat":"repeat","background-position":"center center","background-size":"auto","background-attachment":"scroll","background-type":"","background-media":"","overlay-type":"","overlay-color":"","overlay-opacity":"","overlay-gradient":""},"tablet":{"background-color":"var(--ast-global-color-5)","background-image":"","background-repeat":"repeat","background-position":"center center","background-size":"auto","background-attachment":"scroll","background-type":"","background-media":"","overlay-type":"","overlay-color":"","overlay-opacity":"","overlay-gradient":""},"mobile":{"background-color":"var(--ast-global-color-5)","background-image":"","background-repeat":"repeat","background-position":"center center","background-size":"auto","background-attachment":"scroll","background-type":"","background-media":"","overlay-type":"","overlay-color":"","overlay-opacity":"","overlay-gradient":""}},"footnotes":""},"class_list":["post-4340","page","type-page","status-publish","hentry"],"post_mailing_queue_ids":[],"_links":{"self":[{"href":"https:\/\/agora.xtec.cat\/ielesvinyes\/wp-json\/wp\/v2\/pages\/4340","targetHints":{"allow":["GET"]}}],"collection":[{"href":"https:\/\/agora.xtec.cat\/ielesvinyes\/wp-json\/wp\/v2\/pages"}],"about":[{"href":"https:\/\/agora.xtec.cat\/ielesvinyes\/wp-json\/wp\/v2\/types\/page"}],"author":[{"embeddable":true,"href":"https:\/\/agora.xtec.cat\/ielesvinyes\/wp-json\/wp\/v2\/users\/52"}],"replies":[{"embeddable":true,"href":"https:\/\/agora.xtec.cat\/ielesvinyes\/wp-json\/wp\/v2\/comments?post=4340"}],"version-history":[{"count":7,"href":"https:\/\/agora.xtec.cat\/ielesvinyes\/wp-json\/wp\/v2\/pages\/4340\/revisions"}],"predecessor-version":[{"id":8272,"href":"https:\/\/agora.xtec.cat\/ielesvinyes\/wp-json\/wp\/v2\/pages\/4340\/revisions\/8272"}],"up":[{"embeddable":true,"href":"https:\/\/agora.xtec.cat\/ielesvinyes\/wp-json\/wp\/v2\/pages\/86"}],"wp:attachment":[{"href":"https:\/\/agora.xtec.cat\/ielesvinyes\/wp-json\/wp\/v2\/media?parent=4340"}],"curies":[{"name":"wp","href":"https:\/\/api.w.org\/{rel}","templated":true}]}}