{"id":3144,"date":"2018-03-16T13:23:45","date_gmt":"2018-03-16T12:23:45","guid":{"rendered":"http:\/\/agora.xtec.cat\/ielesvinyes\/?page_id=3144"},"modified":"2025-03-19T07:18:51","modified_gmt":"2025-03-19T06:18:51","slug":"bases","status":"publish","type":"page","link":"https:\/\/agora.xtec.cat\/ielesvinyes\/projecte-educatiu\/bases\/","title":{"rendered":"Bases del projecte educatiu"},"content":{"rendered":"<p><img loading=\"lazy\" decoding=\"async\" class=\"aligncenter size-full wp-image-8013\" src=\"https:\/\/agora.xtec.cat\/ielesvinyes\/wp-content\/uploads\/usu1433\/2024\/07\/capcalera_02-scaled.jpg\" alt=\"\" width=\"2560\" height=\"732\" srcset=\"https:\/\/agora.xtec.cat\/ielesvinyes\/wp-content\/uploads\/usu1433\/2024\/07\/capcalera_02-scaled.jpg 2560w, https:\/\/agora.xtec.cat\/ielesvinyes\/wp-content\/uploads\/usu1433\/2024\/07\/capcalera_02-300x86.jpg 300w, https:\/\/agora.xtec.cat\/ielesvinyes\/wp-content\/uploads\/usu1433\/2024\/07\/capcalera_02-1024x293.jpg 1024w, https:\/\/agora.xtec.cat\/ielesvinyes\/wp-content\/uploads\/usu1433\/2024\/07\/capcalera_02-768x220.jpg 768w, https:\/\/agora.xtec.cat\/ielesvinyes\/wp-content\/uploads\/usu1433\/2024\/07\/capcalera_02-1536x439.jpg 1536w, https:\/\/agora.xtec.cat\/ielesvinyes\/wp-content\/uploads\/usu1433\/2024\/07\/capcalera_02-2048x586.jpg 2048w\" sizes=\"auto, (max-width: 2560px) 100vw, 2560px\" \/><\/p>\n<h2>1. Els i les alumnes s\u00f3n el subjecte principal del centre<\/h2>\n<p>Els i les alumnes s\u00f3n els <strong>actors principals<\/strong>, tot gira al voltant de la seva activitat <strong>cognitiva, social i afectiva<\/strong>. Sigui quin sigui l&#8217;enfocament did\u00e0ctic aquest estar\u00e0 orientat a un <strong>aprenentatge autoregulat i actiu<\/strong>.<\/p>\n<h2>2. L&#8217;aprenentatge \u00e9s de naturalesa social<\/h2>\n<p>La<strong> interacci\u00f3 social<\/strong> \u00e9s un recurs fonamental que ha d&#8217;alternar amb moments de reflexi\u00f3 i treball personal. Les diferents formes del <strong>treball cooperatiu i en equip<\/strong> (debats, converses a l\u2019aula, indagacions, argumentacions\u2026) estan presents en totes les etapes educatives, per tal de fomentar <strong>el respecte, la confian\u00e7a i la participaci\u00f3<\/strong>.<\/p>\n<h2>3. Les emocions s\u00f3n essencials per a l&#8217;aprenentatge<\/h2>\n<p><strong>Emoci\u00f3, motivaci\u00f3 i cognici\u00f3<\/strong> estan interrelacionades. La implicaci\u00f3 afectiva, el benestar o l&#8217;autoconfian\u00e7a, per exemple, juguen un paper decisiu en l&#8217;aprenentatge, per aquest motiu <strong>tenim present l\u2019estat emocional de forma permanent<\/strong>.<\/p>\n<h2>4. L\u2019aprenentatge \u00e9s personalitzat<\/h2>\n<p>L&#8217;<strong>acceptaci\u00f3 de la difer\u00e8ncia<\/strong> \u00e9s una condici\u00f3 necess\u00e0ria per a l&#8217;<strong>aprenentatge profund<\/strong>: cada aprenent \u00e9s singular i diferent. Aquestes difer\u00e8ncies, que comprenen coneixements previs, habilitats, estils d&#8217;aprenentatge i estrat\u00e8gies, interessos o motivacions, exigeixen un determinat grau de <strong>personalitzaci\u00f3<\/strong>.<\/p>\n<h2>5. L&#8217;aprenentatge ha de ser inclusiu<\/h2>\n<p>La <strong>gesti\u00f3 social de l&#8217;aula<\/strong> ha de ser <strong>sensible a les difer\u00e8ncies i necessitats individuals<\/strong> en forma de comunitat d&#8217;aprenentatge. L&#8217;aprenentatge de tots \u00e9s una <strong>responsabilitat compartida<\/strong> que afavoreix a tots i totes. A Les Vinyes, la <strong>inclusivitat forma part de l&#8217;excel\u00b7l\u00e8ncia<\/strong>.<\/p>\n<h2>6. L&#8217;avaluaci\u00f3 est\u00e0 al servei de l&#8217;aprenentatge<\/h2>\n<p>L\u2019<strong>avaluaci\u00f3 criterial i ponderada<\/strong> est\u00e0 sempre en funci\u00f3 de les capacitats i aptituds de cada persona. Predominar\u00e0 la <strong>dimensi\u00f3 formativa i formadora<\/strong> de l&#8217;avaluaci\u00f3 i no la funci\u00f3 social de selecci\u00f3 o classificaci\u00f3. Ha de proporcionar tamb\u00e9 <strong>retroalimentaci\u00f3 rellevant als aprenents<\/strong>. L\u2019autoavaluaci\u00f3 i la coavaluaci\u00f3 s\u00f3n eines d\u2019aprenentatge en totes les etapes educatives.<\/p>\n<h2>7. Els coneixements han de ser significatius i globalitzats<\/h2>\n<p>L&#8217;<strong>aprenentatge significatiu<\/strong> relaciona els coneixements, els aplica a situacions, reptes o problemes i procura, en tot moment, la transfer\u00e8ncia. L&#8217;<strong>aprenentatge profund<\/strong> connecta els aprenentatges amb les capacitats i les <strong>compet\u00e8ncies<\/strong> de l&#8217;aprenent.<\/p>\n<h2>8. L\u2019organitzaci\u00f3 est\u00e0 al servei de l\u2019aprenentatge<\/h2>\n<p>El model pedag\u00f2gic orienta els diferents aspectes de la vida acad\u00e8mica i en determina el model organitzatiu: tutoria personalitzada, equips docents compactes, integraci\u00f3 de les mat\u00e8ries, doc\u00e8ncia compartida, aprenentatge entre iguals, comunitat de pr\u00e0ctica, etc. s\u00f3n elements associats a les opcions pedag\u00f2giques del centre.<\/p>\n<h2>9. Lideratge distribu\u00eft i innovaci\u00f3 educativa<\/h2>\n<p>Tots els membres de la <strong>comunitat educativa<\/strong> comparteixen responsabilitat i <strong>llibertat d\u2019acci\u00f3<\/strong> en el marc del projecte educatiu del centre. La participaci\u00f3 activa, el debat raonat, l\u2019acceptaci\u00f3 del risc i la cultura de la innovaci\u00f3 s\u00f3n atributs de tots els membres de Les Vinyes, especialment dels mestres i professors.<\/p>\n<h2>10. Participaci\u00f3 compromesa de la comunitat educativa<\/h2>\n<p>La <strong>comunitat educativa<\/strong> \u00e9s part activa del projecte pedag\u00f2gic de Les Vinyes. La constant permeabilitat i <strong>col\u00b7laboraci\u00f3 amb l\u2019entorn<\/strong> \u00e9s font d\u2019innovaci\u00f3, creixement i enriquiment del projecte educatiu i d\u2019aprenentatge.<\/p>\n<h2>Documents<\/h2>\n<p><strong>Projecte educatiu de centre (PEC)<\/strong><\/p>\n<p><iframe loading=\"lazy\" style=\"border: 1px solid #CCC; border-width: 1px; margin-bottom: 5px; max-width: 100%;\" src=\"\/\/www.slideshare.net\/slideshow\/embed_code\/key\/5sSclSt6Emogpx\" width=\"668\" height=\"714\" frameborder=\"0\" marginwidth=\"0\" marginheight=\"0\" scrolling=\"no\" allowfullscreen=\"allowfullscreen\"> <\/iframe><\/p>\n<p><a href=\"https:\/\/www.slideshare.net\/ielesvinyes\/institutescola-les-vinyes-projecte-lingstic-2018\" target=\"_blank\" rel=\"noopener noreferrer\">Projecte ling\u00fc\u00edstic<\/a><\/p>\n<p><a href=\"https:\/\/es.slideshare.net\/secret\/zkP6u6zWS0G97u\" target=\"_blank\" rel=\"noopener\">Pla de comunicaci\u00f3<\/a><\/p>\n","protected":false},"excerpt":{"rendered":"<p>1. Els i les alumnes s\u00f3n el subjecte principal del centre Els i les alumnes s\u00f3n els actors principals, tot gira al voltant de la seva activitat cognitiva, social i afectiva. Sigui quin sigui l&#8217;enfocament did\u00e0ctic aquest estar\u00e0 orientat a un aprenentatge autoregulat i actiu. 2. L&#8217;aprenentatge \u00e9s de naturalesa social La interacci\u00f3 social \u00e9s [&hellip;]<\/p>\n","protected":false},"author":6,"featured_media":0,"parent":57,"menu_order":0,"comment_status":"closed","ping_status":"closed","template":"","meta":{"_bbp_topic_count":0,"_bbp_reply_count":0,"_bbp_total_topic_count":0,"_bbp_total_reply_count":0,"_bbp_voice_count":0,"_bbp_anonymous_reply_count":0,"_bbp_topic_count_hidden":0,"_bbp_reply_count_hidden":0,"_bbp_forum_subforum_count":0,"site-sidebar-layout":"default","site-content-layout":"","ast-site-content-layout":"","site-content-style":"default","site-sidebar-style":"default","ast-global-header-display":"","ast-banner-title-visibility":"","ast-main-header-display":"","ast-hfb-above-header-display":"","ast-hfb-below-header-display":"","ast-hfb-mobile-header-display":"","site-post-title":"","ast-breadcrumbs-content":"","ast-featured-img":"","footer-sml-layout":"","theme-transparent-header-meta":"","adv-header-id-meta":"","stick-header-meta":"","header-above-stick-meta":"","header-main-stick-meta":"","header-below-stick-meta":"","astra-migrate-meta-layouts":"default","ast-page-background-enabled":"default","ast-page-background-meta":{"desktop":{"background-color":"var(--ast-global-color-4)","background-image":"","background-repeat":"repeat","background-position":"center center","background-size":"auto","background-attachment":"scroll","background-type":"","background-media":"","overlay-type":"","overlay-color":"","overlay-opacity":"","overlay-gradient":""},"tablet":{"background-color":"","background-image":"","background-repeat":"repeat","background-position":"center center","background-size":"auto","background-attachment":"scroll","background-type":"","background-media":"","overlay-type":"","overlay-color":"","overlay-opacity":"","overlay-gradient":""},"mobile":{"background-color":"","background-image":"","background-repeat":"repeat","background-position":"center center","background-size":"auto","background-attachment":"scroll","background-type":"","background-media":"","overlay-type":"","overlay-color":"","overlay-opacity":"","overlay-gradient":""}},"ast-content-background-meta":{"desktop":{"background-color":"var(--ast-global-color-5)","background-image":"","background-repeat":"repeat","background-position":"center center","background-size":"auto","background-attachment":"scroll","background-type":"","background-media":"","overlay-type":"","overlay-color":"","overlay-opacity":"","overlay-gradient":""},"tablet":{"background-color":"var(--ast-global-color-5)","background-image":"","background-repeat":"repeat","background-position":"center center","background-size":"auto","background-attachment":"scroll","background-type":"","background-media":"","overlay-type":"","overlay-color":"","overlay-opacity":"","overlay-gradient":""},"mobile":{"background-color":"var(--ast-global-color-5)","background-image":"","background-repeat":"repeat","background-position":"center center","background-size":"auto","background-attachment":"scroll","background-type":"","background-media":"","overlay-type":"","overlay-color":"","overlay-opacity":"","overlay-gradient":""}},"footnotes":""},"class_list":["post-3144","page","type-page","status-publish","hentry"],"post_mailing_queue_ids":[],"_links":{"self":[{"href":"https:\/\/agora.xtec.cat\/ielesvinyes\/wp-json\/wp\/v2\/pages\/3144","targetHints":{"allow":["GET"]}}],"collection":[{"href":"https:\/\/agora.xtec.cat\/ielesvinyes\/wp-json\/wp\/v2\/pages"}],"about":[{"href":"https:\/\/agora.xtec.cat\/ielesvinyes\/wp-json\/wp\/v2\/types\/page"}],"author":[{"embeddable":true,"href":"https:\/\/agora.xtec.cat\/ielesvinyes\/wp-json\/wp\/v2\/users\/6"}],"replies":[{"embeddable":true,"href":"https:\/\/agora.xtec.cat\/ielesvinyes\/wp-json\/wp\/v2\/comments?post=3144"}],"version-history":[{"count":7,"href":"https:\/\/agora.xtec.cat\/ielesvinyes\/wp-json\/wp\/v2\/pages\/3144\/revisions"}],"predecessor-version":[{"id":8186,"href":"https:\/\/agora.xtec.cat\/ielesvinyes\/wp-json\/wp\/v2\/pages\/3144\/revisions\/8186"}],"up":[{"embeddable":true,"href":"https:\/\/agora.xtec.cat\/ielesvinyes\/wp-json\/wp\/v2\/pages\/57"}],"wp:attachment":[{"href":"https:\/\/agora.xtec.cat\/ielesvinyes\/wp-json\/wp\/v2\/media?parent=3144"}],"curies":[{"name":"wp","href":"https:\/\/api.w.org\/{rel}","templated":true}]}}

<p><img loading="lazy" decoding="async" class="aligncenter size-full wp-image-8013" src="https://agora.xtec.cat/ielesvinyes/wp-content/uploads/usu1433/2024/07/capcalera_02-scaled.jpg" alt="" width="2560" height="732" srcset="https://agora.xtec.cat/ielesvinyes/wp-content/uploads/usu1433/2024/07/capcalera_02-scaled.jpg 2560w, https://agora.xtec.cat/ielesvinyes/wp-content/uploads/usu1433/2024/07/capcalera_02-300x86.jpg 300w, https://agora.xtec.cat/ielesvinyes/wp-content/uploads/usu1433/2024/07/capcalera_02-1024x293.jpg 1024w, https://agora.xtec.cat/ielesvinyes/wp-content/uploads/usu1433/2024/07/capcalera_02-768x220.jpg 768w, https://agora.xtec.cat/ielesvinyes/wp-content/uploads/usu1433/2024/07/capcalera_02-1536x439.jpg 1536w, https://agora.xtec.cat/ielesvinyes/wp-content/uploads/usu1433/2024/07/capcalera_02-2048x586.jpg 2048w" sizes="auto, (max-width: 2560px) 100vw, 2560px" /></p>
<h2>1. Els i les alumnes són el subjecte principal del centre</h2>
<p>Els i les alumnes són els <strong>actors principals</strong>, tot gira al voltant de la seva activitat <strong>cognitiva, social i afectiva</strong>. Sigui quin sigui l&#8217;enfocament didàctic aquest estarà orientat a un <strong>aprenentatge autoregulat i actiu</strong>.</p>
<h2>2. L&#8217;aprenentatge és de naturalesa social</h2>
<p>La<strong> interacció social</strong> és un recurs fonamental que ha d&#8217;alternar amb moments de reflexió i treball personal. Les diferents formes del <strong>treball cooperatiu i en equip</strong> (debats, converses a l’aula, indagacions, argumentacions…) estan presents en totes les etapes educatives, per tal de fomentar <strong>el respecte, la confiança i la participació</strong>.</p>
<h2>3. Les emocions són essencials per a l&#8217;aprenentatge</h2>
<p><strong>Emoció, motivació i cognició</strong> estan interrelacionades. La implicació afectiva, el benestar o l&#8217;autoconfiança, per exemple, juguen un paper decisiu en l&#8217;aprenentatge, per aquest motiu <strong>tenim present l’estat emocional de forma permanent</strong>.</p>
<h2>4. L’aprenentatge és personalitzat</h2>
<p>L&#8217;<strong>acceptació de la diferència</strong> és una condició necessària per a l&#8217;<strong>aprenentatge profund</strong>: cada aprenent és singular i diferent. Aquestes diferències, que comprenen coneixements previs, habilitats, estils d&#8217;aprenentatge i estratègies, interessos o motivacions, exigeixen un determinat grau de <strong>personalització</strong>.</p>
<h2>5. L&#8217;aprenentatge ha de ser inclusiu</h2>
<p>La <strong>gestió social de l&#8217;aula</strong> ha de ser <strong>sensible a les diferències i necessitats individuals</strong> en forma de comunitat d&#8217;aprenentatge. L&#8217;aprenentatge de tots és una <strong>responsabilitat compartida</strong> que afavoreix a tots i totes. A Les Vinyes, la <strong>inclusivitat forma part de l&#8217;excel·lència</strong>.</p>
<h2>6. L&#8217;avaluació està al servei de l&#8217;aprenentatge</h2>
<p>L’<strong>avaluació criterial i ponderada</strong> està sempre en funció de les capacitats i aptituds de cada persona. Predominarà la <strong>dimensió formativa i formadora</strong> de l&#8217;avaluació i no la funció social de selecció o classificació. Ha de proporcionar també <strong>retroalimentació rellevant als aprenents</strong>. L’autoavaluació i la coavaluació són eines d’aprenentatge en totes les etapes educatives.</p>
<h2>7. Els coneixements han de ser significatius i globalitzats</h2>
<p>L&#8217;<strong>aprenentatge significatiu</strong> relaciona els coneixements, els aplica a situacions, reptes o problemes i procura, en tot moment, la transferència. L&#8217;<strong>aprenentatge profund</strong> connecta els aprenentatges amb les capacitats i les <strong>competències</strong> de l&#8217;aprenent.</p>
<h2>8. L’organització està al servei de l’aprenentatge</h2>
<p>El model pedagògic orienta els diferents aspectes de la vida acadèmica i en determina el model organitzatiu: tutoria personalitzada, equips docents compactes, integració de les matèries, docència compartida, aprenentatge entre iguals, comunitat de pràctica, etc. són elements associats a les opcions pedagògiques del centre.</p>
<h2>9. Lideratge distribuït i innovació educativa</h2>
<p>Tots els membres de la <strong>comunitat educativa</strong> comparteixen responsabilitat i <strong>llibertat d’acció</strong> en el marc del projecte educatiu del centre. La participació activa, el debat raonat, l’acceptació del risc i la cultura de la innovació són atributs de tots els membres de Les Vinyes, especialment dels mestres i professors.</p>
<h2>10. Participació compromesa de la comunitat educativa</h2>
<p>La <strong>comunitat educativa</strong> és part activa del projecte pedagògic de Les Vinyes. La constant permeabilitat i <strong>col·laboració amb l’entorn</strong> és font d’innovació, creixement i enriquiment del projecte educatiu i d’aprenentatge.</p>
<h2>Documents</h2>
<p><strong>Projecte educatiu de centre (PEC)</strong></p>
<p><iframe loading="lazy" style="border: 1px solid #CCC; border-width: 1px; margin-bottom: 5px; max-width: 100%;" src="//www.slideshare.net/slideshow/embed_code/key/5sSclSt6Emogpx" width="668" height="714" frameborder="0" marginwidth="0" marginheight="0" scrolling="no" allowfullscreen="allowfullscreen"> </iframe></p>
<p><a href="https://www.slideshare.net/ielesvinyes/institutescola-les-vinyes-projecte-lingstic-2018" target="_blank" rel="noopener noreferrer">Projecte lingüístic</a></p>
<p><a href="https://es.slideshare.net/secret/zkP6u6zWS0G97u" target="_blank" rel="noopener">Pla de comunicació</a></p>

<p>1. Els i les alumnes són el subjecte principal del centre Els i les alumnes són els actors principals, tot gira al voltant de la seva activitat cognitiva, social i afectiva. Sigui quin sigui l&#8217;enfocament didàctic aquest estarà orientat a un aprenentatge autoregulat i actiu. 2. L&#8217;aprenentatge és de naturalesa social La interacció social és [&hellip;]</p>
