{"id":3011,"date":"2016-09-18T20:08:44","date_gmt":"2016-09-18T18:08:44","guid":{"rendered":"http:\/\/ielesvinyes.net\/?page_id=2676"},"modified":"2021-09-14T11:26:11","modified_gmt":"2021-09-14T09:26:11","slug":"equip-huma-2015-2016","status":"publish","type":"page","link":"https:\/\/agora.xtec.cat\/ielesvinyes\/equip-huma-2\/equip-huma-2015-2016\/","title":{"rendered":"Equip hum\u00e0 2015-16"},"content":{"rendered":"<h3>Equip hum\u00e0 &#8211; Curs 2015-2016<\/h3>\n<p><strong>Coordinaci\u00f3 del Pla d&#8217;Acci\u00f3 Tutorial<\/strong><\/p>\n<p>Coordinador d&#8217;Infantil i Prim\u00e0ria: Quim Preixens<br \/>\nCoordinador de 1r ESO: Ra\u00fcl Arana<br \/>\nCoordinador de\u00a02n ESO: Pere Royo<br \/>\nCoordinador de\u00a03r ESO:<br \/>\nCoordinador 4t ESO: \u00d2scar Navarro<\/p>\n<p><strong>Equip docent de 1r d&#8217;ESO<\/strong><\/p>\n<p>Llengua i Literatura Catalana: Rosa Sard\u00e0<br \/>\nLlengua i Lit. Castellana:\u00a0N\u00faria Pons<br \/>\nLlengua anglesa i Hora del cinema en angl\u00e8s: Maria del Carme Miguel<br \/>\nMatem\u00e0tiques i tecnologia: Salva Chiva<br \/>\nCi\u00e8ncies Naturals: N\u00faria Junyent<br \/>\nCi\u00e8ncies Socials: Ra\u00fcl Arana<br \/>\nM\u00fasica: Boris Mir i Anabel Ligero<br \/>\nEducaci\u00f3 F\u00edsica: David Vilabella<br \/>\nAnimaci\u00f3 Lectora: Maria del Carme Miguel<\/p>\n<p><strong>Equip docent de 2n d&#8217;ESO<\/strong><\/p>\n<p>Llengua i Literatura Catalana: Carme Agust\u00ed i Rosa Barcelona<br \/>\nLlengua Literatura Castellana: Merche Garc\u00eda<br \/>\nLlengua anglesa: Anna Jord\u00e0<br \/>\nMatem\u00e0tiques i estudi digital: Sergi del Moral<br \/>\nCi\u00e8ncies Naturals i estudi digital: PereRoyo<br \/>\nCi\u00e8ncies Socials: Ra\u00fcl Arana i Merche Garc\u00eda<br \/>\nVisual i Pl\u00e0stica: Imma Leiva<br \/>\nEducaci\u00f3 F\u00edsica: David Vilabella<br \/>\nTecnologia: Merc\u00e8 Castro<br \/>\nAnimaci\u00f3 Lectora: Carme Agust\u00ed<br \/>\nHora del cinema: Pere Royo<\/p>\n<p><strong>Equip docent 3r ESO<\/strong><\/p>\n<p>Llengua i Literatura Catalana: M. Carmen Luque i M. Carmen Agust\u00ed<br \/>\nLlengua i Literatura Castellana: Gregori Berbegal, S\u00f2nia Mart\u00edn i Merche Garc\u00eda<br \/>\nLlengua anglesa: M. Carmen Luque<br \/>\nMatem\u00e0tiques: Ramon Alujas i N\u00faria Junyent<br \/>\nCi\u00e8ncies Naturals: Gl\u00f2ria Arias<br \/>\nCi\u00e8ncies Socials: Gregori Berbegal<br \/>\nVisual i Pl\u00e0stica: Imma Leiva<br \/>\nM\u00fasica: Boris Mir<br \/>\nEducaci\u00f3: F\u00edsica David Vilabella<br \/>\nTecnologia: Merc\u00e8 Castro<br \/>\nValors \u00e8tics: Maria del Carmen Miguel<br \/>\nHora del cinema: Maria del Carmen Miguel<br \/>\nEstudi digital: N\u00faria Pons i David Vilabella<\/p>\n<p><strong>Equip docent de 4t d&#8217;ESO<\/strong><\/p>\n<p>Llengua i Literatura Catalana: Elena Balaguer<br \/>\nLlengua Literatura Castellana: S\u00f2nia Mart\u00edn<br \/>\nLlengua anglesa i llat\u00ed: Caterina Riba<br \/>\nMatem\u00e0tiques i Biologia i geologia: Blanca Amengual<br \/>\nF\u00edsica i qu\u00edmica: N\u00faria Junyent<br \/>\nCi\u00e8ncies Socials: S\u00f2nia Mart\u00edn i Gregori Berbegal<br \/>\nVisual i Pl\u00e0stica: Imma Leiva<br \/>\nEducaci\u00f3 F\u00edsica: \u00d2scar Navarro<br \/>\nTecnologia i inform\u00e0tica: Ramon Alujas<br \/>\nFranc\u00e8s Caterina Riba<br \/>\nValors \u00c8tics: Elena Balaguer i Ra\u00fcl Arana<br \/>\nM\u00fasica: Boris Mir<\/p>\n<p><strong>Coordinaci\u00f3\u00a0de Projectes i Treballs globalitzats a l&#8217;ESO<\/strong><\/p>\n<p>Coordinador 1r ESO: Boris Mir<br \/>\nCoordinador 2n ESO: Sergi del Moral<br \/>\nCoordinador 3r ESO: Gl\u00f2ria Arias<br \/>\nCoordinador 4t ESO: Blanca Amengual<\/p>\n<p><strong>Coordinacions<\/strong><\/p>\n<p>Coordinaci\u00f3\u00a0TIC:\u00a0Ramon Alujas<br \/>\nCoordinaci\u00f3 TAC:\u00a0Salva Chiva<br \/>\nCoordinaci\u00f3 Projecte &#8220;Competents digitals&#8221;:\u00a0Sergi del Moral<br \/>\nCoordinaci\u00f3 biblioteca:\u00a0M. Carme Agust\u00ed<br \/>\nCoordinaci\u00f3 Activitats i extraescolars: Salva Chiva<br \/>\nCoordinaci\u00f3 riscos laborals:\u00a0Toni Soler<br \/>\nCoordinaci\u00f3 Pr\u00e0cticum Universitats: Boris Mir<br \/>\nCoordinaci\u00f3 esbarjos: Oscar Navarro<\/p>\n<p><strong>Comissi\u00f3 d&#8217;Atenci\u00f3 a la Diversitat i Serveis Ajuntament<\/strong><\/p>\n<p>\u00d2scar del Barrio: Representant de l\u2019EAP<br \/>\nBlanca Mostaza: Mestra d&#8217;Ed. Especial, Infantil &#8211; prim\u00e0ria<br \/>\nRosa Barcelona: Psicopedagoga 1r i 2n ESO<br \/>\n\u00d2scar Navarro: Orientador 3r i 4t ESO<br \/>\nAnna Jord\u00e0: Coordinadora pedag\u00f2gica<br \/>\nBorja i Demelsa: Serveis socials de l\u2019Ajuntament de Castellbisbal<br \/>\nCarla Lombao, Coordinadora del &#8220;Tastet d\u2019oficis\u201d de l&#8217;Ajuntament de Castellbisbal<\/p>\n<p><strong>Administraci\u00f3 i consergeria<\/strong><\/p>\n<p>Jose Manuel Garc\u00eda: Conserge<br \/>\nMontse Serra: Conserge<br \/>\nJuan Carlos P\u00e9rez: Administratiu<\/p>\n<p><strong>Equip de menjador i servei d\u2019acollida<\/strong><\/p>\n<p>P3. &#8211; \u00a0Sandra Concha Alvares<br \/>\nP4. &#8211; Mireia Blasco Lahoz<br \/>\nP5 \u00a0&#8211; Cristina Alcaraz D\u00edaz<br \/>\n1r \u00a0&#8211; Yasmina Alba Puig<br \/>\n2n. &#8211; Ariadna Bonjoch Farr\u00e9<br \/>\n3r. &#8211; Montse Valls Fayos<br \/>\nESO i cordinadora: Nuria Masoliver Pi<\/p>\n<p><strong>Equip directiu<\/strong><\/p>\n<p>Directora: Rosa Sard\u00e0<br \/>\nCap d\u2019estudis:\u00a0Elena Balaguer<br \/>\nSecret\u00e0ria: N\u00faria Orte<br \/>\nCoordinadora pedag\u00f2gica:\u00a0Anna Jord\u00e0<\/p>\n","protected":false},"excerpt":{"rendered":"<p>Equip hum\u00e0 &#8211; Curs 2015-2016 Coordinaci\u00f3 del Pla d&#8217;Acci\u00f3 Tutorial Coordinador d&#8217;Infantil i Prim\u00e0ria: Quim Preixens Coordinador de 1r ESO: Ra\u00fcl Arana Coordinador de\u00a02n ESO: Pere Royo Coordinador de\u00a03r ESO: Coordinador 4t ESO: \u00d2scar Navarro Equip docent de 1r d&#8217;ESO Llengua i Literatura Catalana: Rosa Sard\u00e0 Llengua i Lit. Castellana:\u00a0N\u00faria Pons Llengua anglesa i Hora [&hellip;]<\/p>\n","protected":false},"author":1,"featured_media":0,"parent":1948,"menu_order":1,"comment_status":"closed","ping_status":"closed","template":"","meta":{"_bbp_topic_count":0,"_bbp_reply_count":0,"_bbp_total_topic_count":0,"_bbp_total_reply_count":0,"_bbp_voice_count":0,"_bbp_anonymous_reply_count":0,"_bbp_topic_count_hidden":0,"_bbp_reply_count_hidden":0,"_bbp_forum_subforum_count":0,"site-sidebar-layout":"default","site-content-layout":"","ast-site-content-layout":"","site-content-style":"default","site-sidebar-style":"default","ast-global-header-display":"","ast-banner-title-visibility":"","ast-main-header-display":"","ast-hfb-above-header-display":"","ast-hfb-below-header-display":"","ast-hfb-mobile-header-display":"","site-post-title":"","ast-breadcrumbs-content":"","ast-featured-img":"","footer-sml-layout":"","theme-transparent-header-meta":"","adv-header-id-meta":"","stick-header-meta":"","header-above-stick-meta":"","header-main-stick-meta":"","header-below-stick-meta":"","astra-migrate-meta-layouts":"default","ast-page-background-enabled":"default","ast-page-background-meta":{"desktop":{"background-color":"var(--ast-global-color-4)","background-image":"","background-repeat":"repeat","background-position":"center center","background-size":"auto","background-attachment":"scroll","background-type":"","background-media":"","overlay-type":"","overlay-color":"","overlay-opacity":"","overlay-gradient":""},"tablet":{"background-color":"","background-image":"","background-repeat":"repeat","background-position":"center center","background-size":"auto","background-attachment":"scroll","background-type":"","background-media":"","overlay-type":"","overlay-color":"","overlay-opacity":"","overlay-gradient":""},"mobile":{"background-color":"","background-image":"","background-repeat":"repeat","background-position":"center center","background-size":"auto","background-attachment":"scroll","background-type":"","background-media":"","overlay-type":"","overlay-color":"","overlay-opacity":"","overlay-gradient":""}},"ast-content-background-meta":{"desktop":{"background-color":"var(--ast-global-color-5)","background-image":"","background-repeat":"repeat","background-position":"center center","background-size":"auto","background-attachment":"scroll","background-type":"","background-media":"","overlay-type":"","overlay-color":"","overlay-opacity":"","overlay-gradient":""},"tablet":{"background-color":"var(--ast-global-color-5)","background-image":"","background-repeat":"repeat","background-position":"center center","background-size":"auto","background-attachment":"scroll","background-type":"","background-media":"","overlay-type":"","overlay-color":"","overlay-opacity":"","overlay-gradient":""},"mobile":{"background-color":"var(--ast-global-color-5)","background-image":"","background-repeat":"repeat","background-position":"center center","background-size":"auto","background-attachment":"scroll","background-type":"","background-media":"","overlay-type":"","overlay-color":"","overlay-opacity":"","overlay-gradient":""}},"footnotes":""},"class_list":["post-3011","page","type-page","status-publish","hentry"],"post_mailing_queue_ids":[],"_links":{"self":[{"href":"https:\/\/agora.xtec.cat\/ielesvinyes\/wp-json\/wp\/v2\/pages\/3011","targetHints":{"allow":["GET"]}}],"collection":[{"href":"https:\/\/agora.xtec.cat\/ielesvinyes\/wp-json\/wp\/v2\/pages"}],"about":[{"href":"https:\/\/agora.xtec.cat\/ielesvinyes\/wp-json\/wp\/v2\/types\/page"}],"author":[{"embeddable":true,"href":"https:\/\/agora.xtec.cat\/ielesvinyes\/wp-json\/wp\/v2\/users\/1"}],"replies":[{"embeddable":true,"href":"https:\/\/agora.xtec.cat\/ielesvinyes\/wp-json\/wp\/v2\/comments?post=3011"}],"version-history":[{"count":1,"href":"https:\/\/agora.xtec.cat\/ielesvinyes\/wp-json\/wp\/v2\/pages\/3011\/revisions"}],"predecessor-version":[{"id":7053,"href":"https:\/\/agora.xtec.cat\/ielesvinyes\/wp-json\/wp\/v2\/pages\/3011\/revisions\/7053"}],"up":[{"embeddable":true,"href":"https:\/\/agora.xtec.cat\/ielesvinyes\/wp-json\/wp\/v2\/pages\/1948"}],"wp:attachment":[{"href":"https:\/\/agora.xtec.cat\/ielesvinyes\/wp-json\/wp\/v2\/media?parent=3011"}],"curies":[{"name":"wp","href":"https:\/\/api.w.org\/{rel}","templated":true}]}}

Equip humà 2015-16

<h3>Equip humà &#8211; Curs 2015-2016</h3>
<p><strong>Coordinació del Pla d&#8217;Acció Tutorial</strong></p>
<p>Coordinador d&#8217;Infantil i Primària: Quim Preixens<br />
Coordinador de 1r ESO: Raül Arana<br />
Coordinador de 2n ESO: Pere Royo<br />
Coordinador de 3r ESO:<br />
Coordinador 4t ESO: Òscar Navarro</p>
<p><strong>Equip docent de 1r d&#8217;ESO</strong></p>
<p>Llengua i Literatura Catalana: Rosa Sardà<br />
Llengua i Lit. Castellana: Núria Pons<br />
Llengua anglesa i Hora del cinema en anglès: Maria del Carme Miguel<br />
Matemàtiques i tecnologia: Salva Chiva<br />
Ciències Naturals: Núria Junyent<br />
Ciències Socials: Raül Arana<br />
Música: Boris Mir i Anabel Ligero<br />
Educació Física: David Vilabella<br />
Animació Lectora: Maria del Carme Miguel</p>
<p><strong>Equip docent de 2n d&#8217;ESO</strong></p>
<p>Llengua i Literatura Catalana: Carme Agustí i Rosa Barcelona<br />
Llengua Literatura Castellana: Merche García<br />
Llengua anglesa: Anna Jordà<br />
Matemàtiques i estudi digital: Sergi del Moral<br />
Ciències Naturals i estudi digital: PereRoyo<br />
Ciències Socials: Raül Arana i Merche García<br />
Visual i Plàstica: Imma Leiva<br />
Educació Física: David Vilabella<br />
Tecnologia: Mercè Castro<br />
Animació Lectora: Carme Agustí<br />
Hora del cinema: Pere Royo</p>
<p><strong>Equip docent 3r ESO</strong></p>
<p>Llengua i Literatura Catalana: M. Carmen Luque i M. Carmen Agustí<br />
Llengua i Literatura Castellana: Gregori Berbegal, Sònia Martín i Merche García<br />
Llengua anglesa: M. Carmen Luque<br />
Matemàtiques: Ramon Alujas i Núria Junyent<br />
Ciències Naturals: Glòria Arias<br />
Ciències Socials: Gregori Berbegal<br />
Visual i Plàstica: Imma Leiva<br />
Música: Boris Mir<br />
Educació: Física David Vilabella<br />
Tecnologia: Mercè Castro<br />
Valors ètics: Maria del Carmen Miguel<br />
Hora del cinema: Maria del Carmen Miguel<br />
Estudi digital: Núria Pons i David Vilabella</p>
<p><strong>Equip docent de 4t d&#8217;ESO</strong></p>
<p>Llengua i Literatura Catalana: Elena Balaguer<br />
Llengua Literatura Castellana: Sònia Martín<br />
Llengua anglesa i llatí: Caterina Riba<br />
Matemàtiques i Biologia i geologia: Blanca Amengual<br />
Física i química: Núria Junyent<br />
Ciències Socials: Sònia Martín i Gregori Berbegal<br />
Visual i Plàstica: Imma Leiva<br />
Educació Física: Òscar Navarro<br />
Tecnologia i informàtica: Ramon Alujas<br />
Francès Caterina Riba<br />
Valors Ètics: Elena Balaguer i Raül Arana<br />
Música: Boris Mir</p>
<p><strong>Coordinació de Projectes i Treballs globalitzats a l&#8217;ESO</strong></p>
<p>Coordinador 1r ESO: Boris Mir<br />
Coordinador 2n ESO: Sergi del Moral<br />
Coordinador 3r ESO: Glòria Arias<br />
Coordinador 4t ESO: Blanca Amengual</p>
<p><strong>Coordinacions</strong></p>
<p>Coordinació TIC: Ramon Alujas<br />
Coordinació TAC: Salva Chiva<br />
Coordinació Projecte &#8220;Competents digitals&#8221;: Sergi del Moral<br />
Coordinació biblioteca: M. Carme Agustí<br />
Coordinació Activitats i extraescolars: Salva Chiva<br />
Coordinació riscos laborals: Toni Soler<br />
Coordinació Pràcticum Universitats: Boris Mir<br />
Coordinació esbarjos: Oscar Navarro</p>
<p><strong>Comissió d&#8217;Atenció a la Diversitat i Serveis Ajuntament</strong></p>
<p>Òscar del Barrio: Representant de l’EAP<br />
Blanca Mostaza: Mestra d&#8217;Ed. Especial, Infantil &#8211; primària<br />
Rosa Barcelona: Psicopedagoga 1r i 2n ESO<br />
Òscar Navarro: Orientador 3r i 4t ESO<br />
Anna Jordà: Coordinadora pedagògica<br />
Borja i Demelsa: Serveis socials de l’Ajuntament de Castellbisbal<br />
Carla Lombao, Coordinadora del &#8220;Tastet d’oficis” de l&#8217;Ajuntament de Castellbisbal</p>
<p><strong>Administració i consergeria</strong></p>
<p>Jose Manuel García: Conserge<br />
Montse Serra: Conserge<br />
Juan Carlos Pérez: Administratiu</p>
<p><strong>Equip de menjador i servei d’acollida</strong></p>
<p>P3. &#8211;  Sandra Concha Alvares<br />
P4. &#8211; Mireia Blasco Lahoz<br />
P5  &#8211; Cristina Alcaraz Díaz<br />
1r  &#8211; Yasmina Alba Puig<br />
2n. &#8211; Ariadna Bonjoch Farré<br />
3r. &#8211; Montse Valls Fayos<br />
ESO i cordinadora: Nuria Masoliver Pi</p>
<p><strong>Equip directiu</strong></p>
<p>Directora: Rosa Sardà<br />
Cap d’estudis: Elena Balaguer<br />
Secretària: Núria Orte<br />
Coordinadora pedagògica: Anna Jordà</p>

<p>Equip humà &#8211; Curs 2015-2016 Coordinació del Pla d&#8217;Acció Tutorial Coordinador d&#8217;Infantil i Primària: Quim Preixens Coordinador de 1r ESO: Raül Arana Coordinador de 2n ESO: Pere Royo Coordinador de 3r ESO: Coordinador 4t ESO: Òscar Navarro Equip docent de 1r d&#8217;ESO Llengua i Literatura Catalana: Rosa Sardà Llengua i Lit. Castellana: Núria Pons Llengua anglesa i Hora [&hellip;]</p>
