{"id":2991,"date":"2017-10-14T11:05:40","date_gmt":"2017-10-14T09:05:40","guid":{"rendered":"http:\/\/ielesvinyes.net\/?page_id=2991"},"modified":"2021-09-14T11:27:57","modified_gmt":"2021-09-14T09:27:57","slug":"2016-17","status":"publish","type":"page","link":"https:\/\/agora.xtec.cat\/ielesvinyes\/equip-huma-2\/2016-17\/","title":{"rendered":"Equip hum\u00e0 &#8211; 2016-17"},"content":{"rendered":"<h3>Equip hum\u00e0 &#8211; Curs 2016-17<\/h3>\n<p><strong>Equip docent d&#8217;educaci\u00f3 infantil<\/strong><\/p>\n<p>Maria Bigord\u00e0: Educaci\u00f3 infantil 3 anys<br \/>\nL\u00eddia Carretero: Educaci\u00f3 infantil 4\u00a0anys<br \/>\nCristina Franch: Educaci\u00f3 infantil 5\u00a0anys<br \/>\nN\u00faria Orte: Educaci\u00f3 infantil 5\u00a0anys i Reforc<br \/>\nMaria Josep Cot: Refor\u00e7<br \/>\nQuim Preixens: Educaci\u00f3 especial<br \/>\nAlba Turmo: Educaci\u00f3 musical<br \/>\nFran Jiliberto: Llengua Anglesa<\/p>\n<p><strong>Equip docent\u00a0d&#8217;educaci\u00f3 prim\u00e0ria<\/strong><\/p>\n<p>Marta Teixidor: Primer de prim\u00e0ria<br \/>\nJose Perales: Segon de prim\u00e0ria i Coordinaci\u00f3 tutorial<br \/>\nPilar Cano: Tercer A de prim\u00e0ria<br \/>\nB\u00e0rbara S\u00e1nchez: Tercer B de prim\u00e0ria<br \/>\nPatricia Martin: Quart A de prim\u00e0ria<br \/>\nS\u00edlvia Felip: Quart B de prim\u00e0ria<br \/>\nMaria Josep Cot: Refor\u00e7<br \/>\nBlanca Mostaza: Educaci\u00f3 especial i Coordinaci\u00f3 de projectes<br \/>\nAlba Turmo: Educaci\u00f3 musical<br \/>\nFran Jiliberto: Llengua anglesa<br \/>\nCristina Serrano: Educaci\u00f3 f\u00edsica<\/p>\n<p><strong>Equip docent 1r ESO<\/strong><\/p>\n<p>Ra\u00fal Arana: Socials<br \/>\nRosa Barcelona: Catal\u00e0, Animaci\u00f3 lectora i Projectes LIN<br \/>\nSalvador Chiva: Matem\u00e0tiques, Tecnologia, Projectes CTM i Coordinaci\u00f3 de projectes<br \/>\nJ\u00falia Coll: Educaci\u00f3 f\u00edsica<br \/>\nMerche Garc\u00eda: Castell\u00e0 i Projectes SAE<br \/>\nAnna Jord\u00e0: Angl\u00e8s, Hora del cinema i Projectes LIN<br \/>\nN\u00faria Junyent: Ci\u00e8ncies, Tutora 1B, Projectes CTM i Coordinaci\u00f3 tutorial<br \/>\nN\u00faria Pons: Projectes SAE<br \/>\nRosa Salort: M\u00fasica, Tutora 1A, Projectes LIN<\/p>\n<p><em>Projectes transversals:<\/em> Rosa Barcelona, Salva Chiva, Merche Garc\u00eda, Anna Jord\u00e0, N\u00faria Junyent i Rosa Salort<\/p>\n<p><strong>Equip docent 2n ESO<\/strong><\/p>\n<p>Ra\u00fal Arana: Socials, Hora del cinema, Projectes SAE i Coordinaci\u00f3 de projectes<br \/>\nCarme Agust\u00ed: Catal\u00e0, Animaci\u00f3 lectora, Tutora 2A, ViP i Projectes LIN<br \/>\nMerc\u00e8 Castro: Matem\u00e0tiques, Tecnologia i Projectes CTM<br \/>\nJ\u00falia Coll: Educaci\u00f3 f\u00edsica<br \/>\nN\u00faria Pons: Castell\u00e0, Projectes LIN i Referent de projectes LIN<br \/>\nMaria Pose: Angl\u00e8s<br \/>\nPere Royo: Ci\u00e8ncies, Tutor 2B, Projectes CTM i Coordinaci\u00f3 de projectes<\/p>\n<p><em>Projectes transversals:\u00a0<\/em>Ra\u00fal Arana, Carme Agust\u00ed, Merc\u00e8 Castro, J\u00falia Coll, N\u00faria Pons i Pere Royo<\/p>\n<p><strong>Equip docent 3r ESO<\/strong><\/p>\n<p>Blanca Amengual: Ci\u00e8ncies, Projectes CTM i Coordinaci\u00f3 de projectes<br \/>\nElena Balaguer: Catal\u00e0, Valors \u00e8tics, Tutora 3A, Projectes LIN i Coordinaci\u00f3 tutorial<br \/>\nJ\u00falia Coll: Educaci\u00f3 f\u00edsica<br \/>\nMaria Castell\u00e0: Catal\u00e0<br \/>\nMerc\u00e8 Castro: Tecnologia<br \/>\nSergi del Moral: Projectes CTM<br \/>\nN\u00faria Junyent: Ci\u00e8ncies<br \/>\nInma Leiva: Visual i pl\u00e0stica, Socials, Tutora 3C i Projectes SAE<br \/>\nSonia Mart\u00edn: Castell\u00e0, Tutora 3B i Projectes LIN<br \/>\nMaria Pose: Angl\u00e8s<br \/>\nElisenda Ribes: Matem\u00e0tiques, Angl\u00e8s i Projectes SAE<br \/>\nMeritxell Manyoses: M\u00fasica<\/p>\n<p><em>Projectes transversals:\u00a0<\/em>Blanca Amengual, Elena Balaguer, Sergi del Moral, Inma Leiva, Sonia Mart\u00edn, Maria Pose i Elisenda Ribes<\/p>\n<p><strong>Equip docent 4t ESO<\/strong><\/p>\n<p>Ramon Alujas: Inform\u00e0tica, Tecnologia, Matem\u00e0tiques i Projectes CTM<br \/>\nBlanca Amengual: Biologia<br \/>\nGl\u00f2ria Arias: Biologia, Projectes CTM i Coordinaci\u00f3 de projectes<br \/>\nGregori Berbegal: Socials, Castell\u00e0 i Projectes SAE<br \/>\nJ\u00falia Coll: Educaci\u00f3 f\u00edsica<br \/>\nInma Leiva: Visual i pl\u00e0stica<br \/>\n\u00d2scar Navarro: Educaci\u00f3 f\u00edsica, Etico-c\u00edvica, Tutor 4B i Projectes SAE i CTM<br \/>\nMaria Castell\u00e0: Catal\u00e0, Tutora 4A i Projectes LIN<br \/>\nMerche Garc\u00eda: Llat\u00ed<br \/>\nN\u00faria Junyent: F\u00edsica i Qu\u00edmica<br \/>\nCaterina Riba: Angl\u00e8s, Franc\u00e8s, Tutora 4C, Projectes LIN i Coordinaci\u00f3 tutorial<br \/>\nMeritxell Manyoses: M\u00fasica<br \/>\nAnna Maci\u00e0: Matem\u00e0tiques<\/p>\n<p><em>Projectes transversals:\u00a0<\/em>Ramon Alujas, Gl\u00f2ria Arias, Gregori Berbegal, \u00d2scar Navarro, Maria Castell\u00e0, Caterina Riba\u00a0i\u00a0Anna Maci\u00e0<\/p>\n<p><strong>Altres coordinacions<\/strong><\/p>\n<p>Coordinaci\u00f3\u00a0TIC:\u00a0Ramon Alujas i Salva Chiva<br \/>\nCoordinaci\u00f3 biblioteca: Carme Agust\u00ed<br \/>\nCoordinaci\u00f3 Pr\u00e0cticum Universitats: Anna Jord\u00e0<\/p>\n<p><strong>Comissi\u00f3 d&#8217;Atenci\u00f3 a la Diversitat i Serveis Ajuntament<\/strong><\/p>\n<p>\u00d2scar del Barrio: Representant de l\u2019EAP<br \/>\nBlanca Mostaza: Mestra d&#8217;Ed. Especial, Infantil &#8211; prim\u00e0ria<br \/>\nRosa Barcelona: Psicopedagoga 1r i 2n ESO<br \/>\n\u00d2scar Navarro: Orientador 3r i 4t ESO<br \/>\nAnna Jord\u00e0: Coordinadora pedag\u00f2gica<br \/>\nBorja i Demelsa: Serveis socials de l\u2019Ajuntament de Castellbisbal<br \/>\nCarla Lombao, Coordinadora del &#8220;Tastet d\u2019oficis\u201d de l&#8217;Ajuntament de Castellbisbal<\/p>\n<p><strong>Administraci\u00f3 i consergeria<\/strong><\/p>\n<p>Jose Manuel Garc\u00eda: Conserge<br \/>\nMontse Serra: Conserge<br \/>\nJuan Carlos P\u00e9rez: Administratiu<\/p>\n<p><strong>Equip de menjador i servei d\u2019acollida<\/strong><\/p>\n<p>P3: \u00a0Yasmina Alba i Anna Garcia<br \/>\nP4: Andrea Verde<br \/>\nP5: Rosita Mart\u00ednez<br \/>\n1r: Cristina Alcaraz<br \/>\n2n: Roser Carbonell<br \/>\n3r: Sandra Concha<br \/>\n4t: Ariadna Bontoch<br \/>\nSecund\u00e0ria i coordinaci\u00f3: Nuria Masoliver Pi<br \/>\nCuinera: Mar Muriano<br \/>\nAjudant de cuina: Marta Muntal<\/p>\n<p><strong>Equip directiu<\/strong><\/p>\n<p>Director:\u00a0Quim Preixens<br \/>\nCap d\u2019estudis: Sergi del Moral<br \/>\nSecret\u00e0ria: N\u00faria Orte<br \/>\nCoordinadora pedag\u00f2gica:\u00a0Anna Jord\u00e0<\/p>\n","protected":false},"excerpt":{"rendered":"<p>Equip hum\u00e0 &#8211; Curs 2016-17 Equip docent d&#8217;educaci\u00f3 infantil Maria Bigord\u00e0: Educaci\u00f3 infantil 3 anys L\u00eddia Carretero: Educaci\u00f3 infantil 4\u00a0anys Cristina Franch: Educaci\u00f3 infantil 5\u00a0anys N\u00faria Orte: Educaci\u00f3 infantil 5\u00a0anys i Reforc Maria Josep Cot: Refor\u00e7 Quim Preixens: Educaci\u00f3 especial Alba Turmo: Educaci\u00f3 musical Fran Jiliberto: Llengua Anglesa Equip docent\u00a0d&#8217;educaci\u00f3 prim\u00e0ria Marta Teixidor: Primer de [&hellip;]<\/p>\n","protected":false},"author":6,"featured_media":0,"parent":1948,"menu_order":0,"comment_status":"closed","ping_status":"closed","template":"","meta":{"_bbp_topic_count":0,"_bbp_reply_count":0,"_bbp_total_topic_count":0,"_bbp_total_reply_count":0,"_bbp_voice_count":0,"_bbp_anonymous_reply_count":0,"_bbp_topic_count_hidden":0,"_bbp_reply_count_hidden":0,"_bbp_forum_subforum_count":0,"site-sidebar-layout":"default","site-content-layout":"","ast-site-content-layout":"","site-content-style":"default","site-sidebar-style":"default","ast-global-header-display":"","ast-banner-title-visibility":"","ast-main-header-display":"","ast-hfb-above-header-display":"","ast-hfb-below-header-display":"","ast-hfb-mobile-header-display":"","site-post-title":"","ast-breadcrumbs-content":"","ast-featured-img":"","footer-sml-layout":"","theme-transparent-header-meta":"","adv-header-id-meta":"","stick-header-meta":"","header-above-stick-meta":"","header-main-stick-meta":"","header-below-stick-meta":"","astra-migrate-meta-layouts":"default","ast-page-background-enabled":"default","ast-page-background-meta":{"desktop":{"background-color":"var(--ast-global-color-4)","background-image":"","background-repeat":"repeat","background-position":"center center","background-size":"auto","background-attachment":"scroll","background-type":"","background-media":"","overlay-type":"","overlay-color":"","overlay-opacity":"","overlay-gradient":""},"tablet":{"background-color":"","background-image":"","background-repeat":"repeat","background-position":"center center","background-size":"auto","background-attachment":"scroll","background-type":"","background-media":"","overlay-type":"","overlay-color":"","overlay-opacity":"","overlay-gradient":""},"mobile":{"background-color":"","background-image":"","background-repeat":"repeat","background-position":"center center","background-size":"auto","background-attachment":"scroll","background-type":"","background-media":"","overlay-type":"","overlay-color":"","overlay-opacity":"","overlay-gradient":""}},"ast-content-background-meta":{"desktop":{"background-color":"var(--ast-global-color-5)","background-image":"","background-repeat":"repeat","background-position":"center center","background-size":"auto","background-attachment":"scroll","background-type":"","background-media":"","overlay-type":"","overlay-color":"","overlay-opacity":"","overlay-gradient":""},"tablet":{"background-color":"var(--ast-global-color-5)","background-image":"","background-repeat":"repeat","background-position":"center center","background-size":"auto","background-attachment":"scroll","background-type":"","background-media":"","overlay-type":"","overlay-color":"","overlay-opacity":"","overlay-gradient":""},"mobile":{"background-color":"var(--ast-global-color-5)","background-image":"","background-repeat":"repeat","background-position":"center center","background-size":"auto","background-attachment":"scroll","background-type":"","background-media":"","overlay-type":"","overlay-color":"","overlay-opacity":"","overlay-gradient":""}},"footnotes":""},"class_list":["post-2991","page","type-page","status-publish","hentry"],"post_mailing_queue_ids":[],"_links":{"self":[{"href":"https:\/\/agora.xtec.cat\/ielesvinyes\/wp-json\/wp\/v2\/pages\/2991","targetHints":{"allow":["GET"]}}],"collection":[{"href":"https:\/\/agora.xtec.cat\/ielesvinyes\/wp-json\/wp\/v2\/pages"}],"about":[{"href":"https:\/\/agora.xtec.cat\/ielesvinyes\/wp-json\/wp\/v2\/types\/page"}],"author":[{"embeddable":true,"href":"https:\/\/agora.xtec.cat\/ielesvinyes\/wp-json\/wp\/v2\/users\/6"}],"replies":[{"embeddable":true,"href":"https:\/\/agora.xtec.cat\/ielesvinyes\/wp-json\/wp\/v2\/comments?post=2991"}],"version-history":[{"count":1,"href":"https:\/\/agora.xtec.cat\/ielesvinyes\/wp-json\/wp\/v2\/pages\/2991\/revisions"}],"predecessor-version":[{"id":7054,"href":"https:\/\/agora.xtec.cat\/ielesvinyes\/wp-json\/wp\/v2\/pages\/2991\/revisions\/7054"}],"up":[{"embeddable":true,"href":"https:\/\/agora.xtec.cat\/ielesvinyes\/wp-json\/wp\/v2\/pages\/1948"}],"wp:attachment":[{"href":"https:\/\/agora.xtec.cat\/ielesvinyes\/wp-json\/wp\/v2\/media?parent=2991"}],"curies":[{"name":"wp","href":"https:\/\/api.w.org\/{rel}","templated":true}]}}

Equip humà &#8211; 2016-17

<h3>Equip humà &#8211; Curs 2016-17</h3>
<p><strong>Equip docent d&#8217;educació infantil</strong></p>
<p>Maria Bigordà: Educació infantil 3 anys<br />
Lídia Carretero: Educació infantil 4 anys<br />
Cristina Franch: Educació infantil 5 anys<br />
Núria Orte: Educació infantil 5 anys i Reforc<br />
Maria Josep Cot: Reforç<br />
Quim Preixens: Educació especial<br />
Alba Turmo: Educació musical<br />
Fran Jiliberto: Llengua Anglesa</p>
<p><strong>Equip docent d&#8217;educació primària</strong></p>
<p>Marta Teixidor: Primer de primària<br />
Jose Perales: Segon de primària i Coordinació tutorial<br />
Pilar Cano: Tercer A de primària<br />
Bàrbara Sánchez: Tercer B de primària<br />
Patricia Martin: Quart A de primària<br />
Sílvia Felip: Quart B de primària<br />
Maria Josep Cot: Reforç<br />
Blanca Mostaza: Educació especial i Coordinació de projectes<br />
Alba Turmo: Educació musical<br />
Fran Jiliberto: Llengua anglesa<br />
Cristina Serrano: Educació física</p>
<p><strong>Equip docent 1r ESO</strong></p>
<p>Raúl Arana: Socials<br />
Rosa Barcelona: Català, Animació lectora i Projectes LIN<br />
Salvador Chiva: Matemàtiques, Tecnologia, Projectes CTM i Coordinació de projectes<br />
Júlia Coll: Educació física<br />
Merche García: Castellà i Projectes SAE<br />
Anna Jordà: Anglès, Hora del cinema i Projectes LIN<br />
Núria Junyent: Ciències, Tutora 1B, Projectes CTM i Coordinació tutorial<br />
Núria Pons: Projectes SAE<br />
Rosa Salort: Música, Tutora 1A, Projectes LIN</p>
<p><em>Projectes transversals:</em> Rosa Barcelona, Salva Chiva, Merche García, Anna Jordà, Núria Junyent i Rosa Salort</p>
<p><strong>Equip docent 2n ESO</strong></p>
<p>Raúl Arana: Socials, Hora del cinema, Projectes SAE i Coordinació de projectes<br />
Carme Agustí: Català, Animació lectora, Tutora 2A, ViP i Projectes LIN<br />
Mercè Castro: Matemàtiques, Tecnologia i Projectes CTM<br />
Júlia Coll: Educació física<br />
Núria Pons: Castellà, Projectes LIN i Referent de projectes LIN<br />
Maria Pose: Anglès<br />
Pere Royo: Ciències, Tutor 2B, Projectes CTM i Coordinació de projectes</p>
<p><em>Projectes transversals: </em>Raúl Arana, Carme Agustí, Mercè Castro, Júlia Coll, Núria Pons i Pere Royo</p>
<p><strong>Equip docent 3r ESO</strong></p>
<p>Blanca Amengual: Ciències, Projectes CTM i Coordinació de projectes<br />
Elena Balaguer: Català, Valors ètics, Tutora 3A, Projectes LIN i Coordinació tutorial<br />
Júlia Coll: Educació física<br />
Maria Castellà: Català<br />
Mercè Castro: Tecnologia<br />
Sergi del Moral: Projectes CTM<br />
Núria Junyent: Ciències<br />
Inma Leiva: Visual i plàstica, Socials, Tutora 3C i Projectes SAE<br />
Sonia Martín: Castellà, Tutora 3B i Projectes LIN<br />
Maria Pose: Anglès<br />
Elisenda Ribes: Matemàtiques, Anglès i Projectes SAE<br />
Meritxell Manyoses: Música</p>
<p><em>Projectes transversals: </em>Blanca Amengual, Elena Balaguer, Sergi del Moral, Inma Leiva, Sonia Martín, Maria Pose i Elisenda Ribes</p>
<p><strong>Equip docent 4t ESO</strong></p>
<p>Ramon Alujas: Informàtica, Tecnologia, Matemàtiques i Projectes CTM<br />
Blanca Amengual: Biologia<br />
Glòria Arias: Biologia, Projectes CTM i Coordinació de projectes<br />
Gregori Berbegal: Socials, Castellà i Projectes SAE<br />
Júlia Coll: Educació física<br />
Inma Leiva: Visual i plàstica<br />
Òscar Navarro: Educació física, Etico-cívica, Tutor 4B i Projectes SAE i CTM<br />
Maria Castellà: Català, Tutora 4A i Projectes LIN<br />
Merche García: Llatí<br />
Núria Junyent: Física i Química<br />
Caterina Riba: Anglès, Francès, Tutora 4C, Projectes LIN i Coordinació tutorial<br />
Meritxell Manyoses: Música<br />
Anna Macià: Matemàtiques</p>
<p><em>Projectes transversals: </em>Ramon Alujas, Glòria Arias, Gregori Berbegal, Òscar Navarro, Maria Castellà, Caterina Riba i Anna Macià</p>
<p><strong>Altres coordinacions</strong></p>
<p>Coordinació TIC: Ramon Alujas i Salva Chiva<br />
Coordinació biblioteca: Carme Agustí<br />
Coordinació Pràcticum Universitats: Anna Jordà</p>
<p><strong>Comissió d&#8217;Atenció a la Diversitat i Serveis Ajuntament</strong></p>
<p>Òscar del Barrio: Representant de l’EAP<br />
Blanca Mostaza: Mestra d&#8217;Ed. Especial, Infantil &#8211; primària<br />
Rosa Barcelona: Psicopedagoga 1r i 2n ESO<br />
Òscar Navarro: Orientador 3r i 4t ESO<br />
Anna Jordà: Coordinadora pedagògica<br />
Borja i Demelsa: Serveis socials de l’Ajuntament de Castellbisbal<br />
Carla Lombao, Coordinadora del &#8220;Tastet d’oficis” de l&#8217;Ajuntament de Castellbisbal</p>
<p><strong>Administració i consergeria</strong></p>
<p>Jose Manuel García: Conserge<br />
Montse Serra: Conserge<br />
Juan Carlos Pérez: Administratiu</p>
<p><strong>Equip de menjador i servei d’acollida</strong></p>
<p>P3:  Yasmina Alba i Anna Garcia<br />
P4: Andrea Verde<br />
P5: Rosita Martínez<br />
1r: Cristina Alcaraz<br />
2n: Roser Carbonell<br />
3r: Sandra Concha<br />
4t: Ariadna Bontoch<br />
Secundària i coordinació: Nuria Masoliver Pi<br />
Cuinera: Mar Muriano<br />
Ajudant de cuina: Marta Muntal</p>
<p><strong>Equip directiu</strong></p>
<p>Director: Quim Preixens<br />
Cap d’estudis: Sergi del Moral<br />
Secretària: Núria Orte<br />
Coordinadora pedagògica: Anna Jordà</p>

<p>Equip humà &#8211; Curs 2016-17 Equip docent d&#8217;educació infantil Maria Bigordà: Educació infantil 3 anys Lídia Carretero: Educació infantil 4 anys Cristina Franch: Educació infantil 5 anys Núria Orte: Educació infantil 5 anys i Reforc Maria Josep Cot: Reforç Quim Preixens: Educació especial Alba Turmo: Educació musical Fran Jiliberto: Llengua Anglesa Equip docent d&#8217;educació primària Marta Teixidor: Primer de [&hellip;]</p>
