{"id":2596,"date":"2015-07-22T05:36:28","date_gmt":"2015-07-22T03:36:28","guid":{"rendered":"http:\/\/ampa.ielesvinyes.net\/stage1\/?page_id=2596"},"modified":"2020-02-04T05:29:05","modified_gmt":"2020-02-04T04:29:05","slug":"consell-escolar","status":"publish","type":"page","link":"https:\/\/agora.xtec.cat\/ielesvinyes\/afa-les-vinyes\/afa-qui-som\/afa-qui-som-ojectius\/consell-escolar\/","title":{"rendered":"AFA: Qui som? &#8211; Objectius -> Consell Escolar"},"content":{"rendered":"<p style=\"text-align: justify;\">El <strong>Consell Escolar<\/strong>\u00a0(CE) \u00e9s l\u2019\u00f2rgan del Centre que \u00e9s gestionat per <strong>tots els sectors\u00a0de la comunitat educativa<\/strong> (equip directiu, mestres\/professors, pares\/mares, alumnes, personal d&#8217;administraci\u00f3 i serveis, i representant de l&#8217;ajuntament).<\/p>\n<p style=\"text-align: justify;\">L\u2019AMPA hi t\u00e9, com a m\u00ednim, un representant que participa en la presa de decisions i aprovaci\u00f3 del Projecte Educatiu, reglament de r\u00e8gim intern, pressupostos anuals del centre, programaci\u00f3, an\u00e0lisi i valoraci\u00f3 del funcionament general del centre, aprovaci\u00f3 de sortides, formula propostes de millora\u2026<\/p>\n<p style=\"text-align: justify;\"><strong>Tots els socis podem informar-nos d\u2019algun tema concret, resoldre dubtes, proposar temes, formular q\u00fcestions per debatre al Consell Escolar,&#8230; <\/strong><em>(Contacteu amb els representants a trav\u00e9s del correu de l&#8217;AMPA)<\/em><\/p>\n<p style=\"text-align: justify;\">Cada dos anys es celebren eleccions per renovar la meitat dels membres que el componen: directora que n\u2019\u00e9s la presidenta, cap d\u2019estudis, representant de l\u2019ajuntament, representant d\u2019AMPA, representant del PAS (personal administratiu i de serveis), i representants de mestres, professors, pares, mares i alumnes.<\/p>\n<p style=\"text-align: justify;\"><em>(Darreres eleccions celebrades: Novembre 2018)<\/em><\/p>\n<ul>\n<li style=\"text-align: justify;\"><strong>Representants\u00a0de pares i\u00a0mares, <\/strong>escollits democr\u00e0ticament pels socis, s\u00f3n:<\/li>\n<\/ul>\n<p style=\"padding-left: 120px;\"><strong>Enrique Alirangues<\/strong>\u00a0<em>(pare de Prim\u00e0ria i ESO)<\/em><br \/>\n<strong>\u00d2scar Mart\u00ednez<\/strong><em>\u00a0(pare d\u2019Infantil)<\/em><\/p>\n<ul>\n<li style=\"text-align: justify;\"><strong>Representant\u00a0AMPA,\u00a0<\/strong>escollida democr\u00e0ticament pels\u00a0components de la Junta, \u00e9s:<\/li>\n<\/ul>\n<p style=\"padding-left: 120px;\"><strong>Marta Ma\u00f1\u00e9<\/strong> <em>(mare d&#8217;ESO)<\/em><\/p>\n<p style=\"padding-left: 30px;\">\n","protected":false},"excerpt":{"rendered":"<p>El Consell Escolar\u00a0(CE) \u00e9s l\u2019\u00f2rgan del Centre que \u00e9s gestionat per tots els sectors\u00a0de la comunitat educativa (equip directiu, mestres\/professors, pares\/mares, alumnes, personal d&#8217;administraci\u00f3 i serveis, i representant de l&#8217;ajuntament). L\u2019AMPA hi t\u00e9, com a m\u00ednim, un representant que participa en la presa de decisions i aprovaci\u00f3 del Projecte Educatiu, reglament de r\u00e8gim intern, pressupostos [&hellip;]<\/p>\n","protected":false},"author":52,"featured_media":0,"parent":5488,"menu_order":1,"comment_status":"open","ping_status":"closed","template":"","meta":{"_bbp_topic_count":0,"_bbp_reply_count":0,"_bbp_total_topic_count":0,"_bbp_total_reply_count":0,"_bbp_voice_count":0,"_bbp_anonymous_reply_count":0,"_bbp_topic_count_hidden":0,"_bbp_reply_count_hidden":0,"_bbp_forum_subforum_count":0,"site-sidebar-layout":"default","site-content-layout":"","ast-site-content-layout":"","site-content-style":"default","site-sidebar-style":"default","ast-global-header-display":"","ast-banner-title-visibility":"","ast-main-header-display":"","ast-hfb-above-header-display":"","ast-hfb-below-header-display":"","ast-hfb-mobile-header-display":"","site-post-title":"","ast-breadcrumbs-content":"","ast-featured-img":"","footer-sml-layout":"","theme-transparent-header-meta":"","adv-header-id-meta":"","stick-header-meta":"","header-above-stick-meta":"","header-main-stick-meta":"","header-below-stick-meta":"","astra-migrate-meta-layouts":"default","ast-page-background-enabled":"default","ast-page-background-meta":{"desktop":{"background-color":"var(--ast-global-color-4)","background-image":"","background-repeat":"repeat","background-position":"center center","background-size":"auto","background-attachment":"scroll","background-type":"","background-media":"","overlay-type":"","overlay-color":"","overlay-opacity":"","overlay-gradient":""},"tablet":{"background-color":"","background-image":"","background-repeat":"repeat","background-position":"center center","background-size":"auto","background-attachment":"scroll","background-type":"","background-media":"","overlay-type":"","overlay-color":"","overlay-opacity":"","overlay-gradient":""},"mobile":{"background-color":"","background-image":"","background-repeat":"repeat","background-position":"center center","background-size":"auto","background-attachment":"scroll","background-type":"","background-media":"","overlay-type":"","overlay-color":"","overlay-opacity":"","overlay-gradient":""}},"ast-content-background-meta":{"desktop":{"background-color":"var(--ast-global-color-5)","background-image":"","background-repeat":"repeat","background-position":"center center","background-size":"auto","background-attachment":"scroll","background-type":"","background-media":"","overlay-type":"","overlay-color":"","overlay-opacity":"","overlay-gradient":""},"tablet":{"background-color":"var(--ast-global-color-5)","background-image":"","background-repeat":"repeat","background-position":"center center","background-size":"auto","background-attachment":"scroll","background-type":"","background-media":"","overlay-type":"","overlay-color":"","overlay-opacity":"","overlay-gradient":""},"mobile":{"background-color":"var(--ast-global-color-5)","background-image":"","background-repeat":"repeat","background-position":"center center","background-size":"auto","background-attachment":"scroll","background-type":"","background-media":"","overlay-type":"","overlay-color":"","overlay-opacity":"","overlay-gradient":""}},"footnotes":""},"class_list":["post-2596","page","type-page","status-publish","hentry"],"post_mailing_queue_ids":[],"_links":{"self":[{"href":"https:\/\/agora.xtec.cat\/ielesvinyes\/wp-json\/wp\/v2\/pages\/2596","targetHints":{"allow":["GET"]}}],"collection":[{"href":"https:\/\/agora.xtec.cat\/ielesvinyes\/wp-json\/wp\/v2\/pages"}],"about":[{"href":"https:\/\/agora.xtec.cat\/ielesvinyes\/wp-json\/wp\/v2\/types\/page"}],"author":[{"embeddable":true,"href":"https:\/\/agora.xtec.cat\/ielesvinyes\/wp-json\/wp\/v2\/users\/52"}],"replies":[{"embeddable":true,"href":"https:\/\/agora.xtec.cat\/ielesvinyes\/wp-json\/wp\/v2\/comments?post=2596"}],"version-history":[{"count":3,"href":"https:\/\/agora.xtec.cat\/ielesvinyes\/wp-json\/wp\/v2\/pages\/2596\/revisions"}],"predecessor-version":[{"id":5508,"href":"https:\/\/agora.xtec.cat\/ielesvinyes\/wp-json\/wp\/v2\/pages\/2596\/revisions\/5508"}],"up":[{"embeddable":true,"href":"https:\/\/agora.xtec.cat\/ielesvinyes\/wp-json\/wp\/v2\/pages\/5488"}],"wp:attachment":[{"href":"https:\/\/agora.xtec.cat\/ielesvinyes\/wp-json\/wp\/v2\/media?parent=2596"}],"curies":[{"name":"wp","href":"https:\/\/api.w.org\/{rel}","templated":true}]}}

<p style="text-align: justify;">El <strong>Consell Escolar</strong> (CE) és l’òrgan del Centre que és gestionat per <strong>tots els sectors de la comunitat educativa</strong> (equip directiu, mestres/professors, pares/mares, alumnes, personal d&#8217;administració i serveis, i representant de l&#8217;ajuntament).</p>
<p style="text-align: justify;">L’AMPA hi té, com a mínim, un representant que participa en la presa de decisions i aprovació del Projecte Educatiu, reglament de règim intern, pressupostos anuals del centre, programació, anàlisi i valoració del funcionament general del centre, aprovació de sortides, formula propostes de millora…</p>
<p style="text-align: justify;"><strong>Tots els socis podem informar-nos d’algun tema concret, resoldre dubtes, proposar temes, formular qüestions per debatre al Consell Escolar,&#8230; </strong><em>(Contacteu amb els representants a través del correu de l&#8217;AMPA)</em></p>
<p style="text-align: justify;">Cada dos anys es celebren eleccions per renovar la meitat dels membres que el componen: directora que n’és la presidenta, cap d’estudis, representant de l’ajuntament, representant d’AMPA, representant del PAS (personal administratiu i de serveis), i representants de mestres, professors, pares, mares i alumnes.</p>
<p style="text-align: justify;"><em>(Darreres eleccions celebrades: Novembre 2018)</em></p>
<ul>
<li style="text-align: justify;"><strong>Representants de pares i mares, </strong>escollits democràticament pels socis, són:</li>
</ul>
<p style="padding-left: 120px;"><strong>Enrique Alirangues</strong> <em>(pare de Primària i ESO)</em><br />
<strong>Òscar Martínez</strong><em> (pare d’Infantil)</em></p>
<ul>
<li style="text-align: justify;"><strong>Representant AMPA, </strong>escollida democràticament pels components de la Junta, és:</li>
</ul>
<p style="padding-left: 120px;"><strong>Marta Mañé</strong> <em>(mare d&#8217;ESO)</em></p>
<p style="padding-left: 30px;">

<p>El Consell Escolar (CE) és l’òrgan del Centre que és gestionat per tots els sectors de la comunitat educativa (equip directiu, mestres/professors, pares/mares, alumnes, personal d&#8217;administració i serveis, i representant de l&#8217;ajuntament). L’AMPA hi té, com a mínim, un representant que participa en la presa de decisions i aprovació del Projecte Educatiu, reglament de règim intern, pressupostos [&hellip;]</p>
