{"id":1948,"date":"2014-09-18T23:05:52","date_gmt":"2014-09-18T22:05:52","guid":{"rendered":"http:\/\/ielesvinyes.net\/?page_id=1948"},"modified":"2018-10-16T14:29:26","modified_gmt":"2018-10-16T12:29:26","slug":"equip-huma-2","status":"publish","type":"page","link":"https:\/\/agora.xtec.cat\/ielesvinyes\/equip-huma-2\/","title":{"rendered":"17-18"},"content":{"rendered":"<h3>Equip docent d&#8217;educaci\u00f3 infantil<\/h3>\n<p><strong>Coordinaci\u00f3:<\/strong> L\u00eddia Carretero<\/p>\n<p>Marta L\u00f3pez: Educaci\u00f3 infantil 3 anys<br \/>\nMaria Bigord\u00e0: Educaci\u00f3 infantil 4 anys<br \/>\nL\u00eddia Carretero: Educaci\u00f3 infantil 5 anys i Coordinaci\u00f3<br \/>\nN\u00faria Orte: Refor\u00e7<br \/>\nMaria Josep Cot: Refor\u00e7<br \/>\nBlanca Mostaza: Educaci\u00f3 especial<br \/>\nLourdes Ruiz: Educaci\u00f3 musical<br \/>\nFran Jiliberto: Llengua Anglesa<\/p>\n<h3>Equip docent d&#8217;educaci\u00f3 prim\u00e0ria<\/h3>\n<p>Rebeca Jimenez: Primer de prim\u00e0ria<br \/>\nAnna Cornell\u00e0: Segon de prim\u00e0ria A<br \/>\nEsther Flores: Segon de prim\u00e0ria B<br \/>\nLaura L\u00e1zaro: Tercer de prim\u00e0ria<br \/>\nTatiana Garc\u00eda: Quart A de prim\u00e0ria<br \/>\nCristina Serrano: Quart B de prim\u00e0ria<br \/>\nPatricia Mart\u00edn: Cinqu\u00e8 A de prim\u00e0ria i Coordinaci\u00f3 tutorial<br \/>\nQuim Preixens: Cinqu\u00e8 B de prim\u00e0ria<br \/>\nN\u00faria Orte: Refor\u00e7<br \/>\nMaria Josep Cot: Refor\u00e7<br \/>\nBlanca Mostaza: Educaci\u00f3 especial i Coordinaci\u00f3 de projectes<br \/>\nLourdes Ru\u00edz: Educaci\u00f3 musical<br \/>\nFran Jiliberto: Llengua anglesa<br \/>\nAlba Salat: Educaci\u00f3 f\u00edsica<\/p>\n<h3>Equip docent de 1r ESO<\/h3>\n<p><strong>Ra\u00fal Arana<\/strong>: Projectes SAE<br \/>\nSergi del Moral: Projectes CTM<br \/>\nN\u00faria Boix: Catal\u00e0, Animaci\u00f3 lectora i Projectes LIN<\/p>\n<p>Al\u00edcia Salvador: Educaci\u00f3 f\u00edsica<br \/>\nMerche Garc\u00eda: Castell\u00e0 i Projectes LIN<\/p>\n<p>Anna Jord\u00e0: Angl\u00e8s, Hora del cinema i Projectes LIN<br \/>\nN\u00faria Junyent: Ci\u00e8ncies, Tutora 1B, Projectes CTM i Coordinaci\u00f3 tutorial<br \/>\nN\u00faria Pons: Projectes SAE<br \/>\nRosa Salort: M\u00fasica, Tutora 1A, Projectes LIN<\/p>\n<p><em>Projectes transversals:<\/em> Rosa Barcelona, Salva Chiva, Merche Garc\u00eda, Anna Jord\u00e0, N\u00faria Junyent i Rosa Salort<\/p>\n<h3>Equip docent de 2n ESO<\/h3>\n<p>Ra\u00fal Arana: Socials, Hora del cinema, Projectes SAE i Coordinaci\u00f3 de projectes<br \/>\nCarme Agust\u00ed: Catal\u00e0, Animaci\u00f3 lectora, Tutora 2A, ViP i Projectes LIN<br \/>\nMerc\u00e8 Castro: Matem\u00e0tiques, Tecnologia i Projectes CTM<br \/>\nJ\u00falia Coll: Educaci\u00f3 f\u00edsica<br \/>\nN\u00faria Pons: Castell\u00e0, Projectes LIN i Referent de projectes LIN<br \/>\nMaria Pose: Angl\u00e8s<br \/>\nPere Royo: Ci\u00e8ncies, Tutor 2B, Projectes CTM i Coordinaci\u00f3 de projectes<\/p>\n<p><em>Projectes transversals: <\/em>Ra\u00fal Arana, Carme Agust\u00ed, Merc\u00e8 Castro, J\u00falia Coll, N\u00faria Pons i Pere Royo<\/p>\n<h3>Equip docent 3r ESO<\/h3>\n<p>Blanca Amengual: Ci\u00e8ncies, Projectes CTM i Coordinaci\u00f3 de projectes<br \/>\nElena Balaguer: Catal\u00e0, Valors \u00e8tics, Tutora 3A, Projectes LIN i Coordinaci\u00f3 tutorial<br \/>\nJ\u00falia Coll: Educaci\u00f3 f\u00edsica<br \/>\nMaria Castell\u00e0: Catal\u00e0<br \/>\nMerc\u00e8 Castro: Tecnologia<br \/>\nSalvador Chiva: Matem\u00e0tiques, Tecnologia, Projectes CTM i Coordinaci\u00f3 de projectes<br \/>\nN\u00faria Junyent: Ci\u00e8ncies<br \/>\nInma Leiva: Visual i pl\u00e0stica, Socials, Tutora 3C i Projectes SAE<br \/>\nSonia Mart\u00edn: Castell\u00e0, Tutora 3B i Projectes LIN<br \/>\nMaria Pose: Angl\u00e8s<br \/>\nElisenda Ribes: Matem\u00e0tiques, Angl\u00e8s i Projectes SAE<br \/>\nMeritxell Manyoses: M\u00fasica<\/p>\n<p><em>Projectes transversals: <\/em>Blanca Amengual, Elena Balaguer, Sergi del Moral, Inma Leiva, Sonia Mart\u00edn, Maria Pose i Elisenda Ribes<\/p>\n<h3>Equip docent 4t ESO<\/h3>\n<p>Ramon Alujas: Inform\u00e0tica, Tecnologia, Matem\u00e0tiques i Projectes CTM<br \/>\nBlanca Amengual: Biologia<br \/>\nGl\u00f2ria Arias: Biologia, Projectes CTM i Coordinaci\u00f3 de projectes<br \/>\nGregori Berbegal: Socials, Castell\u00e0 i Projectes SAE<br \/>\nJ\u00falia Coll: Educaci\u00f3 f\u00edsica<br \/>\nInma Leiva: Visual i pl\u00e0stica<br \/>\n\u00d2scar Navarro: Educaci\u00f3 f\u00edsica, Etico-c\u00edvica, Tutor 4B i Projectes SAE i CTM<br \/>\nMaria Castell\u00e0: Catal\u00e0, Tutora 4A i Projectes LIN<br \/>\nMerche Garc\u00eda: Llat\u00ed<br \/>\nN\u00faria Junyent: F\u00edsica i Qu\u00edmica<br \/>\nCaterina Riba: Angl\u00e8s, Franc\u00e8s, Tutora 4C, Projectes LIN i Coordinaci\u00f3 tutorial<br \/>\nMeritxell Manyoses: M\u00fasica<br \/>\nAnna Maci\u00e0: Matem\u00e0tiques<\/p>\n<p><em>Projectes transversals: <\/em>Ramon Alujas, Gl\u00f2ria Arias, Gregori Berbegal, \u00d2scar Navarro, Maria Castell\u00e0, Caterina Riba i Anna Maci\u00e0<\/p>\n<h3>Altres coordinacions<\/h3>\n<p>Coordinaci\u00f3 TIC: Ramon Alujas i Patricia Martin<br \/>\nCoordinaci\u00f3 biblioteca: Carme Agust\u00ed<br \/>\nCoordinaci\u00f3 pr\u00e0cticums: Anna Jord\u00e0<\/p>\n<h3>Comissi\u00f3 d&#8217;Atenci\u00f3 a la Diversitat i Serveis ajuntament<\/h3>\n<p>\u00d2scar del Barrio: Representant de l\u2019EAP<br \/>\nBlanca Mostaza: Mestra d&#8217;Ed. Especial, Infantil &#8211; prim\u00e0ria<br \/>\nRosa Barcelona: Psicopedagoga 1r i 2n ESO<br \/>\n\u00d2scar Navarro: Orientador 3r i 4t ESO<br \/>\nAnna Jord\u00e0: Coordinadora pedag\u00f2gica<br \/>\nBorja i Demelsa: Serveis socials de l\u2019Ajuntament de Castellbisbal<br \/>\nCarla Lombao, Coordinadora del &#8220;Tastet d\u2019oficis\u201d de l&#8217;Ajuntament de Castellbisbal<\/p>\n<h3>Administraci\u00f3 i consergeria<\/h3>\n<p>Jose Manuel Garc\u00eda: Conserge<br \/>\nMontse Serra: Conserge<br \/>\nJuan Carlos P\u00e9rez: Administratiu<\/p>\n<h3>Equip de menjador i servei d\u2019acollida<\/h3>\n<p>P3: Yasmina Alba i Anna Garcia<br \/>\nP4: Andrea Verde<br \/>\nP5: Rosita Mart\u00ednez<br \/>\n1r: Cristina Alcaraz<br \/>\n2n: Roser Carbonell<br \/>\n3r: Sandra Concha<br \/>\n4t: Ariadna Bontoch<br \/>\nSecund\u00e0ria i coordinaci\u00f3: Nuria Masoliver Pi<br \/>\nCuinera: Mar Muriano<br \/>\nAjudant de cuina: Marta Muntal<\/p>\n<h3>Equip directiu<\/h3>\n<p>Director: Quim Preixens<br \/>\nCap d\u2019estudis: Sergi del Moral<br \/>\nSecret\u00e0ria: N\u00faria Orte<br \/>\nCoordinadora pedag\u00f2gica: Anna Jord\u00e0<\/p>\n","protected":false},"excerpt":{"rendered":"<p>Equip docent d&#8217;educaci\u00f3 infantil Coordinaci\u00f3: L\u00eddia Carretero Marta L\u00f3pez: Educaci\u00f3 infantil 3 anys Maria Bigord\u00e0: Educaci\u00f3 infantil 4 anys L\u00eddia Carretero: Educaci\u00f3 infantil 5 anys i Coordinaci\u00f3 N\u00faria Orte: Refor\u00e7 Maria Josep Cot: Refor\u00e7 Blanca Mostaza: Educaci\u00f3 especial Lourdes Ruiz: Educaci\u00f3 musical Fran Jiliberto: Llengua Anglesa Equip docent d&#8217;educaci\u00f3 prim\u00e0ria Rebeca Jimenez: Primer de prim\u00e0ria [&hellip;]<\/p>\n","protected":false},"author":1,"featured_media":0,"parent":0,"menu_order":3,"comment_status":"closed","ping_status":"closed","template":"","meta":{"_bbp_topic_count":0,"_bbp_reply_count":0,"_bbp_total_topic_count":0,"_bbp_total_reply_count":0,"_bbp_voice_count":0,"_bbp_anonymous_reply_count":0,"_bbp_topic_count_hidden":0,"_bbp_reply_count_hidden":0,"_bbp_forum_subforum_count":0,"site-sidebar-layout":"default","site-content-layout":"","ast-site-content-layout":"","site-content-style":"default","site-sidebar-style":"default","ast-global-header-display":"","ast-banner-title-visibility":"","ast-main-header-display":"","ast-hfb-above-header-display":"","ast-hfb-below-header-display":"","ast-hfb-mobile-header-display":"","site-post-title":"","ast-breadcrumbs-content":"","ast-featured-img":"","footer-sml-layout":"","theme-transparent-header-meta":"","adv-header-id-meta":"","stick-header-meta":"","header-above-stick-meta":"","header-main-stick-meta":"","header-below-stick-meta":"","astra-migrate-meta-layouts":"default","ast-page-background-enabled":"default","ast-page-background-meta":{"desktop":{"background-color":"var(--ast-global-color-4)","background-image":"","background-repeat":"repeat","background-position":"center center","background-size":"auto","background-attachment":"scroll","background-type":"","background-media":"","overlay-type":"","overlay-color":"","overlay-opacity":"","overlay-gradient":""},"tablet":{"background-color":"","background-image":"","background-repeat":"repeat","background-position":"center center","background-size":"auto","background-attachment":"scroll","background-type":"","background-media":"","overlay-type":"","overlay-color":"","overlay-opacity":"","overlay-gradient":""},"mobile":{"background-color":"","background-image":"","background-repeat":"repeat","background-position":"center center","background-size":"auto","background-attachment":"scroll","background-type":"","background-media":"","overlay-type":"","overlay-color":"","overlay-opacity":"","overlay-gradient":""}},"ast-content-background-meta":{"desktop":{"background-color":"var(--ast-global-color-5)","background-image":"","background-repeat":"repeat","background-position":"center center","background-size":"auto","background-attachment":"scroll","background-type":"","background-media":"","overlay-type":"","overlay-color":"","overlay-opacity":"","overlay-gradient":""},"tablet":{"background-color":"var(--ast-global-color-5)","background-image":"","background-repeat":"repeat","background-position":"center center","background-size":"auto","background-attachment":"scroll","background-type":"","background-media":"","overlay-type":"","overlay-color":"","overlay-opacity":"","overlay-gradient":""},"mobile":{"background-color":"var(--ast-global-color-5)","background-image":"","background-repeat":"repeat","background-position":"center center","background-size":"auto","background-attachment":"scroll","background-type":"","background-media":"","overlay-type":"","overlay-color":"","overlay-opacity":"","overlay-gradient":""}},"footnotes":""},"class_list":["post-1948","page","type-page","status-publish","hentry"],"post_mailing_queue_ids":[],"_links":{"self":[{"href":"https:\/\/agora.xtec.cat\/ielesvinyes\/wp-json\/wp\/v2\/pages\/1948","targetHints":{"allow":["GET"]}}],"collection":[{"href":"https:\/\/agora.xtec.cat\/ielesvinyes\/wp-json\/wp\/v2\/pages"}],"about":[{"href":"https:\/\/agora.xtec.cat\/ielesvinyes\/wp-json\/wp\/v2\/types\/page"}],"author":[{"embeddable":true,"href":"https:\/\/agora.xtec.cat\/ielesvinyes\/wp-json\/wp\/v2\/users\/1"}],"replies":[{"embeddable":true,"href":"https:\/\/agora.xtec.cat\/ielesvinyes\/wp-json\/wp\/v2\/comments?post=1948"}],"version-history":[{"count":1,"href":"https:\/\/agora.xtec.cat\/ielesvinyes\/wp-json\/wp\/v2\/pages\/1948\/revisions"}],"predecessor-version":[{"id":3447,"href":"https:\/\/agora.xtec.cat\/ielesvinyes\/wp-json\/wp\/v2\/pages\/1948\/revisions\/3447"}],"wp:attachment":[{"href":"https:\/\/agora.xtec.cat\/ielesvinyes\/wp-json\/wp\/v2\/media?parent=1948"}],"curies":[{"name":"wp","href":"https:\/\/api.w.org\/{rel}","templated":true}]}}

<h3>Equip docent d&#8217;educació infantil</h3>
<p><strong>Coordinació:</strong> Lídia Carretero</p>
<p>Marta López: Educació infantil 3 anys<br />
Maria Bigordà: Educació infantil 4 anys<br />
Lídia Carretero: Educació infantil 5 anys i Coordinació<br />
Núria Orte: Reforç<br />
Maria Josep Cot: Reforç<br />
Blanca Mostaza: Educació especial<br />
Lourdes Ruiz: Educació musical<br />
Fran Jiliberto: Llengua Anglesa</p>
<h3>Equip docent d&#8217;educació primària</h3>
<p>Rebeca Jimenez: Primer de primària<br />
Anna Cornellà: Segon de primària A<br />
Esther Flores: Segon de primària B<br />
Laura Lázaro: Tercer de primària<br />
Tatiana García: Quart A de primària<br />
Cristina Serrano: Quart B de primària<br />
Patricia Martín: Cinquè A de primària i Coordinació tutorial<br />
Quim Preixens: Cinquè B de primària<br />
Núria Orte: Reforç<br />
Maria Josep Cot: Reforç<br />
Blanca Mostaza: Educació especial i Coordinació de projectes<br />
Lourdes Ruíz: Educació musical<br />
Fran Jiliberto: Llengua anglesa<br />
Alba Salat: Educació física</p>
<h3>Equip docent de 1r ESO</h3>
<p><strong>Raúl Arana</strong>: Projectes SAE<br />
Sergi del Moral: Projectes CTM<br />
Núria Boix: Català, Animació lectora i Projectes LIN</p>
<p>Alícia Salvador: Educació física<br />
Merche García: Castellà i Projectes LIN</p>
<p>Anna Jordà: Anglès, Hora del cinema i Projectes LIN<br />
Núria Junyent: Ciències, Tutora 1B, Projectes CTM i Coordinació tutorial<br />
Núria Pons: Projectes SAE<br />
Rosa Salort: Música, Tutora 1A, Projectes LIN</p>
<p><em>Projectes transversals:</em> Rosa Barcelona, Salva Chiva, Merche García, Anna Jordà, Núria Junyent i Rosa Salort</p>
<h3>Equip docent de 2n ESO</h3>
<p>Raúl Arana: Socials, Hora del cinema, Projectes SAE i Coordinació de projectes<br />
Carme Agustí: Català, Animació lectora, Tutora 2A, ViP i Projectes LIN<br />
Mercè Castro: Matemàtiques, Tecnologia i Projectes CTM<br />
Júlia Coll: Educació física<br />
Núria Pons: Castellà, Projectes LIN i Referent de projectes LIN<br />
Maria Pose: Anglès<br />
Pere Royo: Ciències, Tutor 2B, Projectes CTM i Coordinació de projectes</p>
<p><em>Projectes transversals: </em>Raúl Arana, Carme Agustí, Mercè Castro, Júlia Coll, Núria Pons i Pere Royo</p>
<h3>Equip docent 3r ESO</h3>
<p>Blanca Amengual: Ciències, Projectes CTM i Coordinació de projectes<br />
Elena Balaguer: Català, Valors ètics, Tutora 3A, Projectes LIN i Coordinació tutorial<br />
Júlia Coll: Educació física<br />
Maria Castellà: Català<br />
Mercè Castro: Tecnologia<br />
Salvador Chiva: Matemàtiques, Tecnologia, Projectes CTM i Coordinació de projectes<br />
Núria Junyent: Ciències<br />
Inma Leiva: Visual i plàstica, Socials, Tutora 3C i Projectes SAE<br />
Sonia Martín: Castellà, Tutora 3B i Projectes LIN<br />
Maria Pose: Anglès<br />
Elisenda Ribes: Matemàtiques, Anglès i Projectes SAE<br />
Meritxell Manyoses: Música</p>
<p><em>Projectes transversals: </em>Blanca Amengual, Elena Balaguer, Sergi del Moral, Inma Leiva, Sonia Martín, Maria Pose i Elisenda Ribes</p>
<h3>Equip docent 4t ESO</h3>
<p>Ramon Alujas: Informàtica, Tecnologia, Matemàtiques i Projectes CTM<br />
Blanca Amengual: Biologia<br />
Glòria Arias: Biologia, Projectes CTM i Coordinació de projectes<br />
Gregori Berbegal: Socials, Castellà i Projectes SAE<br />
Júlia Coll: Educació física<br />
Inma Leiva: Visual i plàstica<br />
Òscar Navarro: Educació física, Etico-cívica, Tutor 4B i Projectes SAE i CTM<br />
Maria Castellà: Català, Tutora 4A i Projectes LIN<br />
Merche García: Llatí<br />
Núria Junyent: Física i Química<br />
Caterina Riba: Anglès, Francès, Tutora 4C, Projectes LIN i Coordinació tutorial<br />
Meritxell Manyoses: Música<br />
Anna Macià: Matemàtiques</p>
<p><em>Projectes transversals: </em>Ramon Alujas, Glòria Arias, Gregori Berbegal, Òscar Navarro, Maria Castellà, Caterina Riba i Anna Macià</p>
<h3>Altres coordinacions</h3>
<p>Coordinació TIC: Ramon Alujas i Patricia Martin<br />
Coordinació biblioteca: Carme Agustí<br />
Coordinació pràcticums: Anna Jordà</p>
<h3>Comissió d&#8217;Atenció a la Diversitat i Serveis ajuntament</h3>
<p>Òscar del Barrio: Representant de l’EAP<br />
Blanca Mostaza: Mestra d&#8217;Ed. Especial, Infantil &#8211; primària<br />
Rosa Barcelona: Psicopedagoga 1r i 2n ESO<br />
Òscar Navarro: Orientador 3r i 4t ESO<br />
Anna Jordà: Coordinadora pedagògica<br />
Borja i Demelsa: Serveis socials de l’Ajuntament de Castellbisbal<br />
Carla Lombao, Coordinadora del &#8220;Tastet d’oficis” de l&#8217;Ajuntament de Castellbisbal</p>
<h3>Administració i consergeria</h3>
<p>Jose Manuel García: Conserge<br />
Montse Serra: Conserge<br />
Juan Carlos Pérez: Administratiu</p>
<h3>Equip de menjador i servei d’acollida</h3>
<p>P3: Yasmina Alba i Anna Garcia<br />
P4: Andrea Verde<br />
P5: Rosita Martínez<br />
1r: Cristina Alcaraz<br />
2n: Roser Carbonell<br />
3r: Sandra Concha<br />
4t: Ariadna Bontoch<br />
Secundària i coordinació: Nuria Masoliver Pi<br />
Cuinera: Mar Muriano<br />
Ajudant de cuina: Marta Muntal</p>
<h3>Equip directiu</h3>
<p>Director: Quim Preixens<br />
Cap d’estudis: Sergi del Moral<br />
Secretària: Núria Orte<br />
Coordinadora pedagògica: Anna Jordà</p>

<p>Equip docent d&#8217;educació infantil Coordinació: Lídia Carretero Marta López: Educació infantil 3 anys Maria Bigordà: Educació infantil 4 anys Lídia Carretero: Educació infantil 5 anys i Coordinació Núria Orte: Reforç Maria Josep Cot: Reforç Blanca Mostaza: Educació especial Lourdes Ruiz: Educació musical Fran Jiliberto: Llengua Anglesa Equip docent d&#8217;educació primària Rebeca Jimenez: Primer de primària [&hellip;]</p>
