{"id":156,"date":"2012-10-23T22:05:27","date_gmt":"2012-10-23T20:05:27","guid":{"rendered":"http:\/\/ampa.ielesvinyes.net\/stage1\/?page_id=156"},"modified":"2023-09-14T11:31:19","modified_gmt":"2023-09-14T09:31:19","slug":"acollida-de-mati-2","status":"publish","type":"page","link":"https:\/\/agora.xtec.cat\/ielesvinyes\/afa-les-vinyes\/serveis-afa\/acollida\/acollida-de-mati-2\/","title":{"rendered":"AFA: Serveis &#8211; Acollida de mat\u00ed"},"content":{"rendered":"<p style=\"text-align: justify;\">L&#8217;AFA organitza el servei escolar d&#8217;acollida i contracta aquest\u00a0servei\u00a0amb la mateixa empresa que gestiona el menjador escolar, <strong>&#8220;Cooperativa DOBLE VIA&#8221;<\/strong>.<\/p>\n<p style=\"text-align: justify;\"><span style=\"color: #808000;\"><strong>Acollida matinal INFANTIL i PRIM\u00c0RIA<\/strong><\/span><\/p>\n<p style=\"text-align: justify;\"><strong>Mat\u00ed:<\/strong> de <strong>7.45 a 9h.<\/strong><\/p>\n<p><strong>Entrada:<\/strong> Porta principal del Centre (carrer Major)<\/p>\n<p style=\"text-align: justify;\"><span style=\"color: #808000;\"><strong>Preus\u00a0<\/strong><\/span><em><span style=\"color: #000000;\">(Curs &#8217;23 &#8211; &#8217;24)<\/span><\/em><\/p>\n<table style=\"border-collapse: collapse; width: 41.6239%; height: 128px;\">\n<tbody>\n<tr style=\"height: 32px;\">\n<td style=\"width: 12.8977%; height: 32px;\"><strong>Horari d&#8217;acollida<\/strong><\/td>\n<td style=\"width: 8.18109%; text-align: center; height: 32px;\"><strong>Servei FIX<\/strong><\/td>\n<td style=\"width: 6.41664%; text-align: center; height: 32px;\"><strong>Servei espor\u00e0dic<\/strong><\/td>\n<\/tr>\n<tr style=\"height: 32px;\">\n<td style=\"width: 12.8977%; height: 32px;\">7:45 a 9:00 h (75 minuts)<\/td>\n<td style=\"width: 8.18109%; text-align: center; height: 32px;\">40 \u20ac<\/td>\n<td style=\"width: 6.41664%; text-align: center; height: 32px;\">4\u20ac<\/td>\n<\/tr>\n<tr style=\"height: 32px;\">\n<td style=\"width: 12.8977%; height: 32px;\">8:00 a 9:00 h (60 minuts)<\/td>\n<td style=\"width: 8.18109%; text-align: center; height: 32px;\">36 \u20ac<\/td>\n<td style=\"width: 6.41664%; text-align: center; height: 32px;\">4\u20ac<\/td>\n<\/tr>\n<tr style=\"height: 32px;\">\n<td style=\"width: 12.8977%; height: 32px;\">8:30 a 9:00 h (30 minuts)<\/td>\n<td style=\"width: 8.18109%; text-align: center; height: 32px;\">25,50 \u20ac<\/td>\n<td style=\"width: 6.41664%; text-align: center; height: 32px;\">2\u20ac<\/td>\n<\/tr>\n<\/tbody>\n<\/table>\n<p><span style=\"color: #808000;\"><strong>Inscripci\u00f3<\/strong><\/span><\/p>\n<p>Les inscripcions al servei d&#8217;acollida es faran on line a trav\u00e9s de l&#8217;aplicatiu inform\u00e0tic: <a href=\"https:\/\/escoles.doblevia.coop\" target=\"_blank\" rel=\"noopener\">https:\/\/escoles.doblevia.coop<\/a><\/p>\n<p style=\"text-align: justify;\">Per a qualsevol q\u00fcesti\u00f3 relacionada amb el servei d&#8217;acollida podeu contactar amb la coordinadora del servei (Cristina),<br \/>\na trav\u00e9s del tel\u00e8fon <strong>694 412 534<\/strong>.<\/p>\n<p><strong style=\"color: #0c97c9; font-family: inherit; font-size: 1em; text-align: center;\"><em>Si algun dia teniu una emerg\u00e8ncia al mat\u00ed, podeu utilitzar el servei d&#8217;acollida sense avisar pr\u00e8viament, dins de l&#8217;horari establert!!!<\/em><\/strong><\/p>\n<p style=\"text-align: justify;\"><em>Si teniu dubtes o suggeriments que\u00a0volgueu transmetre a l&#8217;AFA, podeu enviar un correu a <a href=\"mailto:menjador.afa@ielesvinyes.net\"><strong>menjador.a<\/strong><strong>fa<\/strong><strong>@ielesvinyes.net<\/strong><\/a><\/em><\/p>\n","protected":false},"excerpt":{"rendered":"<p>L&#8217;AFA organitza el servei escolar d&#8217;acollida i contracta aquest\u00a0servei\u00a0amb la mateixa empresa que gestiona el menjador escolar, &#8220;Cooperativa DOBLE VIA&#8221;. Acollida matinal INFANTIL i PRIM\u00c0RIA Mat\u00ed: de 7.45 a 9h. Entrada: Porta principal del Centre (carrer Major) Preus\u00a0(Curs &#8217;23 &#8211; &#8217;24) Horari d&#8217;acollida Servei FIX Servei espor\u00e0dic 7:45 a 9:00 h (75 minuts) 40 \u20ac [&hellip;]<\/p>\n","protected":false},"author":52,"featured_media":0,"parent":5181,"menu_order":1,"comment_status":"closed","ping_status":"closed","template":"","meta":{"_bbp_topic_count":0,"_bbp_reply_count":0,"_bbp_total_topic_count":0,"_bbp_total_reply_count":0,"_bbp_voice_count":0,"_bbp_anonymous_reply_count":0,"_bbp_topic_count_hidden":0,"_bbp_reply_count_hidden":0,"_bbp_forum_subforum_count":0,"site-sidebar-layout":"default","site-content-layout":"","ast-site-content-layout":"","site-content-style":"default","site-sidebar-style":"default","ast-global-header-display":"","ast-banner-title-visibility":"","ast-main-header-display":"","ast-hfb-above-header-display":"","ast-hfb-below-header-display":"","ast-hfb-mobile-header-display":"","site-post-title":"","ast-breadcrumbs-content":"","ast-featured-img":"","footer-sml-layout":"","theme-transparent-header-meta":"","adv-header-id-meta":"","stick-header-meta":"","header-above-stick-meta":"","header-main-stick-meta":"","header-below-stick-meta":"","astra-migrate-meta-layouts":"default","ast-page-background-enabled":"default","ast-page-background-meta":{"desktop":{"background-color":"var(--ast-global-color-4)","background-image":"","background-repeat":"repeat","background-position":"center center","background-size":"auto","background-attachment":"scroll","background-type":"","background-media":"","overlay-type":"","overlay-color":"","overlay-opacity":"","overlay-gradient":""},"tablet":{"background-color":"","background-image":"","background-repeat":"repeat","background-position":"center center","background-size":"auto","background-attachment":"scroll","background-type":"","background-media":"","overlay-type":"","overlay-color":"","overlay-opacity":"","overlay-gradient":""},"mobile":{"background-color":"","background-image":"","background-repeat":"repeat","background-position":"center center","background-size":"auto","background-attachment":"scroll","background-type":"","background-media":"","overlay-type":"","overlay-color":"","overlay-opacity":"","overlay-gradient":""}},"ast-content-background-meta":{"desktop":{"background-color":"var(--ast-global-color-5)","background-image":"","background-repeat":"repeat","background-position":"center center","background-size":"auto","background-attachment":"scroll","background-type":"","background-media":"","overlay-type":"","overlay-color":"","overlay-opacity":"","overlay-gradient":""},"tablet":{"background-color":"var(--ast-global-color-5)","background-image":"","background-repeat":"repeat","background-position":"center center","background-size":"auto","background-attachment":"scroll","background-type":"","background-media":"","overlay-type":"","overlay-color":"","overlay-opacity":"","overlay-gradient":""},"mobile":{"background-color":"var(--ast-global-color-5)","background-image":"","background-repeat":"repeat","background-position":"center center","background-size":"auto","background-attachment":"scroll","background-type":"","background-media":"","overlay-type":"","overlay-color":"","overlay-opacity":"","overlay-gradient":""}},"footnotes":""},"class_list":["post-156","page","type-page","status-publish","hentry"],"post_mailing_queue_ids":[],"_links":{"self":[{"href":"https:\/\/agora.xtec.cat\/ielesvinyes\/wp-json\/wp\/v2\/pages\/156","targetHints":{"allow":["GET"]}}],"collection":[{"href":"https:\/\/agora.xtec.cat\/ielesvinyes\/wp-json\/wp\/v2\/pages"}],"about":[{"href":"https:\/\/agora.xtec.cat\/ielesvinyes\/wp-json\/wp\/v2\/types\/page"}],"author":[{"embeddable":true,"href":"https:\/\/agora.xtec.cat\/ielesvinyes\/wp-json\/wp\/v2\/users\/52"}],"replies":[{"embeddable":true,"href":"https:\/\/agora.xtec.cat\/ielesvinyes\/wp-json\/wp\/v2\/comments?post=156"}],"version-history":[{"count":4,"href":"https:\/\/agora.xtec.cat\/ielesvinyes\/wp-json\/wp\/v2\/pages\/156\/revisions"}],"predecessor-version":[{"id":7750,"href":"https:\/\/agora.xtec.cat\/ielesvinyes\/wp-json\/wp\/v2\/pages\/156\/revisions\/7750"}],"up":[{"embeddable":true,"href":"https:\/\/agora.xtec.cat\/ielesvinyes\/wp-json\/wp\/v2\/pages\/5181"}],"wp:attachment":[{"href":"https:\/\/agora.xtec.cat\/ielesvinyes\/wp-json\/wp\/v2\/media?parent=156"}],"curies":[{"name":"wp","href":"https:\/\/api.w.org\/{rel}","templated":true}]}}

AFA: Serveis &#8211; Acollida de matí

<p style="text-align: justify;">L&#8217;AFA organitza el servei escolar d&#8217;acollida i contracta aquest servei amb la mateixa empresa que gestiona el menjador escolar, <strong>&#8220;Cooperativa DOBLE VIA&#8221;</strong>.</p>
<p style="text-align: justify;"><span style="color: #808000;"><strong>Acollida matinal INFANTIL i PRIMÀRIA</strong></span></p>
<p style="text-align: justify;"><strong>Matí:</strong> de <strong>7.45 a 9h.</strong></p>
<p><strong>Entrada:</strong> Porta principal del Centre (carrer Major)</p>
<p style="text-align: justify;"><span style="color: #808000;"><strong>Preus </strong></span><em><span style="color: #000000;">(Curs &#8217;23 &#8211; &#8217;24)</span></em></p>
<table style="border-collapse: collapse; width: 41.6239%; height: 128px;">
<tbody>
<tr style="height: 32px;">
<td style="width: 12.8977%; height: 32px;"><strong>Horari d&#8217;acollida</strong></td>
<td style="width: 8.18109%; text-align: center; height: 32px;"><strong>Servei FIX</strong></td>
<td style="width: 6.41664%; text-align: center; height: 32px;"><strong>Servei esporàdic</strong></td>
</tr>
<tr style="height: 32px;">
<td style="width: 12.8977%; height: 32px;">7:45 a 9:00 h (75 minuts)</td>
<td style="width: 8.18109%; text-align: center; height: 32px;">40 €</td>
<td style="width: 6.41664%; text-align: center; height: 32px;">4€</td>
</tr>
<tr style="height: 32px;">
<td style="width: 12.8977%; height: 32px;">8:00 a 9:00 h (60 minuts)</td>
<td style="width: 8.18109%; text-align: center; height: 32px;">36 €</td>
<td style="width: 6.41664%; text-align: center; height: 32px;">4€</td>
</tr>
<tr style="height: 32px;">
<td style="width: 12.8977%; height: 32px;">8:30 a 9:00 h (30 minuts)</td>
<td style="width: 8.18109%; text-align: center; height: 32px;">25,50 €</td>
<td style="width: 6.41664%; text-align: center; height: 32px;">2€</td>
</tr>
</tbody>
</table>
<p><span style="color: #808000;"><strong>Inscripció</strong></span></p>
<p>Les inscripcions al servei d&#8217;acollida es faran on line a través de l&#8217;aplicatiu informàtic: <a href="https://escoles.doblevia.coop" target="_blank" rel="noopener">https://escoles.doblevia.coop</a></p>
<p style="text-align: justify;">Per a qualsevol qüestió relacionada amb el servei d&#8217;acollida podeu contactar amb la coordinadora del servei (Cristina),<br />
a través del telèfon <strong>694 412 534</strong>.</p>
<p><strong style="color: #0c97c9; font-family: inherit; font-size: 1em; text-align: center;"><em>Si algun dia teniu una emergència al matí, podeu utilitzar el servei d&#8217;acollida sense avisar prèviament, dins de l&#8217;horari establert!!!</em></strong></p>
<p style="text-align: justify;"><em>Si teniu dubtes o suggeriments que volgueu transmetre a l&#8217;AFA, podeu enviar un correu a <a href="mailto:menjador.afa@ielesvinyes.net"><strong>menjador.a</strong><strong>fa</strong><strong>@ielesvinyes.net</strong></a></em></p>

<p>L&#8217;AFA organitza el servei escolar d&#8217;acollida i contracta aquest servei amb la mateixa empresa que gestiona el menjador escolar, &#8220;Cooperativa DOBLE VIA&#8221;. Acollida matinal INFANTIL i PRIMÀRIA Matí: de 7.45 a 9h. Entrada: Porta principal del Centre (carrer Major) Preus (Curs &#8217;23 &#8211; &#8217;24) Horari d&#8217;acollida Servei FIX Servei esporàdic 7:45 a 9:00 h (75 minuts) 40 € [&hellip;]</p>
