{"id":19,"date":"2014-09-17T14:56:56","date_gmt":"2014-09-17T12:56:56","guid":{"rendered":"http:\/\/agora.xtec.cat\/ielatordera\/?page_id=19"},"modified":"2021-05-11T08:49:20","modified_gmt":"2021-05-11T06:49:20","slug":"linstitut","status":"publish","type":"page","link":"https:\/\/agora.xtec.cat\/ielatordera\/linstitut\/","title":{"rendered":"INSTITUT ESCOLA LA TORDERA"},"content":{"rendered":"<p style=\"text-align: justify;\"><span style=\"font-family: inherit; font-size: 1em;\"><a href=\"https:\/\/agora.xtec.cat\/ielatordera\/wp-content\/uploads\/usu1901\/2019\/03\/logo-la-tordera-e1552390149740.jpg\"><img loading=\"lazy\" decoding=\"async\" class=\"size-full wp-image-839 alignright\" src=\"https:\/\/agora.xtec.cat\/ielatordera\/wp-content\/uploads\/usu1901\/2019\/03\/logo-la-tordera-e1552390149740.jpg\" alt=\"\" width=\"106\" height=\"113\" \/><\/a><\/span><span style=\"font-family: inherit; font-size: 1em;\">La Tordera \u00e9s una escola d\u2019educaci\u00f3 infantil, prim\u00e0ria i secund\u00e0ria (de 3 a 16 anys) del Departament d\u2019Educaci\u00f3 que neix el curs 2001-2002. El centre est\u00e0 mancomunat pels Ajuntaments de Santa Maria de Palautordera i Sant Celoni.<\/span><\/p>\n<p><span style=\"font-family: inherit; font-size: 1em;\"><a href=\"https:\/\/agora.xtec.cat\/ielatordera\/wp-content\/uploads\/usu1901\/2019\/03\/IMG_0985.jpg\"><img loading=\"lazy\" decoding=\"async\" class=\"wp-image-865 alignleft\" src=\"https:\/\/agora.xtec.cat\/ielatordera\/wp-content\/uploads\/usu1901\/2019\/03\/IMG_0985-1024x768.jpg\" alt=\"\" width=\"281\" height=\"211\" srcset=\"https:\/\/agora.xtec.cat\/ielatordera\/wp-content\/uploads\/usu1901\/2019\/03\/IMG_0985-1024x768.jpg 1024w, https:\/\/agora.xtec.cat\/ielatordera\/wp-content\/uploads\/usu1901\/2019\/03\/IMG_0985-300x225.jpg 300w, https:\/\/agora.xtec.cat\/ielatordera\/wp-content\/uploads\/usu1901\/2019\/03\/IMG_0985-768x576.jpg 768w, https:\/\/agora.xtec.cat\/ielatordera\/wp-content\/uploads\/usu1901\/2019\/03\/IMG_0985-200x150.jpg 200w, https:\/\/agora.xtec.cat\/ielatordera\/wp-content\/uploads\/usu1901\/2019\/03\/IMG_0985.jpg 1600w\" sizes=\"auto, (max-width: 281px) 100vw, 281px\" \/><\/a><\/span><\/p>\n<p style=\"text-align: justify;\"><span style=\"font-family: inherit; font-size: 1em;\">El nom de la Tordera va n\u00e9ixer com a punt d\u2019uni\u00f3 entre els dos municipis que formen part de la mancomunitat. El riu Tordera passa per ambdues poblacions i, com l\u2019escola, forma part de totes dues.<\/span><\/p>\n<p style=\"text-align: justify;\">Els Ajuntaments comparteixen la titularitat del terreny i col\u00b7laboren amb el manteniment de l\u2019edifici, la contractaci\u00f3 de la bidell, el personal de neteja i altres serveis educatius, com el funcionament del pla educatiu d\u2019entorn.<\/p>\n","protected":false},"excerpt":{"rendered":"<p>La Tordera \u00e9s una escola d\u2019educaci\u00f3 infantil, prim\u00e0ria i secund\u00e0ria (de 3 a 16 anys) del Departament d\u2019Educaci\u00f3 que neix el curs 2001-2002. El centre est\u00e0 mancomunat pels Ajuntaments de Santa Maria de Palautordera i Sant Celoni. El nom de la Tordera va n\u00e9ixer com a punt d\u2019uni\u00f3 entre els dos municipis que formen part [&hellip;]<\/p>\n","protected":false},"author":1,"featured_media":0,"parent":0,"menu_order":100,"comment_status":"closed","ping_status":"closed","template":"page-templates\/side-menu.php","meta":{"_bbp_topic_count":0,"_bbp_reply_count":0,"_bbp_total_topic_count":0,"_bbp_total_reply_count":0,"_bbp_voice_count":0,"_bbp_anonymous_reply_count":0,"_bbp_topic_count_hidden":0,"_bbp_reply_count_hidden":0,"_bbp_forum_subforum_count":0,"site-sidebar-layout":"default","site-content-layout":"","ast-site-content-layout":"","site-content-style":"default","site-sidebar-style":"default","ast-global-header-display":"","ast-banner-title-visibility":"","ast-main-header-display":"","ast-hfb-above-header-display":"","ast-hfb-below-header-display":"","ast-hfb-mobile-header-display":"","site-post-title":"","ast-breadcrumbs-content":"","ast-featured-img":"","footer-sml-layout":"","theme-transparent-header-meta":"","adv-header-id-meta":"","stick-header-meta":"","header-above-stick-meta":"","header-main-stick-meta":"","header-below-stick-meta":"","astra-migrate-meta-layouts":"default","ast-page-background-enabled":"default","ast-page-background-meta":{"desktop":{"background-color":"var(--ast-global-color-4)","background-image":"","background-repeat":"repeat","background-position":"center center","background-size":"auto","background-attachment":"scroll","background-type":"","background-media":"","overlay-type":"","overlay-color":"","overlay-opacity":"","overlay-gradient":""},"tablet":{"background-color":"","background-image":"","background-repeat":"repeat","background-position":"center center","background-size":"auto","background-attachment":"scroll","background-type":"","background-media":"","overlay-type":"","overlay-color":"","overlay-opacity":"","overlay-gradient":""},"mobile":{"background-color":"","background-image":"","background-repeat":"repeat","background-position":"center center","background-size":"auto","background-attachment":"scroll","background-type":"","background-media":"","overlay-type":"","overlay-color":"","overlay-opacity":"","overlay-gradient":""}},"ast-content-background-meta":{"desktop":{"background-color":"var(--ast-global-color-5)","background-image":"","background-repeat":"repeat","background-position":"center center","background-size":"auto","background-attachment":"scroll","background-type":"","background-media":"","overlay-type":"","overlay-color":"","overlay-opacity":"","overlay-gradient":""},"tablet":{"background-color":"var(--ast-global-color-5)","background-image":"","background-repeat":"repeat","background-position":"center center","background-size":"auto","background-attachment":"scroll","background-type":"","background-media":"","overlay-type":"","overlay-color":"","overlay-opacity":"","overlay-gradient":""},"mobile":{"background-color":"var(--ast-global-color-5)","background-image":"","background-repeat":"repeat","background-position":"center center","background-size":"auto","background-attachment":"scroll","background-type":"","background-media":"","overlay-type":"","overlay-color":"","overlay-opacity":"","overlay-gradient":""}},"footnotes":""},"class_list":["post-19","page","type-page","status-publish","hentry"],"post_mailing_queue_ids":[],"_links":{"self":[{"href":"https:\/\/agora.xtec.cat\/ielatordera\/wp-json\/wp\/v2\/pages\/19","targetHints":{"allow":["GET"]}}],"collection":[{"href":"https:\/\/agora.xtec.cat\/ielatordera\/wp-json\/wp\/v2\/pages"}],"about":[{"href":"https:\/\/agora.xtec.cat\/ielatordera\/wp-json\/wp\/v2\/types\/page"}],"author":[{"embeddable":true,"href":"https:\/\/agora.xtec.cat\/ielatordera\/wp-json\/wp\/v2\/users\/1"}],"replies":[{"embeddable":true,"href":"https:\/\/agora.xtec.cat\/ielatordera\/wp-json\/wp\/v2\/comments?post=19"}],"version-history":[{"count":4,"href":"https:\/\/agora.xtec.cat\/ielatordera\/wp-json\/wp\/v2\/pages\/19\/revisions"}],"predecessor-version":[{"id":16466,"href":"https:\/\/agora.xtec.cat\/ielatordera\/wp-json\/wp\/v2\/pages\/19\/revisions\/16466"}],"wp:attachment":[{"href":"https:\/\/agora.xtec.cat\/ielatordera\/wp-json\/wp\/v2\/media?parent=19"}],"curies":[{"name":"wp","href":"https:\/\/api.w.org\/{rel}","templated":true}]}}