{"id":14344,"date":"2024-05-13T15:10:57","date_gmt":"2024-05-13T13:10:57","guid":{"rendered":"https:\/\/agora.xtec.cat\/ielatordera\/?page_id=14344"},"modified":"2025-02-05T12:44:14","modified_gmt":"2025-02-05T11:44:14","slug":"titol-de-leso","status":"publish","type":"page","link":"https:\/\/agora.xtec.cat\/ielatordera\/secretaria\/tramits\/titol-de-leso\/","title":{"rendered":"T\u00cdTOL DE L&#8217;ESO"},"content":{"rendered":"<h3><span style=\"color: #0000ff;\"><strong>RECOLLIDA DEL T\u00cdTOL<\/strong><\/span><\/h3>\n<p><strong>L\u2019expedici\u00f3 del t\u00edtol de l\u2019ensenyament obligatori (ESO)<\/strong> es fa d\u2019ofici per part del centre i no comporta el pagament de cap taxa per part de l\u2019alumnat. L\u2019alumne\/a no ha de fer cap tr\u00e0mit, des del centre es fa tota la gesti\u00f3 i quan el t\u00edtol arriba a la secretaria del centre, l&#8217;alumne\/a rep un comunicat per correu electr\u00f2nic informant de quan pot passar a recollir-lo. Haur\u00e0 de portar la seg\u00fcent documentaci\u00f3:<\/p>\n<ol>\n<li><span style=\"font-family: inherit; font-size: 1em; color: #993300;\">Original del DNI o NIE vigent<\/span><\/li>\n<\/ol>\n<p>2. <span style=\"color: #993300;\">El resguard del t\u00edtol (es dona en finalitzar 4t d&#8217;ESO)<\/span><\/p>\n<p>Els t\u00edtols s\u00f3n nominals i, per tant, en el cas que l&#8217;alumne\/a no pugui recollir-lo personalment, podr\u00e0 <strong>autoritzar alguna altra persona<\/strong> a fer-ho (el pare\/mare\/ o tutor\/a legal tamb\u00e9 haur\u00e0 de portar l\u2019autoritzaci\u00f3). La persona autoritzada haur\u00e0 de portar la documentaci\u00f3 seg\u00fcent:<\/p>\n<p>1. <span style=\"color: #993300;\">Autoritzaci\u00f3 signada per l\u2019alumne\/a<\/span>, on consti el seu DNI o NIE, nom i cognoms i les dades de la persona autoritzada. Podeu descarregar-la aqu\u00ed: <a href=\"https:\/\/agora.xtec.cat\/ielatordera\/wp-content\/uploads\/usu1901\/2025\/02\/Autoritzacio-recollir-titols-ESO-1.pdf\">Autoritzaci\u00f3-recollir-t\u00edtols-ESO<\/a><\/p>\n<p>2. <span style=\"color: #993300;\">Fotoc\u00f2pia del DNI o NIE de l\u2019alumne\/a<\/span><\/p>\n<p>3.<span style=\"color: #993300;\"> Original del DNI o NIE de la persona autoritzada<\/span><\/p>\n<p>4. <span style=\"color: #993300;\">Resguard del t\u00edtol<\/span><\/p>\n<h3><span style=\"color: #0000ff;\"><strong>SOL\u00b7LICITAR UN DUPLICAT DEL T\u00cdTOL<\/strong><\/span><\/h3>\n<p>En cas de p\u00e8rdua del t\u00edtol oficial, l&#8217;alumne\/a podr\u00e0 demanar un duplicat mitjan\u00e7ant la web gencat.cat, aquesta sol\u00b7licitud comportar\u00e0 el pagament d&#8217;una taxa. Trobareu tota la informaci\u00f3 i la sol\u00b7licitud en aquest enlla\u00e7: <a href=\"https:\/\/educacio.gencat.cat\/ca\/tramits\/tramits-temes\/titols-academics-no-universitaris\">https:\/\/educacio.gencat.cat\/ca\/tramits\/tramits-temes\/titols-academics-no-universitaris<\/a><\/p>\n<h4><\/h4>\n<h3><span style=\"color: #0000ff;\"><strong>PROVES GESO<\/strong><\/span><\/h3>\n<p>Les proves GESO consisteixen en una convocat\u00f2ria per a l\u2019obtenci\u00f3 del t\u00edtol de graduat\/ada en educaci\u00f3 secund\u00e0ria obligat\u00f2ria <strong>(GESO)<\/strong>\u00a0per a majors de 18 anys que no l\u2019hagin obtingut en finalitzar l\u2019etapa.<\/p>\n<p>Aquests estudis permeten completar els ensenyaments b\u00e0sics i obtenir el t\u00edtol de graduat o graduada en educaci\u00f3 secund\u00e0ria obligat\u00f2ria. Es poden cursar de manera presencial o semipresencial als centres i aules de formaci\u00f3 de persones adultes o als centres i aules de formaci\u00f3 de persones adultes que s\u00f3n punts de suport de l&#8217;Institut Obert de Catalunya (IOC).<\/p>\n<p>Trobareu tota la informaci\u00f3 en aquest enlla\u00e7:\u00a0<a href=\"https:\/\/educacio.gencat.cat\/ca\/serveis-tramits\/proves\/proves-lliures-obtencio-titols\/obtencio-geso-mes-18-anys\/index.html\">https:\/\/educacio.gencat.cat\/ca\/serveis-tramits\/proves\/proves-lliures-obtencio-titols\/obtencio-geso-mes-18-anys\/index.html<\/a><\/p>\n","protected":false},"excerpt":{"rendered":"<p>RECOLLIDA DEL T\u00cdTOL L\u2019expedici\u00f3 del t\u00edtol de l\u2019ensenyament obligatori (ESO) es fa d\u2019ofici per part del centre i no comporta el pagament de cap taxa per part de l\u2019alumnat. L\u2019alumne\/a no ha de fer cap tr\u00e0mit, des del centre es fa tota la gesti\u00f3 i quan el t\u00edtol arriba a la secretaria del centre, l&#8217;alumne\/a [&hellip;]<\/p>\n","protected":false},"author":3,"featured_media":0,"parent":752,"menu_order":0,"comment_status":"closed","ping_status":"closed","template":"","meta":{"_bbp_topic_count":0,"_bbp_reply_count":0,"_bbp_total_topic_count":0,"_bbp_total_reply_count":0,"_bbp_voice_count":0,"_bbp_anonymous_reply_count":0,"_bbp_topic_count_hidden":0,"_bbp_reply_count_hidden":0,"_bbp_forum_subforum_count":0,"site-sidebar-layout":"default","site-content-layout":"","ast-site-content-layout":"","site-content-style":"default","site-sidebar-style":"default","ast-global-header-display":"","ast-banner-title-visibility":"","ast-main-header-display":"","ast-hfb-above-header-display":"","ast-hfb-below-header-display":"","ast-hfb-mobile-header-display":"","site-post-title":"","ast-breadcrumbs-content":"","ast-featured-img":"","footer-sml-layout":"","theme-transparent-header-meta":"","adv-header-id-meta":"","stick-header-meta":"","header-above-stick-meta":"","header-main-stick-meta":"","header-below-stick-meta":"","astra-migrate-meta-layouts":"default","ast-page-background-enabled":"default","ast-page-background-meta":{"desktop":{"background-color":"var(--ast-global-color-4)","background-image":"","background-repeat":"repeat","background-position":"center center","background-size":"auto","background-attachment":"scroll","background-type":"","background-media":"","overlay-type":"","overlay-color":"","overlay-opacity":"","overlay-gradient":""},"tablet":{"background-color":"","background-image":"","background-repeat":"repeat","background-position":"center center","background-size":"auto","background-attachment":"scroll","background-type":"","background-media":"","overlay-type":"","overlay-color":"","overlay-opacity":"","overlay-gradient":""},"mobile":{"background-color":"","background-image":"","background-repeat":"repeat","background-position":"center center","background-size":"auto","background-attachment":"scroll","background-type":"","background-media":"","overlay-type":"","overlay-color":"","overlay-opacity":"","overlay-gradient":""}},"ast-content-background-meta":{"desktop":{"background-color":"var(--ast-global-color-5)","background-image":"","background-repeat":"repeat","background-position":"center center","background-size":"auto","background-attachment":"scroll","background-type":"","background-media":"","overlay-type":"","overlay-color":"","overlay-opacity":"","overlay-gradient":""},"tablet":{"background-color":"var(--ast-global-color-5)","background-image":"","background-repeat":"repeat","background-position":"center center","background-size":"auto","background-attachment":"scroll","background-type":"","background-media":"","overlay-type":"","overlay-color":"","overlay-opacity":"","overlay-gradient":""},"mobile":{"background-color":"var(--ast-global-color-5)","background-image":"","background-repeat":"repeat","background-position":"center center","background-size":"auto","background-attachment":"scroll","background-type":"","background-media":"","overlay-type":"","overlay-color":"","overlay-opacity":"","overlay-gradient":""}},"footnotes":""},"class_list":["post-14344","page","type-page","status-publish","hentry"],"post_mailing_queue_ids":[],"_links":{"self":[{"href":"https:\/\/agora.xtec.cat\/ielatordera\/wp-json\/wp\/v2\/pages\/14344","targetHints":{"allow":["GET"]}}],"collection":[{"href":"https:\/\/agora.xtec.cat\/ielatordera\/wp-json\/wp\/v2\/pages"}],"about":[{"href":"https:\/\/agora.xtec.cat\/ielatordera\/wp-json\/wp\/v2\/types\/page"}],"author":[{"embeddable":true,"href":"https:\/\/agora.xtec.cat\/ielatordera\/wp-json\/wp\/v2\/users\/3"}],"replies":[{"embeddable":true,"href":"https:\/\/agora.xtec.cat\/ielatordera\/wp-json\/wp\/v2\/comments?post=14344"}],"version-history":[{"count":6,"href":"https:\/\/agora.xtec.cat\/ielatordera\/wp-json\/wp\/v2\/pages\/14344\/revisions"}],"predecessor-version":[{"id":15145,"href":"https:\/\/agora.xtec.cat\/ielatordera\/wp-json\/wp\/v2\/pages\/14344\/revisions\/15145"}],"up":[{"embeddable":true,"href":"https:\/\/agora.xtec.cat\/ielatordera\/wp-json\/wp\/v2\/pages\/752"}],"wp:attachment":[{"href":"https:\/\/agora.xtec.cat\/ielatordera\/wp-json\/wp\/v2\/media?parent=14344"}],"curies":[{"name":"wp","href":"https:\/\/api.w.org\/{rel}","templated":true}]}}