{"id":12271,"date":"2023-02-06T09:52:25","date_gmt":"2023-02-06T08:52:25","guid":{"rendered":"https:\/\/agora.xtec.cat\/ielatordera\/?page_id=12271"},"modified":"2023-03-13T15:26:48","modified_gmt":"2023-03-13T14:26:48","slug":"pla-estrategic-digital","status":"publish","type":"page","link":"https:\/\/agora.xtec.cat\/ielatordera\/pla-estrategic-digital\/","title":{"rendered":"Pla estrat\u00e8gic digital"},"content":{"rendered":"<p style=\"text-align: justify;\">El Pla d\u2019educaci\u00f3 digital per a Catalunya 2020-2023 (PEDC) presentat pel Departament d\u2019Educaci\u00f3 t\u00e9 per objectiu contribuir al desenvolupament de les compet\u00e8ncies digitals que qualsevol persona necessita per viure i treballar en una societat que evoluciona de manera constant.<br \/>\nAmb aquest Pla, Catalunya vol ser capdavantera en l\u2019\u00fas educatiu de la tecnologia per a l\u2019\u00e8xit educatiu i social, alhora que es pret\u00e9n millorar la compet\u00e8ncia digital de l\u2019alumnat, del professorat i dels centres educatius en el marc de la transformaci\u00f3 educativa del sistema.<\/p>\n<p style=\"text-align: center;\"><a href=\"https:\/\/drive.google.com\/file\/d\/1rMywjSE-2B2wtyfzySgN_J-xx42N5PPH\/view?usp=share_link\"><img loading=\"lazy\" decoding=\"async\" class=\"alignnone wp-image-12313\" src=\"https:\/\/agora.xtec.cat\/ielatordera\/wp-content\/uploads\/usu1901\/2023\/02\/estrategia-digital-centre.jpg\" alt=\"\" width=\"131\" height=\"186\" \/><\/a>\u00a0 \u00a0 \u00a0 \u00a0 \u00a0 \u00a0 \u00a0<a href=\"https:\/\/agora.xtec.cat\/ielatordera\/wp-content\/uploads\/usu1901\/2023\/02\/PEDC.jpg\"><img loading=\"lazy\" decoding=\"async\" class=\"alignnone wp-image-12316\" src=\"https:\/\/agora.xtec.cat\/ielatordera\/wp-content\/uploads\/usu1901\/2023\/02\/PEDC-300x228.jpg\" alt=\"\" width=\"246\" height=\"187\" srcset=\"https:\/\/agora.xtec.cat\/ielatordera\/wp-content\/uploads\/usu1901\/2023\/02\/PEDC-300x228.jpg 300w, https:\/\/agora.xtec.cat\/ielatordera\/wp-content\/uploads\/usu1901\/2023\/02\/PEDC-768x583.jpg 768w, https:\/\/agora.xtec.cat\/ielatordera\/wp-content\/uploads\/usu1901\/2023\/02\/PEDC.jpg 972w\" sizes=\"auto, (max-width: 246px) 100vw, 246px\" \/><\/a><\/p>\n<p>D&#8217;altra banda, l&#8217;Estrat\u00e8gia Digital de Centre es podr\u00e0 trobar al <a href=\"https:\/\/drive.google.com\/file\/d\/1feJ4iEXVzUmDAsQtpHpx_Uj-5wv1urY0\/view\">Projecte Educatiu de Centre<\/a> (PEC) i recollir\u00e0 els aspectes que conformen el <a href=\"https:\/\/agora.xtec.cat\/ielatordera\/wp-content\/uploads\/usu1901\/2019\/11\/PLA-TAC-En-revisi%C3%B3.pdf\">Pla TAC<\/a>, ambd\u00f3s documents es troben actualment en revisi\u00f3.<\/p>\n","protected":false},"excerpt":{"rendered":"<p>El Pla d\u2019educaci\u00f3 digital per a Catalunya 2020-2023 (PEDC) presentat pel Departament d\u2019Educaci\u00f3 t\u00e9 per objectiu contribuir al desenvolupament de les compet\u00e8ncies digitals que qualsevol persona necessita per viure i treballar en una societat que evoluciona de manera constant. Amb aquest Pla, Catalunya vol ser capdavantera en l\u2019\u00fas educatiu de la tecnologia per a l\u2019\u00e8xit [&hellip;]<\/p>\n","protected":false},"author":3,"featured_media":0,"parent":0,"menu_order":260,"comment_status":"closed","ping_status":"closed","template":"","meta":{"_bbp_topic_count":0,"_bbp_reply_count":0,"_bbp_total_topic_count":0,"_bbp_total_reply_count":0,"_bbp_voice_count":0,"_bbp_anonymous_reply_count":0,"_bbp_topic_count_hidden":0,"_bbp_reply_count_hidden":0,"_bbp_forum_subforum_count":0,"site-sidebar-layout":"default","site-content-layout":"","ast-site-content-layout":"","site-content-style":"default","site-sidebar-style":"default","ast-global-header-display":"","ast-banner-title-visibility":"","ast-main-header-display":"","ast-hfb-above-header-display":"","ast-hfb-below-header-display":"","ast-hfb-mobile-header-display":"","site-post-title":"","ast-breadcrumbs-content":"","ast-featured-img":"","footer-sml-layout":"","theme-transparent-header-meta":"","adv-header-id-meta":"","stick-header-meta":"","header-above-stick-meta":"","header-main-stick-meta":"","header-below-stick-meta":"","astra-migrate-meta-layouts":"default","ast-page-background-enabled":"default","ast-page-background-meta":{"desktop":{"background-color":"var(--ast-global-color-4)","background-image":"","background-repeat":"repeat","background-position":"center center","background-size":"auto","background-attachment":"scroll","background-type":"","background-media":"","overlay-type":"","overlay-color":"","overlay-opacity":"","overlay-gradient":""},"tablet":{"background-color":"","background-image":"","background-repeat":"repeat","background-position":"center center","background-size":"auto","background-attachment":"scroll","background-type":"","background-media":"","overlay-type":"","overlay-color":"","overlay-opacity":"","overlay-gradient":""},"mobile":{"background-color":"","background-image":"","background-repeat":"repeat","background-position":"center center","background-size":"auto","background-attachment":"scroll","background-type":"","background-media":"","overlay-type":"","overlay-color":"","overlay-opacity":"","overlay-gradient":""}},"ast-content-background-meta":{"desktop":{"background-color":"var(--ast-global-color-5)","background-image":"","background-repeat":"repeat","background-position":"center center","background-size":"auto","background-attachment":"scroll","background-type":"","background-media":"","overlay-type":"","overlay-color":"","overlay-opacity":"","overlay-gradient":""},"tablet":{"background-color":"var(--ast-global-color-5)","background-image":"","background-repeat":"repeat","background-position":"center center","background-size":"auto","background-attachment":"scroll","background-type":"","background-media":"","overlay-type":"","overlay-color":"","overlay-opacity":"","overlay-gradient":""},"mobile":{"background-color":"var(--ast-global-color-5)","background-image":"","background-repeat":"repeat","background-position":"center center","background-size":"auto","background-attachment":"scroll","background-type":"","background-media":"","overlay-type":"","overlay-color":"","overlay-opacity":"","overlay-gradient":""}},"footnotes":""},"class_list":["post-12271","page","type-page","status-publish","hentry"],"post_mailing_queue_ids":[],"_links":{"self":[{"href":"https:\/\/agora.xtec.cat\/ielatordera\/wp-json\/wp\/v2\/pages\/12271","targetHints":{"allow":["GET"]}}],"collection":[{"href":"https:\/\/agora.xtec.cat\/ielatordera\/wp-json\/wp\/v2\/pages"}],"about":[{"href":"https:\/\/agora.xtec.cat\/ielatordera\/wp-json\/wp\/v2\/types\/page"}],"author":[{"embeddable":true,"href":"https:\/\/agora.xtec.cat\/ielatordera\/wp-json\/wp\/v2\/users\/3"}],"replies":[{"embeddable":true,"href":"https:\/\/agora.xtec.cat\/ielatordera\/wp-json\/wp\/v2\/comments?post=12271"}],"version-history":[{"count":3,"href":"https:\/\/agora.xtec.cat\/ielatordera\/wp-json\/wp\/v2\/pages\/12271\/revisions"}],"predecessor-version":[{"id":12609,"href":"https:\/\/agora.xtec.cat\/ielatordera\/wp-json\/wp\/v2\/pages\/12271\/revisions\/12609"}],"wp:attachment":[{"href":"https:\/\/agora.xtec.cat\/ielatordera\/wp-json\/wp\/v2\/media?parent=12271"}],"curies":[{"name":"wp","href":"https:\/\/api.w.org\/{rel}","templated":true}]}}