{"id":12266,"date":"2023-02-06T09:50:00","date_gmt":"2023-02-06T08:50:00","guid":{"rendered":"https:\/\/agora.xtec.cat\/ielatordera\/?page_id=12266"},"modified":"2023-05-08T16:00:22","modified_gmt":"2023-05-08T14:00:22","slug":"objectius","status":"publish","type":"page","link":"https:\/\/agora.xtec.cat\/ielatordera\/pla-estrategic-digital\/objectius\/","title":{"rendered":"Objectius"},"content":{"rendered":"<p style=\"text-align: justify;\">Amb el prop\u00f2sit que les noves tecnologies esdevinguin una eina real d&#8217;aprenentatge i comunicaci\u00f3 al nostre centre i tenint en compte la normativa i documentaci\u00f3 presentada anteriorment, ens plantegen els seg\u00fcents objectius per als pr\u00f2xims tres cursos:<\/p>\n<p style=\"text-align: left;\"><a href=\"https:\/\/agora.xtec.cat\/ielatordera\/wp-content\/uploads\/usu1901\/2023\/04\/PROGRAMACIO-OBJECTIUS.jpg\"><img loading=\"lazy\" decoding=\"async\" class=\"alignnone size-full wp-image-12817\" src=\"https:\/\/agora.xtec.cat\/ielatordera\/wp-content\/uploads\/usu1901\/2023\/04\/PROGRAMACIO-OBJECTIUS.jpg\" alt=\"\" width=\"1173\" height=\"333\" srcset=\"https:\/\/agora.xtec.cat\/ielatordera\/wp-content\/uploads\/usu1901\/2023\/04\/PROGRAMACIO-OBJECTIUS.jpg 1173w, https:\/\/agora.xtec.cat\/ielatordera\/wp-content\/uploads\/usu1901\/2023\/04\/PROGRAMACIO-OBJECTIUS-300x85.jpg 300w, https:\/\/agora.xtec.cat\/ielatordera\/wp-content\/uploads\/usu1901\/2023\/04\/PROGRAMACIO-OBJECTIUS-1024x291.jpg 1024w, https:\/\/agora.xtec.cat\/ielatordera\/wp-content\/uploads\/usu1901\/2023\/04\/PROGRAMACIO-OBJECTIUS-768x218.jpg 768w\" sizes=\"auto, (max-width: 1173px) 100vw, 1173px\" \/><\/a><\/p>\n<p style=\"text-align: right;\">\n","protected":false},"excerpt":{"rendered":"<p>Amb el prop\u00f2sit que les noves tecnologies esdevinguin una eina real d&#8217;aprenentatge i comunicaci\u00f3 al nostre centre i tenint en compte la normativa i documentaci\u00f3 presentada anteriorment, ens plantegen els seg\u00fcents objectius per als pr\u00f2xims tres cursos:<\/p>\n","protected":false},"author":3,"featured_media":0,"parent":12271,"menu_order":262,"comment_status":"closed","ping_status":"closed","template":"","meta":{"_bbp_topic_count":0,"_bbp_reply_count":0,"_bbp_total_topic_count":0,"_bbp_total_reply_count":0,"_bbp_voice_count":0,"_bbp_anonymous_reply_count":0,"_bbp_topic_count_hidden":0,"_bbp_reply_count_hidden":0,"_bbp_forum_subforum_count":0,"site-sidebar-layout":"default","site-content-layout":"","ast-site-content-layout":"","site-content-style":"default","site-sidebar-style":"default","ast-global-header-display":"","ast-banner-title-visibility":"","ast-main-header-display":"","ast-hfb-above-header-display":"","ast-hfb-below-header-display":"","ast-hfb-mobile-header-display":"","site-post-title":"","ast-breadcrumbs-content":"","ast-featured-img":"","footer-sml-layout":"","theme-transparent-header-meta":"","adv-header-id-meta":"","stick-header-meta":"","header-above-stick-meta":"","header-main-stick-meta":"","header-below-stick-meta":"","astra-migrate-meta-layouts":"default","ast-page-background-enabled":"default","ast-page-background-meta":{"desktop":{"background-color":"var(--ast-global-color-4)","background-image":"","background-repeat":"repeat","background-position":"center center","background-size":"auto","background-attachment":"scroll","background-type":"","background-media":"","overlay-type":"","overlay-color":"","overlay-opacity":"","overlay-gradient":""},"tablet":{"background-color":"","background-image":"","background-repeat":"repeat","background-position":"center center","background-size":"auto","background-attachment":"scroll","background-type":"","background-media":"","overlay-type":"","overlay-color":"","overlay-opacity":"","overlay-gradient":""},"mobile":{"background-color":"","background-image":"","background-repeat":"repeat","background-position":"center center","background-size":"auto","background-attachment":"scroll","background-type":"","background-media":"","overlay-type":"","overlay-color":"","overlay-opacity":"","overlay-gradient":""}},"ast-content-background-meta":{"desktop":{"background-color":"var(--ast-global-color-5)","background-image":"","background-repeat":"repeat","background-position":"center center","background-size":"auto","background-attachment":"scroll","background-type":"","background-media":"","overlay-type":"","overlay-color":"","overlay-opacity":"","overlay-gradient":""},"tablet":{"background-color":"var(--ast-global-color-5)","background-image":"","background-repeat":"repeat","background-position":"center center","background-size":"auto","background-attachment":"scroll","background-type":"","background-media":"","overlay-type":"","overlay-color":"","overlay-opacity":"","overlay-gradient":""},"mobile":{"background-color":"var(--ast-global-color-5)","background-image":"","background-repeat":"repeat","background-position":"center center","background-size":"auto","background-attachment":"scroll","background-type":"","background-media":"","overlay-type":"","overlay-color":"","overlay-opacity":"","overlay-gradient":""}},"footnotes":""},"class_list":["post-12266","page","type-page","status-publish","hentry"],"post_mailing_queue_ids":[],"_links":{"self":[{"href":"https:\/\/agora.xtec.cat\/ielatordera\/wp-json\/wp\/v2\/pages\/12266","targetHints":{"allow":["GET"]}}],"collection":[{"href":"https:\/\/agora.xtec.cat\/ielatordera\/wp-json\/wp\/v2\/pages"}],"about":[{"href":"https:\/\/agora.xtec.cat\/ielatordera\/wp-json\/wp\/v2\/types\/page"}],"author":[{"embeddable":true,"href":"https:\/\/agora.xtec.cat\/ielatordera\/wp-json\/wp\/v2\/users\/3"}],"replies":[{"embeddable":true,"href":"https:\/\/agora.xtec.cat\/ielatordera\/wp-json\/wp\/v2\/comments?post=12266"}],"version-history":[{"count":4,"href":"https:\/\/agora.xtec.cat\/ielatordera\/wp-json\/wp\/v2\/pages\/12266\/revisions"}],"predecessor-version":[{"id":12980,"href":"https:\/\/agora.xtec.cat\/ielatordera\/wp-json\/wp\/v2\/pages\/12266\/revisions\/12980"}],"up":[{"embeddable":true,"href":"https:\/\/agora.xtec.cat\/ielatordera\/wp-json\/wp\/v2\/pages\/12271"}],"wp:attachment":[{"href":"https:\/\/agora.xtec.cat\/ielatordera\/wp-json\/wp\/v2\/media?parent=12266"}],"curies":[{"name":"wp","href":"https:\/\/api.w.org\/{rel}","templated":true}]}}