{"id":3979,"date":"2022-11-07T14:32:27","date_gmt":"2022-11-07T13:32:27","guid":{"rendered":"https:\/\/agora.xtec.cat\/ieja\/?page_id=3979"},"modified":"2023-07-10T13:43:24","modified_gmt":"2023-07-10T11:43:24","slug":"programa-tecnics-dintegracio-social-i-educadors-socials","status":"publish","type":"page","link":"https:\/\/agora.xtec.cat\/ieja\/families\/programa-tecnics-dintegracio-social-i-educadors-socials\/","title":{"rendered":"Programa T\u00e8cnics d\u2019integraci\u00f3 social i educadors socials"},"content":{"rendered":"<p style=\"margin: 6.0pt 0cm 6.0pt 0cm;\"><span style=\"font-family: 'Arial',sans-serif; color: black;\">L\u2019Institut Escola Joan Ard\u00e8vol disposa de professionals d\u2019atenci\u00f3 educativa amb la finalitat de garantir l\u2019equitat en l\u2019acc\u00e9s a l\u2019educaci\u00f3: T\u00e8cnic d\u2019integraci\u00f3 social<\/span><span style=\"white-space: pre-wrap;\">.<\/span><\/p>\n<p style=\"margin: 6.0pt 0cm 6.0pt 0cm;\"><span style=\"white-space: pre-wrap;\"><span style=\"font-family: 'Arial',sans-serif; color: black;\">La contractaci\u00f3 d\u2019aquests professionals est\u00e0 cofinan\u00e7at en un 40% per la Uni\u00f3 Europea i la resta pel Departament d\u2019Educaci\u00f3 aix\u00f2 comporta el compliment d\u2019unes mesures de publicitat i comunicaci\u00f3.<\/span><\/span><\/p>\n<p style=\"text-align: justify; margin: 12.0pt 0cm 12.0pt 0cm;\"><span style=\"white-space: pre-wrap;\"><span style=\"font-family: 'Arial',sans-serif; color: black;\">La incorporaci\u00f3 de t\u00e8cnics d\u2019integraci\u00f3 social i educador socials<\/span><b> t\u00e9 com a objecte<\/b> suplementar amb professionals d&#8217;atenci\u00f3 educativa l&#8217;activitat que es presta en els centres docents<s><span style=\"-webkit-text-decoration-skip: none; text-decoration-skip-ink: none; white-space: pre-wrap;\">,<\/span><\/s> amb la finalitat de garantir l&#8217;equitat en l&#8217;acc\u00e9s a l\u2019educaci\u00f3.<\/span><\/p>\n<p style=\"text-align: justify; margin: 12.0pt 0cm 12.0pt 0cm;\"><span style=\"white-space: pre-wrap;\"><span style=\"font-family: 'Arial',sans-serif; color: black;\">Els objectius del <\/span><b>Programa de t\u00e8cnics d\u2019integraci\u00f3 social i els educadors socials<\/b> <b><\/b>cofinan\u00e7at per la Uni\u00f3 Europea s\u00f3n:<\/span><\/p>\n<p style=\"text-indent: -18.0pt; margin: 0cm 0cm 0cm 36.0pt;\"><span style=\"white-space: pre-wrap;\"><span style=\"font-family: 'Arial',sans-serif; color: black;\">&#8211;<\/span><\/span><span style=\"white-space: pre-wrap;\"><span style=\"font-size: 7.0pt; color: black;\">\u00a0 \u00a0 \u00a0 \u00a0 \u00a0 <\/span><\/span><span style=\"white-space: pre-wrap;\"><span style=\"font-family: 'Arial',sans-serif; color: black;\">Prevenir l\u2019abandonament prematur i el frac\u00e0s escolar Procurar el benestar emocional dels alumnes<\/span><\/span><\/p>\n<p style=\"text-indent: -18.0pt; margin: 0cm 0cm 0cm 36.0pt;\"><span style=\"white-space: pre-wrap;\"><span style=\"font-family: 'Arial',sans-serif; color: black;\">&#8211;<\/span><\/span><span style=\"white-space: pre-wrap;\"><span style=\"font-size: 7.0pt; color: black;\">\u00a0 \u00a0 \u00a0 \u00a0 \u00a0 <\/span><\/span><span style=\"white-space: pre-wrap;\"><span style=\"font-family: 'Arial',sans-serif; color: black;\">Facilitar una bona conviv\u00e8ncia en els centres educatius.<\/span><\/span><\/p>\n<p style=\"text-indent: -18.0pt; margin: 0cm 0cm 0cm 36.0pt;\"><span style=\"white-space: pre-wrap;\"><span style=\"font-family: 'Arial',sans-serif; color: black;\">&#8211;<\/span><\/span><span style=\"white-space: pre-wrap;\"><span style=\"font-size: 7.0pt; color: black;\">\u00a0 \u00a0 \u00a0 \u00a0 \u00a0 <\/span><\/span><span style=\"white-space: pre-wrap;\"><span style=\"font-family: 'Arial',sans-serif; color: black;\">Contribuir a l\u2019orientaci\u00f3 dels alumnes<\/span><\/span><\/p>\n<p style=\"text-indent: -18.0pt; margin: 0cm 0cm 0cm 36.0pt;\"><span style=\"white-space: pre-wrap;\"><span style=\"font-family: 'Arial',sans-serif; color: black;\">&#8211;<\/span><\/span><span style=\"white-space: pre-wrap;\"><span style=\"font-size: 7.0pt; color: black;\">\u00a0 \u00a0 \u00a0 \u00a0 \u00a0 <\/span><\/span><span style=\"white-space: pre-wrap;\"><span style=\"font-family: 'Arial',sans-serif; color: black;\">Fomentar la implicaci\u00f3 de les fam\u00edlies<\/span><\/span><\/p>\n<p style=\"text-indent: -18.0pt; margin: 0cm 0cm 0cm 36.0pt;\"><span style=\"white-space: pre-wrap;\"><span style=\"font-family: 'Arial',sans-serif; color: black;\">&#8211;<\/span><\/span><span style=\"white-space: pre-wrap;\"><span style=\"font-size: 7.0pt; color: black;\">\u00a0 \u00a0 \u00a0 \u00a0 \u00a0 <\/span><\/span><span style=\"white-space: pre-wrap;\"><span style=\"font-family: 'Arial',sans-serif; color: black;\">Fomentar el vincle entre l\u2019escola i el seu entorn.<\/span><\/span><\/p>\n<p style=\"text-indent: -18.0pt; margin: 0cm 0cm 8.0pt 36.0pt;\"><span style=\"white-space: pre-wrap;\"><span style=\"font-family: 'Arial',sans-serif; color: black;\">&#8211;<\/span><\/span><span style=\"white-space: pre-wrap;\"><span style=\"font-size: 7.0pt; color: black;\">\u00a0 \u00a0 \u00a0 \u00a0 \u00a0 <\/span><\/span><span style=\"white-space: pre-wrap;\"><span style=\"font-family: 'Arial',sans-serif; color: black;\">Contribuir al desenvolupament de plans d\u2019\u00e0mbit comunitari.<\/span><\/span><\/p>\n<p style=\"text-align: justify; margin: 12.0pt 0cm 12.0pt 0cm;\"><span style=\"white-space: pre-wrap;\"><span style=\"font-family: 'Arial',sans-serif; color: black;\">El resultat esperat del programa \u00e9s reduir l\u2019absentisme escolar i l\u2019abandonament prematur.\u00a0<\/span><\/span><\/p>\n<p><a href=\"https:\/\/agora.xtec.cat\/ieja\/wp-content\/uploads\/usu2185\/2023\/07\/logos-programa-PAE.png\"><img loading=\"lazy\" decoding=\"async\" class=\"alignleft size-full wp-image-3983\" src=\"https:\/\/agora.xtec.cat\/ieja\/wp-content\/uploads\/usu2185\/2023\/07\/logos-programa-PAE.png\" alt=\"\" width=\"976\" height=\"100\" srcset=\"https:\/\/agora.xtec.cat\/ieja\/wp-content\/uploads\/usu2185\/2023\/07\/logos-programa-PAE.png 976w, https:\/\/agora.xtec.cat\/ieja\/wp-content\/uploads\/usu2185\/2023\/07\/logos-programa-PAE-300x31.png 300w, https:\/\/agora.xtec.cat\/ieja\/wp-content\/uploads\/usu2185\/2023\/07\/logos-programa-PAE-768x79.png 768w\" sizes=\"auto, (max-width: 976px) 100vw, 976px\" \/><\/a><\/p>\n","protected":false},"excerpt":{"rendered":"<p>L\u2019Institut Escola Joan Ard\u00e8vol disposa de professionals d\u2019atenci\u00f3 educativa amb la finalitat de garantir l\u2019equitat en l\u2019acc\u00e9s a l\u2019educaci\u00f3: T\u00e8cnic d\u2019integraci\u00f3 social. La contractaci\u00f3 d\u2019aquests professionals est\u00e0 cofinan\u00e7at en un 40% per la Uni\u00f3 Europea i la resta pel Departament d\u2019Educaci\u00f3 aix\u00f2 comporta el compliment d\u2019unes mesures de publicitat i comunicaci\u00f3. La incorporaci\u00f3 de t\u00e8cnics [&hellip;]<\/p>\n","protected":false},"author":1,"featured_media":0,"parent":692,"menu_order":0,"comment_status":"closed","ping_status":"closed","template":"","meta":{"_bbp_topic_count":0,"_bbp_reply_count":0,"_bbp_total_topic_count":0,"_bbp_total_reply_count":0,"_bbp_voice_count":0,"_bbp_anonymous_reply_count":0,"_bbp_topic_count_hidden":0,"_bbp_reply_count_hidden":0,"_bbp_forum_subforum_count":0,"site-sidebar-layout":"default","site-content-layout":"","ast-site-content-layout":"","site-content-style":"default","site-sidebar-style":"default","ast-global-header-display":"","ast-banner-title-visibility":"","ast-main-header-display":"","ast-hfb-above-header-display":"","ast-hfb-below-header-display":"","ast-hfb-mobile-header-display":"","site-post-title":"","ast-breadcrumbs-content":"","ast-featured-img":"","footer-sml-layout":"","theme-transparent-header-meta":"","adv-header-id-meta":"","stick-header-meta":"","header-above-stick-meta":"","header-main-stick-meta":"","header-below-stick-meta":"","astra-migrate-meta-layouts":"default","ast-page-background-enabled":"default","ast-page-background-meta":{"desktop":{"background-color":"var(--ast-global-color-4)","background-image":"","background-repeat":"repeat","background-position":"center center","background-size":"auto","background-attachment":"scroll","background-type":"","background-media":"","overlay-type":"","overlay-color":"","overlay-opacity":"","overlay-gradient":""},"tablet":{"background-color":"","background-image":"","background-repeat":"repeat","background-position":"center center","background-size":"auto","background-attachment":"scroll","background-type":"","background-media":"","overlay-type":"","overlay-color":"","overlay-opacity":"","overlay-gradient":""},"mobile":{"background-color":"","background-image":"","background-repeat":"repeat","background-position":"center center","background-size":"auto","background-attachment":"scroll","background-type":"","background-media":"","overlay-type":"","overlay-color":"","overlay-opacity":"","overlay-gradient":""}},"ast-content-background-meta":{"desktop":{"background-color":"var(--ast-global-color-5)","background-image":"","background-repeat":"repeat","background-position":"center center","background-size":"auto","background-attachment":"scroll","background-type":"","background-media":"","overlay-type":"","overlay-color":"","overlay-opacity":"","overlay-gradient":""},"tablet":{"background-color":"var(--ast-global-color-5)","background-image":"","background-repeat":"repeat","background-position":"center center","background-size":"auto","background-attachment":"scroll","background-type":"","background-media":"","overlay-type":"","overlay-color":"","overlay-opacity":"","overlay-gradient":""},"mobile":{"background-color":"var(--ast-global-color-5)","background-image":"","background-repeat":"repeat","background-position":"center center","background-size":"auto","background-attachment":"scroll","background-type":"","background-media":"","overlay-type":"","overlay-color":"","overlay-opacity":"","overlay-gradient":""}},"footnotes":""},"class_list":["post-3979","page","type-page","status-publish","hentry"],"post_mailing_queue_ids":[],"_links":{"self":[{"href":"https:\/\/agora.xtec.cat\/ieja\/wp-json\/wp\/v2\/pages\/3979","targetHints":{"allow":["GET"]}}],"collection":[{"href":"https:\/\/agora.xtec.cat\/ieja\/wp-json\/wp\/v2\/pages"}],"about":[{"href":"https:\/\/agora.xtec.cat\/ieja\/wp-json\/wp\/v2\/types\/page"}],"author":[{"embeddable":true,"href":"https:\/\/agora.xtec.cat\/ieja\/wp-json\/wp\/v2\/users\/1"}],"replies":[{"embeddable":true,"href":"https:\/\/agora.xtec.cat\/ieja\/wp-json\/wp\/v2\/comments?post=3979"}],"version-history":[{"count":3,"href":"https:\/\/agora.xtec.cat\/ieja\/wp-json\/wp\/v2\/pages\/3979\/revisions"}],"predecessor-version":[{"id":3984,"href":"https:\/\/agora.xtec.cat\/ieja\/wp-json\/wp\/v2\/pages\/3979\/revisions\/3984"}],"up":[{"embeddable":true,"href":"https:\/\/agora.xtec.cat\/ieja\/wp-json\/wp\/v2\/pages\/692"}],"wp:attachment":[{"href":"https:\/\/agora.xtec.cat\/ieja\/wp-json\/wp\/v2\/media?parent=3979"}],"curies":[{"name":"wp","href":"https:\/\/api.w.org\/{rel}","templated":true}]}}