{"id":936,"date":"2018-01-23T10:43:57","date_gmt":"2018-01-23T09:43:57","guid":{"rendered":"http:\/\/agora.xtec.cat\/escolagornal\/?page_id=936"},"modified":"2018-01-23T10:43:57","modified_gmt":"2018-01-23T09:43:57","slug":"activitats-interactives","status":"publish","type":"page","link":"https:\/\/agora.xtec.cat\/iegornal\/projecte-educatiu\/projectes\/activitats-interactives\/","title":{"rendered":"Grups Interactius"},"content":{"rendered":"<p>Els grups interactius s\u00f3n agrupaments heterogenis a l\u2019aula on m\u00e9s d\u2019un adult dinamitza el treball de l\u2019alumnat. Es potencia la interrelaci\u00f3 dels alumnes, la cooperaci\u00f3 entre ells per realitzar l\u2019activitat, l\u2019adult impulsa les interaccions, modera i ajuda a que tots els alumnes participin en l\u2019activitat. Estan pensats perqu\u00e8 l\u2019alumne rebi una educaci\u00f3 de m\u00e0xima qualitat, es tracta d\u2019introduir a l\u2019aula els recursos necessaris perqu\u00e8 l\u2019alumnat pugui aconseguir l\u2019educaci\u00f3 amb les m\u00e0ximes expectatives possibles.<\/p>\n<p>Fem petits grups d&#8217;uns 4 alumnes, dos o tres grups estan dirigits o moderats per una persona adulta, els altres grups tenen una activitat que poden realitzar de manera aut\u00f2noma o el treball cooperatiu.<\/p>\n<p>Durant la sessi\u00f3 es fan quatre activitats diferents, els alumnes van canviant d\u2019activitat en un temps determinat pel tutor de la classe.<\/p>\n<p>A Educaci\u00f3 Infantil fem dues sessions d&#8217;una hora i mitja a la setmana.<\/p>\n<p>A Prim\u00e0ria fem tres sessions d&#8217;una hora a la setmana de 1r a 6\u00e8, en les \u00e0rees de Llengua Catalana, Llengua Castellana i Matem\u00e0tiques.<\/p>\n<p>&nbsp;<\/p>\n<p>&nbsp;<\/p>\n","protected":false},"excerpt":{"rendered":"<p>Els grups interactius s\u00f3n agrupaments heterogenis a l\u2019aula on m\u00e9s d\u2019un adult dinamitza el treball de l\u2019alumnat. Es potencia la interrelaci\u00f3 dels alumnes, la cooperaci\u00f3 entre ells per realitzar l\u2019activitat, l\u2019adult impulsa les interaccions, modera i ajuda a que tots els alumnes participin en l\u2019activitat.&hellip;  <a href=\"https:\/\/agora.xtec.cat\/iegornal\/projecte-educatiu\/projectes\/activitats-interactives\/\" title=\"Read Grups Interactius\">Llegeix m\u00e9s\u00bb<\/a><\/p>\n","protected":false},"author":1,"featured_media":0,"parent":536,"menu_order":0,"comment_status":"closed","ping_status":"closed","template":"page-templates\/side-menu.php","meta":{"_bbp_topic_count":0,"_bbp_reply_count":0,"_bbp_total_topic_count":0,"_bbp_total_reply_count":0,"_bbp_voice_count":0,"_bbp_anonymous_reply_count":0,"_bbp_topic_count_hidden":0,"_bbp_reply_count_hidden":0,"_bbp_forum_subforum_count":0,"footnotes":""},"class_list":["post-936","page","type-page","status-publish","hentry"],"post_mailing_queue_ids":[],"_links":{"self":[{"href":"https:\/\/agora.xtec.cat\/iegornal\/wp-json\/wp\/v2\/pages\/936","targetHints":{"allow":["GET"]}}],"collection":[{"href":"https:\/\/agora.xtec.cat\/iegornal\/wp-json\/wp\/v2\/pages"}],"about":[{"href":"https:\/\/agora.xtec.cat\/iegornal\/wp-json\/wp\/v2\/types\/page"}],"author":[{"embeddable":true,"href":"https:\/\/agora.xtec.cat\/iegornal\/wp-json\/wp\/v2\/users\/1"}],"replies":[{"embeddable":true,"href":"https:\/\/agora.xtec.cat\/iegornal\/wp-json\/wp\/v2\/comments?post=936"}],"version-history":[{"count":0,"href":"https:\/\/agora.xtec.cat\/iegornal\/wp-json\/wp\/v2\/pages\/936\/revisions"}],"up":[{"embeddable":true,"href":"https:\/\/agora.xtec.cat\/iegornal\/wp-json\/wp\/v2\/pages\/536"}],"wp:attachment":[{"href":"https:\/\/agora.xtec.cat\/iegornal\/wp-json\/wp\/v2\/media?parent=936"}],"curies":[{"name":"wp","href":"https:\/\/api.w.org\/{rel}","templated":true}]}}