{"id":27,"date":"2014-09-17T16:24:03","date_gmt":"2014-09-17T16:24:03","guid":{"rendered":"http:\/\/agora.xtec.cat\/iefeixes\/?page_id=27"},"modified":"2024-04-23T12:31:24","modified_gmt":"2024-04-23T10:31:24","slug":"historia","status":"publish","type":"page","link":"https:\/\/agora.xtec.cat\/iefeixes\/linstitut\/historia\/","title":{"rendered":"Hist\u00f2ria"},"content":{"rendered":"<p>Benvinguts\/des al nou centre educatiu fruit de la fusi\u00f3 entre l&#8217;Institut Jaume Cabr\u00e9 i l&#8217;escola Joan Marqu\u00e9s i Casals!<\/p>\n<p>Us donem la benvinguda a la nostra comunitat educativa, on la innovaci\u00f3 crea un ambient \u00fanic d&#8217;aprenentatge. El nostre comprom\u00eds \u00e9s oferir una educaci\u00f3 de qualitat que prepari el nostre alumnat per afrontar els reptes del m\u00f3n actual i futur.<\/p>\n<p>En el nostre centre, ens enorgulleix combinar el millor de tots dos llegats. La innovaci\u00f3 educativa, \u00e9s el motor d&#8217;ambd\u00f3s centres.<\/p>\n<p>La nostra oferta educativa abasta des de l&#8217;educaci\u00f3 infantil fins al batxillerat, amb un enfocament pedag\u00f2gic centrat en el desenvolupament integral de cada alumne\/a. Valorem el potencial \u00fanic de cada individu i treballem per fomentar el seu creixement acad\u00e8mic, personal i social.<\/p>\n<p>En les nostres instal\u00b7lacions, els estudiants disposen de la tecnologia necess\u00e0ria per potenciar el seu aprenentatge. A m\u00e9s, comptem amb un equip de professionals altament qualificats\/des i compromesos\/es amb l&#8217;educaci\u00f3, que us acompanyaran en el seu proc\u00e9s de formaci\u00f3 i creixement.<\/p>\n<p>Ens esforcem per promoure valors com el respecte, la responsabilitat, i la toler\u00e0ncia, per formar ciutadans\/es \u00edntegres i compromesos amb el seu entorn. El nostre objectiu \u00e9s que cada persona sigui un agent de canvi positiu en la societat.<\/p>\n<p>Estem emocionats\/des d&#8217;engegar aquest nou cap\u00edtol junts\/es i esperem construir un futur brillant.<br \/>\nBenvinguts\/des a la nostra nova comunitat educativa!<\/p>\n<p><img loading=\"lazy\" decoding=\"async\" class=\"wp-image-33 alignleft\" src=\"https:\/\/agora.xtec.cat\/iefeixes\/wp-content\/uploads\/usu2956\/2024\/01\/Logo-ESCOLA-1-150x150.jpg\" alt=\"exemple1b\" width=\"230\" height=\"230\" \/><img loading=\"lazy\" decoding=\"async\" class=\"wp-image-33 alignleft\" src=\"https:\/\/agora.xtec.cat\/iefeixes\/wp-content\/uploads\/usu2956\/2024\/01\/Captura-de-pantalla-2024-01-23-121853-300x234.png\" alt=\"exemple1b\" width=\"226\" height=\"177\" \/><img loading=\"lazy\" decoding=\"async\" class=\"wp-image-33 alignleft\" src=\"https:\/\/agora.xtec.cat\/iefeixes\/wp-content\/uploads\/usu2956\/2024\/01\/baixa-150x150.jpg\" alt=\"exemple1b\" width=\"223\" height=\"223\" \/><\/p>\n<p>&nbsp;<\/p>\n<p>&nbsp;<\/p>\n<p>&nbsp;<\/p>\n<p>&nbsp;<\/p>\n<p>&nbsp;<\/p>\n<p>&nbsp;<\/p>\n","protected":false},"excerpt":{"rendered":"<p>Benvinguts\/des al nou centre educatiu fruit de la fusi\u00f3 entre l&#8217;Institut Jaume Cabr\u00e9 i l&#8217;escola Joan Marqu\u00e9s i Casals! Us donem la benvinguda a la nostra comunitat educativa, on la innovaci\u00f3 crea un ambient \u00fanic d&#8217;aprenentatge. El nostre comprom\u00eds \u00e9s oferir una educaci\u00f3 de qualitat que prepari el nostre alumnat per afrontar els reptes del [&hellip;]<\/p>\n","protected":false},"author":1,"featured_media":0,"parent":19,"menu_order":20,"comment_status":"closed","ping_status":"closed","template":"page-templates\/side-menu.php","meta":{"_bbp_topic_count":0,"_bbp_reply_count":0,"_bbp_total_topic_count":0,"_bbp_total_reply_count":0,"_bbp_voice_count":0,"_bbp_anonymous_reply_count":0,"_bbp_topic_count_hidden":0,"_bbp_reply_count_hidden":0,"_bbp_forum_subforum_count":0,"site-sidebar-layout":"default","site-content-layout":"","ast-site-content-layout":"","site-content-style":"default","site-sidebar-style":"default","ast-global-header-display":"","ast-banner-title-visibility":"","ast-main-header-display":"","ast-hfb-above-header-display":"","ast-hfb-below-header-display":"","ast-hfb-mobile-header-display":"","site-post-title":"","ast-breadcrumbs-content":"","ast-featured-img":"","footer-sml-layout":"","theme-transparent-header-meta":"","adv-header-id-meta":"","stick-header-meta":"","header-above-stick-meta":"","header-main-stick-meta":"","header-below-stick-meta":"","astra-migrate-meta-layouts":"default","ast-page-background-enabled":"default","ast-page-background-meta":{"desktop":{"background-color":"var(--ast-global-color-4)","background-image":"","background-repeat":"repeat","background-position":"center center","background-size":"auto","background-attachment":"scroll","background-type":"","background-media":"","overlay-type":"","overlay-color":"","overlay-opacity":"","overlay-gradient":""},"tablet":{"background-color":"","background-image":"","background-repeat":"repeat","background-position":"center center","background-size":"auto","background-attachment":"scroll","background-type":"","background-media":"","overlay-type":"","overlay-color":"","overlay-opacity":"","overlay-gradient":""},"mobile":{"background-color":"","background-image":"","background-repeat":"repeat","background-position":"center center","background-size":"auto","background-attachment":"scroll","background-type":"","background-media":"","overlay-type":"","overlay-color":"","overlay-opacity":"","overlay-gradient":""}},"ast-content-background-meta":{"desktop":{"background-color":"var(--ast-global-color-5)","background-image":"","background-repeat":"repeat","background-position":"center center","background-size":"auto","background-attachment":"scroll","background-type":"","background-media":"","overlay-type":"","overlay-color":"","overlay-opacity":"","overlay-gradient":""},"tablet":{"background-color":"var(--ast-global-color-5)","background-image":"","background-repeat":"repeat","background-position":"center center","background-size":"auto","background-attachment":"scroll","background-type":"","background-media":"","overlay-type":"","overlay-color":"","overlay-opacity":"","overlay-gradient":""},"mobile":{"background-color":"var(--ast-global-color-5)","background-image":"","background-repeat":"repeat","background-position":"center center","background-size":"auto","background-attachment":"scroll","background-type":"","background-media":"","overlay-type":"","overlay-color":"","overlay-opacity":"","overlay-gradient":""}},"footnotes":""},"class_list":["post-27","page","type-page","status-publish","hentry"],"post_mailing_queue_ids":[],"_links":{"self":[{"href":"https:\/\/agora.xtec.cat\/iefeixes\/wp-json\/wp\/v2\/pages\/27","targetHints":{"allow":["GET"]}}],"collection":[{"href":"https:\/\/agora.xtec.cat\/iefeixes\/wp-json\/wp\/v2\/pages"}],"about":[{"href":"https:\/\/agora.xtec.cat\/iefeixes\/wp-json\/wp\/v2\/types\/page"}],"author":[{"embeddable":true,"href":"https:\/\/agora.xtec.cat\/iefeixes\/wp-json\/wp\/v2\/users\/1"}],"replies":[{"embeddable":true,"href":"https:\/\/agora.xtec.cat\/iefeixes\/wp-json\/wp\/v2\/comments?post=27"}],"version-history":[{"count":6,"href":"https:\/\/agora.xtec.cat\/iefeixes\/wp-json\/wp\/v2\/pages\/27\/revisions"}],"predecessor-version":[{"id":826,"href":"https:\/\/agora.xtec.cat\/iefeixes\/wp-json\/wp\/v2\/pages\/27\/revisions\/826"}],"up":[{"embeddable":true,"href":"https:\/\/agora.xtec.cat\/iefeixes\/wp-json\/wp\/v2\/pages\/19"}],"wp:attachment":[{"href":"https:\/\/agora.xtec.cat\/iefeixes\/wp-json\/wp\/v2\/media?parent=27"}],"curies":[{"name":"wp","href":"https:\/\/api.w.org\/{rel}","templated":true}]}}

Història

<p>Benvinguts/des al nou centre educatiu fruit de la fusió entre l&#8217;Institut Jaume Cabré i l&#8217;escola Joan Marqués i Casals!</p>
<p>Us donem la benvinguda a la nostra comunitat educativa, on la innovació crea un ambient únic d&#8217;aprenentatge. El nostre compromís és oferir una educació de qualitat que prepari el nostre alumnat per afrontar els reptes del món actual i futur.</p>
<p>En el nostre centre, ens enorgulleix combinar el millor de tots dos llegats. La innovació educativa, és el motor d&#8217;ambdós centres.</p>
<p>La nostra oferta educativa abasta des de l&#8217;educació infantil fins al batxillerat, amb un enfocament pedagògic centrat en el desenvolupament integral de cada alumne/a. Valorem el potencial únic de cada individu i treballem per fomentar el seu creixement acadèmic, personal i social.</p>
<p>En les nostres instal·lacions, els estudiants disposen de la tecnologia necessària per potenciar el seu aprenentatge. A més, comptem amb un equip de professionals altament qualificats/des i compromesos/es amb l&#8217;educació, que us acompanyaran en el seu procés de formació i creixement.</p>
<p>Ens esforcem per promoure valors com el respecte, la responsabilitat, i la tolerància, per formar ciutadans/es íntegres i compromesos amb el seu entorn. El nostre objectiu és que cada persona sigui un agent de canvi positiu en la societat.</p>
<p>Estem emocionats/des d&#8217;engegar aquest nou capítol junts/es i esperem construir un futur brillant.<br />
Benvinguts/des a la nostra nova comunitat educativa!</p>
<p><img loading="lazy" decoding="async" class="wp-image-33 alignleft" src="https://agora.xtec.cat/iefeixes/wp-content/uploads/usu2956/2024/01/Logo-ESCOLA-1-150x150.jpg" alt="exemple1b" width="230" height="230" /><img loading="lazy" decoding="async" class="wp-image-33 alignleft" src="https://agora.xtec.cat/iefeixes/wp-content/uploads/usu2956/2024/01/Captura-de-pantalla-2024-01-23-121853-300x234.png" alt="exemple1b" width="226" height="177" /><img loading="lazy" decoding="async" class="wp-image-33 alignleft" src="https://agora.xtec.cat/iefeixes/wp-content/uploads/usu2956/2024/01/baixa-150x150.jpg" alt="exemple1b" width="223" height="223" /></p>
<p>&nbsp;</p>
<p>&nbsp;</p>
<p>&nbsp;</p>
<p>&nbsp;</p>
<p>&nbsp;</p>
<p>&nbsp;</p>

<p>Benvinguts/des al nou centre educatiu fruit de la fusió entre l&#8217;Institut Jaume Cabré i l&#8217;escola Joan Marqués i Casals! Us donem la benvinguda a la nostra comunitat educativa, on la innovació crea un ambient únic d&#8217;aprenentatge. El nostre compromís és oferir una educació de qualitat que prepari el nostre alumnat per afrontar els reptes del [&hellip;]</p>
