{"id":19,"date":"2014-09-17T14:56:56","date_gmt":"2014-09-17T14:56:56","guid":{"rendered":"http:\/\/agora.xtec.cat\/iefeixes\/?page_id=19"},"modified":"2025-02-04T13:01:03","modified_gmt":"2025-02-04T12:01:03","slug":"linstitut","status":"publish","type":"page","link":"https:\/\/agora.xtec.cat\/iefeixes\/linstitut\/","title":{"rendered":"L&#8217;Institut Escola"},"content":{"rendered":"<p dir=\"ltr\" style=\"text-align: justify;\"><strong>L&#8217;Institut Escola Feixes \u00e9s un centre educatiu, amb codi 8078312, producte de la uni\u00f3, des del curs 23-24, de l&#8217;Institut Jaume Cabr\u00e9 i l&#8217;escola Joan Marqu\u00e8s Casals.<\/strong><\/p>\n<p class=\"CDt4Ke zfr3Q\" dir=\"ltr\" style=\"text-align: justify;\">E<span style=\"font-family: inherit; font-size: 1em; text-align: justify;\">l centre \u00e9s al barri de Sant Pere Nord, a la part nord-est de Terrassa i compta amb diversos equipaments municipals a tocar de l\u2019institut: la Biblioteca del Districte 6, el Centre C\u00edvic Francesc Maci\u00e0, el Casal de Gent Gran, el CAP Terrassa Nord i el camp de futbol del club Sant Pere Nord CF. Al costat de l\u2019institut tamb\u00e9 hi ha una llar d\u2019infants municipal.<\/span><\/p>\n<p class=\"CDt4Ke zfr3Q\" dir=\"ltr\" style=\"text-align: justify;\"><a href=\"https:\/\/agora.xtec.cat\/iefeixes\/wp-content\/uploads\/usu2956\/2024\/12\/Fitxer_002.jpeg\"><img loading=\"lazy\" decoding=\"async\" class=\"wp-image-926 alignleft\" src=\"https:\/\/agora.xtec.cat\/iefeixes\/wp-content\/uploads\/usu2956\/2024\/12\/Fitxer_002-1024x728.jpeg\" alt=\"\" width=\"306\" height=\"217\" srcset=\"https:\/\/agora.xtec.cat\/iefeixes\/wp-content\/uploads\/usu2956\/2024\/12\/Fitxer_002-1024x728.jpeg 1024w, https:\/\/agora.xtec.cat\/iefeixes\/wp-content\/uploads\/usu2956\/2024\/12\/Fitxer_002-300x213.jpeg 300w, https:\/\/agora.xtec.cat\/iefeixes\/wp-content\/uploads\/usu2956\/2024\/12\/Fitxer_002-768x546.jpeg 768w, https:\/\/agora.xtec.cat\/iefeixes\/wp-content\/uploads\/usu2956\/2024\/12\/Fitxer_002.jpeg 1280w\" sizes=\"auto, (max-width: 306px) 100vw, 306px\" \/><\/a><\/p>\n<p dir=\"ltr\">El nostre centre compr\u00e8n educaci\u00f3 infantil, prim\u00e0ria, secund\u00e0ria obligat\u00f2ria i batxillerat general. D&#8217;aquesta manera, un infant que comenci l&#8217;escolaritzaci\u00f3 amb nosaltres pot fer tot el cicle 3-18 al mateix entorn escolar.<\/p>\n<p class=\"CDt4Ke zfr3Q\" dir=\"ltr\" style=\"text-align: justify;\">Organitzarem el desplegament del curr\u00edculum treballant per projectes, amb unes franges hor\u00e0ries espec\u00edfiques i a partir d&#8217;unes propostes pedag\u00f2giques competencials, reguladores i que pretenen que l&#8217;alumnat esdevingui ciutad\u00e0 responsable i comprom\u00e8s. La coordinaci\u00f3 necess\u00e0ria entre el professorat esdev\u00e9 clau i es crea la necessitat de treballar en equip, fet que es transmet a l&#8217;alumnat.<\/p>\n","protected":false},"excerpt":{"rendered":"<p>L&#8217;Institut Escola Feixes \u00e9s un centre educatiu, amb codi 8078312, producte de la uni\u00f3, des del curs 23-24, de l&#8217;Institut Jaume Cabr\u00e9 i l&#8217;escola Joan Marqu\u00e8s Casals. El centre \u00e9s al barri de Sant Pere Nord, a la part nord-est de Terrassa i compta amb diversos equipaments municipals a tocar de l\u2019institut: la Biblioteca del [&hellip;]<\/p>\n","protected":false},"author":1,"featured_media":0,"parent":0,"menu_order":0,"comment_status":"closed","ping_status":"closed","template":"page-templates\/side-menu.php","meta":{"_bbp_topic_count":0,"_bbp_reply_count":0,"_bbp_total_topic_count":0,"_bbp_total_reply_count":0,"_bbp_voice_count":0,"_bbp_anonymous_reply_count":0,"_bbp_topic_count_hidden":0,"_bbp_reply_count_hidden":0,"_bbp_forum_subforum_count":0,"site-sidebar-layout":"default","site-content-layout":"","ast-site-content-layout":"","site-content-style":"default","site-sidebar-style":"default","ast-global-header-display":"","ast-banner-title-visibility":"","ast-main-header-display":"","ast-hfb-above-header-display":"","ast-hfb-below-header-display":"","ast-hfb-mobile-header-display":"","site-post-title":"","ast-breadcrumbs-content":"","ast-featured-img":"","footer-sml-layout":"","theme-transparent-header-meta":"","adv-header-id-meta":"","stick-header-meta":"","header-above-stick-meta":"","header-main-stick-meta":"","header-below-stick-meta":"","astra-migrate-meta-layouts":"default","ast-page-background-enabled":"default","ast-page-background-meta":{"desktop":{"background-color":"var(--ast-global-color-4)","background-image":"","background-repeat":"repeat","background-position":"center center","background-size":"auto","background-attachment":"scroll","background-type":"","background-media":"","overlay-type":"","overlay-color":"","overlay-opacity":"","overlay-gradient":""},"tablet":{"background-color":"","background-image":"","background-repeat":"repeat","background-position":"center center","background-size":"auto","background-attachment":"scroll","background-type":"","background-media":"","overlay-type":"","overlay-color":"","overlay-opacity":"","overlay-gradient":""},"mobile":{"background-color":"","background-image":"","background-repeat":"repeat","background-position":"center center","background-size":"auto","background-attachment":"scroll","background-type":"","background-media":"","overlay-type":"","overlay-color":"","overlay-opacity":"","overlay-gradient":""}},"ast-content-background-meta":{"desktop":{"background-color":"var(--ast-global-color-5)","background-image":"","background-repeat":"repeat","background-position":"center center","background-size":"auto","background-attachment":"scroll","background-type":"","background-media":"","overlay-type":"","overlay-color":"","overlay-opacity":"","overlay-gradient":""},"tablet":{"background-color":"var(--ast-global-color-5)","background-image":"","background-repeat":"repeat","background-position":"center center","background-size":"auto","background-attachment":"scroll","background-type":"","background-media":"","overlay-type":"","overlay-color":"","overlay-opacity":"","overlay-gradient":""},"mobile":{"background-color":"var(--ast-global-color-5)","background-image":"","background-repeat":"repeat","background-position":"center center","background-size":"auto","background-attachment":"scroll","background-type":"","background-media":"","overlay-type":"","overlay-color":"","overlay-opacity":"","overlay-gradient":""}},"footnotes":""},"class_list":["post-19","page","type-page","status-publish","hentry"],"post_mailing_queue_ids":[],"_links":{"self":[{"href":"https:\/\/agora.xtec.cat\/iefeixes\/wp-json\/wp\/v2\/pages\/19","targetHints":{"allow":["GET"]}}],"collection":[{"href":"https:\/\/agora.xtec.cat\/iefeixes\/wp-json\/wp\/v2\/pages"}],"about":[{"href":"https:\/\/agora.xtec.cat\/iefeixes\/wp-json\/wp\/v2\/types\/page"}],"author":[{"embeddable":true,"href":"https:\/\/agora.xtec.cat\/iefeixes\/wp-json\/wp\/v2\/users\/1"}],"replies":[{"embeddable":true,"href":"https:\/\/agora.xtec.cat\/iefeixes\/wp-json\/wp\/v2\/comments?post=19"}],"version-history":[{"count":3,"href":"https:\/\/agora.xtec.cat\/iefeixes\/wp-json\/wp\/v2\/pages\/19\/revisions"}],"predecessor-version":[{"id":967,"href":"https:\/\/agora.xtec.cat\/iefeixes\/wp-json\/wp\/v2\/pages\/19\/revisions\/967"}],"wp:attachment":[{"href":"https:\/\/agora.xtec.cat\/iefeixes\/wp-json\/wp\/v2\/media?parent=19"}],"curies":[{"name":"wp","href":"https:\/\/api.w.org\/{rel}","templated":true}]}}

<p dir="ltr" style="text-align: justify;"><strong>L&#8217;Institut Escola Feixes és un centre educatiu, amb codi 8078312, producte de la unió, des del curs 23-24, de l&#8217;Institut Jaume Cabré i l&#8217;escola Joan Marquès Casals.</strong></p>
<p class="CDt4Ke zfr3Q" dir="ltr" style="text-align: justify;">E<span style="font-family: inherit; font-size: 1em; text-align: justify;">l centre és al barri de Sant Pere Nord, a la part nord-est de Terrassa i compta amb diversos equipaments municipals a tocar de l’institut: la Biblioteca del Districte 6, el Centre Cívic Francesc Macià, el Casal de Gent Gran, el CAP Terrassa Nord i el camp de futbol del club Sant Pere Nord CF. Al costat de l’institut també hi ha una llar d’infants municipal.</span></p>
<p class="CDt4Ke zfr3Q" dir="ltr" style="text-align: justify;"><a href="https://agora.xtec.cat/iefeixes/wp-content/uploads/usu2956/2024/12/Fitxer_002.jpeg"><img loading="lazy" decoding="async" class="wp-image-926 alignleft" src="https://agora.xtec.cat/iefeixes/wp-content/uploads/usu2956/2024/12/Fitxer_002-1024x728.jpeg" alt="" width="306" height="217" srcset="https://agora.xtec.cat/iefeixes/wp-content/uploads/usu2956/2024/12/Fitxer_002-1024x728.jpeg 1024w, https://agora.xtec.cat/iefeixes/wp-content/uploads/usu2956/2024/12/Fitxer_002-300x213.jpeg 300w, https://agora.xtec.cat/iefeixes/wp-content/uploads/usu2956/2024/12/Fitxer_002-768x546.jpeg 768w, https://agora.xtec.cat/iefeixes/wp-content/uploads/usu2956/2024/12/Fitxer_002.jpeg 1280w" sizes="auto, (max-width: 306px) 100vw, 306px" /></a></p>
<p dir="ltr">El nostre centre comprèn educació infantil, primària, secundària obligatòria i batxillerat general. D&#8217;aquesta manera, un infant que comenci l&#8217;escolarització amb nosaltres pot fer tot el cicle 3-18 al mateix entorn escolar.</p>
<p class="CDt4Ke zfr3Q" dir="ltr" style="text-align: justify;">Organitzarem el desplegament del currículum treballant per projectes, amb unes franges horàries específiques i a partir d&#8217;unes propostes pedagògiques competencials, reguladores i que pretenen que l&#8217;alumnat esdevingui ciutadà responsable i compromès. La coordinació necessària entre el professorat esdevé clau i es crea la necessitat de treballar en equip, fet que es transmet a l&#8217;alumnat.</p>

<p>L&#8217;Institut Escola Feixes és un centre educatiu, amb codi 8078312, producte de la unió, des del curs 23-24, de l&#8217;Institut Jaume Cabré i l&#8217;escola Joan Marquès Casals. El centre és al barri de Sant Pere Nord, a la part nord-est de Terrassa i compta amb diversos equipaments municipals a tocar de l’institut: la Biblioteca del [&hellip;]</p>
