{"id":71,"date":"2026-03-27T11:45:23","date_gmt":"2026-03-27T10:45:23","guid":{"rendered":"http:\/\/agora.xtec.cat\/escolajaumesegon\/?page_id=71"},"modified":"2026-03-27T11:45:29","modified_gmt":"2026-03-27T10:45:29","slug":"menjador-escolar","status":"publish","type":"page","link":"https:\/\/agora.xtec.cat\/ieelperello\/serveis\/menjador-escolar\/","title":{"rendered":"Menjador"},"content":{"rendered":"\n<figure class=\"wp-block-image alignleft\"><a href=\"https:\/\/agora.xtec.cat\/escolajaumesegon\/wp-content\/uploads\/usu1951\/2019\/03\/cullerada-menjador-1.jpg\"><img loading=\"lazy\" decoding=\"async\" width=\"154\" height=\"127\" src=\"https:\/\/agora.xtec.cat\/escolajaumesegon\/wp-content\/uploads\/usu1951\/2019\/03\/cullerada-menjador-1.jpg\" alt=\"\" class=\"wp-image-497\"\/><\/a><\/figure>\n\n\n\n<figure class=\"wp-block-image aligncenter size-full\"><a href=\"https:\/\/agora.xtec.cat\/ieelperello\/wp-content\/uploads\/usu1951\/2025\/09\/foto-menjador.jpg\"><img loading=\"lazy\" decoding=\"async\" width=\"563\" height=\"363\" src=\"https:\/\/agora.xtec.cat\/ieelperello\/wp-content\/uploads\/usu1951\/2025\/09\/foto-menjador.jpg\" alt=\"\" class=\"wp-image-4802\" srcset=\"https:\/\/agora.xtec.cat\/ieelperello\/wp-content\/uploads\/usu1951\/2025\/09\/foto-menjador.jpg 563w, https:\/\/agora.xtec.cat\/ieelperello\/wp-content\/uploads\/usu1951\/2025\/09\/foto-menjador-300x193.jpg 300w\" sizes=\"auto, (max-width: 563px) 100vw, 563px\" \/><\/a><\/figure>\n\n\n<p style=\"text-align: left;\"><a href=\"https:\/\/agora.xtec.cat\/escolajaumesegon\/wp-content\/uploads\/usu1951\/2019\/03\/cullerada-menjador-1.jpg\">\u00a0<\/a><\/p>\n<p><a href=\"https:\/\/www.facebook.com\/cullerada\/\" target=\"_blank\" rel=\"noopener noreferrer\">Segueix-nos al Facebook <\/a> <a href=\"https:\/\/www.facebook.com\/cullerada\/\" target=\"_blank\" rel=\"noopener noreferrer\"><img loading=\"lazy\" decoding=\"async\" class=\"alignnone wp-image-535\" src=\"https:\/\/agora.xtec.cat\/escolajaumesegon\/wp-content\/uploads\/usu1951\/2019\/03\/facebook-icona.png\" alt=\"\" width=\"28\" height=\"28\" srcset=\"https:\/\/agora.xtec.cat\/ieelperello\/wp-content\/uploads\/usu1951\/2019\/03\/facebook-icona.png 256w, https:\/\/agora.xtec.cat\/ieelperello\/wp-content\/uploads\/usu1951\/2019\/03\/facebook-icona-150x150.png 150w\" sizes=\"auto, (max-width: 28px) 100vw, 28px\" \/><\/a><\/p>\n\n\n<p>Us informem de les normes al menjador escolar. El servei comen\u00e7ar\u00e0 el dia 9 de setembre ininterrompudament fins al 20 de juny.<\/p>\n\n\n\n<p><a href=\"https:\/\/drive.google.com\/file\/d\/1vDjC00hhEzb0fsAbZbVDNQ0wcFbuamko\/view?usp=sharing\">Pla de funcionament del menjador curs 2025-2026<\/a><\/p>\n\n\n\n<p><a href=\"https:\/\/agora.xtec.cat\/ieelperello\/wp-content\/uploads\/usu1951\/2019\/11\/Acompanyar-els-apats-dels-infants-i-joves.pdf\">Acompanyar els \u00e0pats dels infants i joves<\/a><\/p>\n\n\n\n<p><a href=\"https:\/\/agora.xtec.cat\/ieelperello\/wp-content\/uploads\/usu1951\/2019\/11\/Consells-practics-per-acompanyar-lapat-dels-infants-i-joves.pdf\">Consells pr\u00e0ctics per acompanyar l&#8217;\u00e0pat dels infants i joves<\/a><\/p>\n\n\n\n<p><a href=\"https:\/\/agora.xtec.cat\/ieelperello\/wp-content\/uploads\/usu1951\/2019\/11\/Taula-orientativa-de-gramatges-en-funcio-del-grup-dedat.pdf\">Taula orientativa de gramatges en funci\u00f3 del grup d\u2019edat<\/a><\/p>\n\n\n\n<p><strong>Informaci\u00f3 i normes del menjador escolar<\/strong><\/p>\n\n\n\n<p>El servei de menjador comen\u00e7ar\u00e0 el 8 de setembre i funcionar\u00e0 di\u00e0riament, sempre que hi hagi classe.<\/p>\n\n\n\n<p><img decoding=\"async\" src=\"https:\/\/fonts.gstatic.com\/s\/e\/notoemoji\/16.0\/1f4de\/72.png\" alt=\"\ud83d\udcde\">&nbsp;Contacte<\/p>\n\n\n\n<p>\u2022 A partir de l\u20191 de setembre podeu trucar al tel\u00e8fon del menjador (624 032 915) per a comentaris o urg\u00e8ncies, en horari de 9 a 15 h.<\/p>\n\n\n\n<p>\u2022 No es garanteix la resposta de missatges de WhatsApp durant l\u2019horari de servei.<\/p>\n\n\n\n<p><img decoding=\"async\" src=\"https:\/\/fonts.gstatic.com\/s\/e\/notoemoji\/16.0\/1f39f_fe0f\/72.png\" alt=\"\ud83c\udf9f\ufe0f\">&nbsp;Assist\u00e8ncia i tiquets<\/p>\n\n\n\n<p>\u2022 Alumnes ocasionals: \u00e9s imprescindible dipositar el tiquet a la b\u00fastia del menjador (porta de vidre) abans de les 9:15 h del mateix dia.<\/p>\n\n\n\n<p>\u2022 Alumnes fixos: no cal comprar tiquets. Es facilitaran altres opcions de pagament.<\/p>\n\n\n\n<p>\u2022 Compra de tiquets: de dilluns a dijous a les 15 h, davant de la porta de vidre del menjador. El personal acompanya primer els nens a les aules i despr\u00e9s obre per atendre les fam\u00edlies.<\/p>\n\n\n\n<p><img decoding=\"async\" src=\"https:\/\/fonts.gstatic.com\/s\/e\/notoemoji\/16.0\/1f469_200d_1f3eb\/72.png\" alt=\"\ud83d\udc69\u200d\ud83c\udfeb\">&nbsp;Organitzaci\u00f3 i recollida d\u2019alumnes<\/p>\n\n\n\n<p>\u2022 Els nens i nenes que participin en acollida o activitats de l\u2019AFA seran recollits pel monitor corresponent, amb autoritzaci\u00f3 pr\u00e8via per escrit. El menjador coordinar\u00e0 la sortida amb el professorat.<\/p>\n\n\n\n<p>\u2022 \u00c9s imprescindible l\u2019autoritzaci\u00f3 de sortida per als alumnes que marxin del menjador en horari de dinar o a partir de les 15 h en dies de jornada continuada.<\/p>\n\n\n\n<p>\u2022 Els alumnes de l\u2019institut seran recollits per una monitora al vest\u00edbul i acompanyats al menjador.<\/p>\n\n\n\n<p><img decoding=\"async\" src=\"https:\/\/fonts.gstatic.com\/s\/e\/notoemoji\/16.0\/1f4b3\/72.png\" alt=\"\ud83d\udcb3\">&nbsp;Preus i beques<\/p>\n\n\n\n<p>\u2022 Les fam\u00edlies que heu sol\u00b7licitat la beca de menjador rebreu la informaci\u00f3 tan aviat com arribi la resoluci\u00f3.<\/p>\n\n\n\n<p>\u2022 Per al curs 2025\/26 el preu diari del servei ser\u00e0 de 7\u201945\u20ac per alumnes fixos i 7\u201965\u20ac per ocasionals.&nbsp;<\/p>\n\n\n\n<p><img decoding=\"async\" src=\"https:\/\/fonts.gstatic.com\/s\/e\/notoemoji\/16.0\/2139_fe0f\/72.png\" alt=\"\u2139\ufe0f\">&nbsp;Altres informacions<\/p>\n\n\n\n<p>\u2022 El primer dia de curs, a les 9 h, podeu venir al menjador per informar-vos i resoldre dubtes.<\/p>\n\n\n\n<p>\u2022 Per motius de seguretat, no pot entrar al menjador ning\u00fa que no sigui alumne o personal docent.<\/p>\n\n\n\n<p>\u2022 Per raons sanit\u00e0ries, no est\u00e0 perm\u00e8s emportar-se el men\u00fa fora del centre.<\/p>\n\n\n\n<p><strong>Normes per als nens i nenes del menjador<\/strong><\/p>\n\n\n\n<p>Material necessari (nom\u00e9s cal portar-lo un cop per tot el curs):<\/p>\n\n\n\n<p>\u2022 I3, I4 i I5:<\/p>\n\n\n\n<ul class=\"wp-block-list\">\n<li>1 raspall de dents amb el nom marcat i pasta de dents infantil.<\/li>\n\n\n\n<li>1 bata exclusiva per al menjador, amb el nom i una tira per penjar-la.<\/li>\n<\/ul>\n\n\n\n<p>\u2022 De 1r a 6\u00e8 de prim\u00e0ria:<\/p>\n\n\n\n<ul class=\"wp-block-list\">\n<li>1 raspall de dents amb el nom i pasta de dents infantil.<\/li>\n<\/ul>\n\n\n\n<p>Nota important:<\/p>\n\n\n\n<ul class=\"wp-block-list\">\n<li>No es poden portar raspalls el\u00e8ctrics, amb ventosa ni de grans dimensions.<\/li>\n\n\n\n<li>El raspall m\u00e9s adequat \u00e9s el que venen a la farm\u00e0cia, que permet marcar el nom amb retolador permanent (demaneu el \u201craspall del menjador\u201d).<\/li>\n<\/ul>\n\n\n\n<p><img decoding=\"async\" src=\"https:\/\/fonts.gstatic.com\/s\/e\/notoemoji\/16.0\/270f_fe0f\/72.png\" alt=\"\u270f\ufe0f\">&nbsp;Aportacions volunt\u00e0ries<\/p>\n\n\n\n<p>No \u00e9s obligatori, per\u00f2 agrairem molt si ens feu arribar folis, colors plastidecor o llapis de colors, ja que ens agrada pintar i dibuixar despr\u00e9s de dinar.<\/p>\n\n\n\n<p><img decoding=\"async\" src=\"https:\/\/fonts.gstatic.com\/s\/e\/notoemoji\/16.0\/1f64c\/72.png\" alt=\"\ud83d\ude4c\">&nbsp;Moltes gr\u00e0cies i benvinguts al menjador escolar!<\/p>\n\n\n\n<figure class=\"wp-block-image size-large\"><a href=\"https:\/\/agora.xtec.cat\/ieelperello\/wp-content\/uploads\/usu1951\/2026\/03\/Menu-abril1.jpg\"><img loading=\"lazy\" decoding=\"async\" width=\"1024\" height=\"712\" src=\"https:\/\/agora.xtec.cat\/ieelperello\/wp-content\/uploads\/usu1951\/2026\/03\/Menu-abril1-1024x712.jpg\" alt=\"\" class=\"wp-image-5399\" srcset=\"https:\/\/agora.xtec.cat\/ieelperello\/wp-content\/uploads\/usu1951\/2026\/03\/Menu-abril1-1024x712.jpg 1024w, https:\/\/agora.xtec.cat\/ieelperello\/wp-content\/uploads\/usu1951\/2026\/03\/Menu-abril1-300x209.jpg 300w, https:\/\/agora.xtec.cat\/ieelperello\/wp-content\/uploads\/usu1951\/2026\/03\/Menu-abril1-768x534.jpg 768w, https:\/\/agora.xtec.cat\/ieelperello\/wp-content\/uploads\/usu1951\/2026\/03\/Menu-abril1.jpg 1252w\" sizes=\"auto, (max-width: 1024px) 100vw, 1024px\" \/><\/a><\/figure>\n\n\n\n<figure class=\"wp-block-image size-large\"><a href=\"https:\/\/agora.xtec.cat\/ieelperello\/wp-content\/uploads\/usu1951\/2026\/03\/Menu-abril2.jpg\"><img loading=\"lazy\" decoding=\"async\" width=\"1024\" height=\"722\" src=\"https:\/\/agora.xtec.cat\/ieelperello\/wp-content\/uploads\/usu1951\/2026\/03\/Menu-abril2-1024x722.jpg\" alt=\"\" class=\"wp-image-5400\" srcset=\"https:\/\/agora.xtec.cat\/ieelperello\/wp-content\/uploads\/usu1951\/2026\/03\/Menu-abril2-1024x722.jpg 1024w, https:\/\/agora.xtec.cat\/ieelperello\/wp-content\/uploads\/usu1951\/2026\/03\/Menu-abril2-300x211.jpg 300w, https:\/\/agora.xtec.cat\/ieelperello\/wp-content\/uploads\/usu1951\/2026\/03\/Menu-abril2-768x541.jpg 768w, https:\/\/agora.xtec.cat\/ieelperello\/wp-content\/uploads\/usu1951\/2026\/03\/Menu-abril2.jpg 1261w\" sizes=\"auto, (max-width: 1024px) 100vw, 1024px\" \/><\/a><\/figure>\n","protected":false},"excerpt":{"rendered":"<p>\u00a0 Segueix-nos al Facebook Us informem de les normes al menjador escolar. El servei comen\u00e7ar\u00e0 el dia 9 de setembre ininterrompudament fins al 20 de juny. Pla de funcionament del menjador curs 2025-2026 Acompanyar els \u00e0pats dels infants i joves Consells pr\u00e0ctics per acompanyar l&#8217;\u00e0pat dels infants i joves Taula orientativa de gramatges en funci\u00f3 [&hellip;]<\/p>\n","protected":false},"author":1,"featured_media":5399,"parent":66,"menu_order":10,"comment_status":"closed","ping_status":"closed","template":"","meta":{"_bbp_topic_count":0,"_bbp_reply_count":0,"_bbp_total_topic_count":0,"_bbp_total_reply_count":0,"_bbp_voice_count":0,"_bbp_anonymous_reply_count":0,"_bbp_topic_count_hidden":0,"_bbp_reply_count_hidden":0,"_bbp_forum_subforum_count":0,"site-sidebar-layout":"default","site-content-layout":"","ast-site-content-layout":"default","site-content-style":"default","site-sidebar-style":"default","ast-global-header-display":"","ast-banner-title-visibility":"","ast-main-header-display":"","ast-hfb-above-header-display":"","ast-hfb-below-header-display":"","ast-hfb-mobile-header-display":"","site-post-title":"","ast-breadcrumbs-content":"","ast-featured-img":"","footer-sml-layout":"","theme-transparent-header-meta":"","adv-header-id-meta":"","stick-header-meta":"","header-above-stick-meta":"","header-main-stick-meta":"","header-below-stick-meta":"","astra-migrate-meta-layouts":"set","ast-page-background-enabled":"default","ast-page-background-meta":{"desktop":{"background-color":"var(--ast-global-color-4)","background-image":"","background-repeat":"repeat","background-position":"center center","background-size":"auto","background-attachment":"scroll","background-type":"","background-media":"","overlay-type":"","overlay-color":"","overlay-opacity":"","overlay-gradient":""},"tablet":{"background-color":"","background-image":"","background-repeat":"repeat","background-position":"center center","background-size":"auto","background-attachment":"scroll","background-type":"","background-media":"","overlay-type":"","overlay-color":"","overlay-opacity":"","overlay-gradient":""},"mobile":{"background-color":"","background-image":"","background-repeat":"repeat","background-position":"center center","background-size":"auto","background-attachment":"scroll","background-type":"","background-media":"","overlay-type":"","overlay-color":"","overlay-opacity":"","overlay-gradient":""}},"ast-content-background-meta":{"desktop":{"background-color":"var(--ast-global-color-5)","background-image":"","background-repeat":"repeat","background-position":"center center","background-size":"auto","background-attachment":"scroll","background-type":"","background-media":"","overlay-type":"","overlay-color":"","overlay-opacity":"","overlay-gradient":""},"tablet":{"background-color":"var(--ast-global-color-5)","background-image":"","background-repeat":"repeat","background-position":"center center","background-size":"auto","background-attachment":"scroll","background-type":"","background-media":"","overlay-type":"","overlay-color":"","overlay-opacity":"","overlay-gradient":""},"mobile":{"background-color":"var(--ast-global-color-5)","background-image":"","background-repeat":"repeat","background-position":"center center","background-size":"auto","background-attachment":"scroll","background-type":"","background-media":"","overlay-type":"","overlay-color":"","overlay-opacity":"","overlay-gradient":""}},"footnotes":""},"class_list":["post-71","page","type-page","status-publish","has-post-thumbnail","hentry"],"post_mailing_queue_ids":[],"_links":{"self":[{"href":"https:\/\/agora.xtec.cat\/ieelperello\/wp-json\/wp\/v2\/pages\/71","targetHints":{"allow":["GET"]}}],"collection":[{"href":"https:\/\/agora.xtec.cat\/ieelperello\/wp-json\/wp\/v2\/pages"}],"about":[{"href":"https:\/\/agora.xtec.cat\/ieelperello\/wp-json\/wp\/v2\/types\/page"}],"author":[{"embeddable":true,"href":"https:\/\/agora.xtec.cat\/ieelperello\/wp-json\/wp\/v2\/users\/1"}],"replies":[{"embeddable":true,"href":"https:\/\/agora.xtec.cat\/ieelperello\/wp-json\/wp\/v2\/comments?post=71"}],"version-history":[{"count":6,"href":"https:\/\/agora.xtec.cat\/ieelperello\/wp-json\/wp\/v2\/pages\/71\/revisions"}],"predecessor-version":[{"id":5402,"href":"https:\/\/agora.xtec.cat\/ieelperello\/wp-json\/wp\/v2\/pages\/71\/revisions\/5402"}],"up":[{"embeddable":true,"href":"https:\/\/agora.xtec.cat\/ieelperello\/wp-json\/wp\/v2\/pages\/66"}],"wp:featuredmedia":[{"embeddable":true,"href":"https:\/\/agora.xtec.cat\/ieelperello\/wp-json\/wp\/v2\/media\/5399"}],"wp:attachment":[{"href":"https:\/\/agora.xtec.cat\/ieelperello\/wp-json\/wp\/v2\/media?parent=71"}],"curies":[{"name":"wp","href":"https:\/\/api.w.org\/{rel}","templated":true}]}}