{"id":5430,"date":"2026-05-07T18:43:37","date_gmt":"2026-05-07T16:43:37","guid":{"rendered":"https:\/\/agora.xtec.cat\/ieelperello\/?page_id=5430"},"modified":"2026-05-07T19:04:19","modified_gmt":"2026-05-07T17:04:19","slug":"manual-de-cultura-digital","status":"publish","type":"page","link":"https:\/\/agora.xtec.cat\/ieelperello\/documents-de-centre\/pla-destrategia-digital-de-centre\/manual-de-cultura-digital\/","title":{"rendered":"Manual de Cultura Digital"},"content":{"rendered":"\n<p>En aquesta SITE, trobareu un seguit d&#8217;informacions \u00fatils i variades referents a la Cultura Digital del centre.<\/p>\n\n\n\n<p>Informacions per fer \u00fas del material digital del centre. Tutorials per connectar-se als diferents panells, aplicacions que ens ofereixen, aix\u00ed com el protocol d&#8217;acollida digital de centre o l&#8217;avaluaci\u00f3 de la compet\u00e8ncia digital de l&#8217;alumnat.<\/p>\n\n\n\n<p><a href=\"https:\/\/sites.google.com\/ieelperello.cat\"><a href=\"https:\/\/sites.google.com\/ieelperello.cat\/manualculturadigital\/p%C3%A0gina-principal\" target=\"_blank\" rel=\"noreferrer noopener\">MANUAL\u00a0DE\u00a0CULTURA\u00a0DIGITAL\u00a0IE EL PERELL\u00d3<\/a><\/a> (Cal entrar amb el correu de domini de centre)<\/p>\n\n\n\n<p><\/p>\n\n\n\n<figure class=\"wp-block-image aligncenter size-full\"><a href=\"https:\/\/agora.xtec.cat\/ieelperello\/wp-content\/uploads\/usu1951\/2026\/05\/Captura-de-pantalla-2026-05-07-184952.jpg\"><img loading=\"lazy\" decoding=\"async\" width=\"270\" height=\"276\" src=\"https:\/\/agora.xtec.cat\/ieelperello\/wp-content\/uploads\/usu1951\/2026\/05\/Captura-de-pantalla-2026-05-07-184952.jpg\" alt=\"\" class=\"wp-image-5434\"\/><\/a><\/figure>\n\n\n\n<p><\/p>\n","protected":false},"excerpt":{"rendered":"<p>En aquesta SITE, trobareu un seguit d&#8217;informacions \u00fatils i variades referents a la Cultura Digital del centre. Informacions per fer \u00fas del material digital del centre. Tutorials per connectar-se als diferents panells, aplicacions que ens ofereixen, aix\u00ed com el protocol d&#8217;acollida digital de centre o l&#8217;avaluaci\u00f3 de la compet\u00e8ncia digital de l&#8217;alumnat. MANUAL\u00a0DE\u00a0CULTURA\u00a0DIGITAL\u00a0IE EL PERELL\u00d3 [&hellip;]<\/p>\n","protected":false},"author":1,"featured_media":5434,"parent":3891,"menu_order":0,"comment_status":"closed","ping_status":"close","template":"","meta":{"_bbp_topic_count":0,"_bbp_reply_count":0,"_bbp_total_topic_count":0,"_bbp_total_reply_count":0,"_bbp_voice_count":0,"_bbp_anonymous_reply_count":0,"_bbp_topic_count_hidden":0,"_bbp_reply_count_hidden":0,"_bbp_forum_subforum_count":0,"site-sidebar-layout":"default","site-content-layout":"","ast-site-content-layout":"default","site-content-style":"default","site-sidebar-style":"default","ast-global-header-display":"","ast-banner-title-visibility":"","ast-main-header-display":"","ast-hfb-above-header-display":"","ast-hfb-below-header-display":"","ast-hfb-mobile-header-display":"","site-post-title":"","ast-breadcrumbs-content":"","ast-featured-img":"","footer-sml-layout":"","theme-transparent-header-meta":"","adv-header-id-meta":"","stick-header-meta":"","header-above-stick-meta":"","header-main-stick-meta":"","header-below-stick-meta":"","astra-migrate-meta-layouts":"set","ast-page-background-enabled":"default","ast-page-background-meta":{"desktop":{"background-color":"var(--ast-global-color-4)","background-image":"","background-repeat":"repeat","background-position":"center center","background-size":"auto","background-attachment":"scroll","background-type":"","background-media":"","overlay-type":"","overlay-color":"","overlay-opacity":"","overlay-gradient":""},"tablet":{"background-color":"","background-image":"","background-repeat":"repeat","background-position":"center center","background-size":"auto","background-attachment":"scroll","background-type":"","background-media":"","overlay-type":"","overlay-color":"","overlay-opacity":"","overlay-gradient":""},"mobile":{"background-color":"","background-image":"","background-repeat":"repeat","background-position":"center center","background-size":"auto","background-attachment":"scroll","background-type":"","background-media":"","overlay-type":"","overlay-color":"","overlay-opacity":"","overlay-gradient":""}},"ast-content-background-meta":{"desktop":{"background-color":"var(--ast-global-color-5)","background-image":"","background-repeat":"repeat","background-position":"center center","background-size":"auto","background-attachment":"scroll","background-type":"","background-media":"","overlay-type":"","overlay-color":"","overlay-opacity":"","overlay-gradient":""},"tablet":{"background-color":"var(--ast-global-color-5)","background-image":"","background-repeat":"repeat","background-position":"center center","background-size":"auto","background-attachment":"scroll","background-type":"","background-media":"","overlay-type":"","overlay-color":"","overlay-opacity":"","overlay-gradient":""},"mobile":{"background-color":"var(--ast-global-color-5)","background-image":"","background-repeat":"repeat","background-position":"center center","background-size":"auto","background-attachment":"scroll","background-type":"","background-media":"","overlay-type":"","overlay-color":"","overlay-opacity":"","overlay-gradient":""}},"footnotes":""},"class_list":["post-5430","page","type-page","status-publish","has-post-thumbnail","hentry"],"post_mailing_queue_ids":[],"_links":{"self":[{"href":"https:\/\/agora.xtec.cat\/ieelperello\/wp-json\/wp\/v2\/pages\/5430","targetHints":{"allow":["GET"]}}],"collection":[{"href":"https:\/\/agora.xtec.cat\/ieelperello\/wp-json\/wp\/v2\/pages"}],"about":[{"href":"https:\/\/agora.xtec.cat\/ieelperello\/wp-json\/wp\/v2\/types\/page"}],"author":[{"embeddable":true,"href":"https:\/\/agora.xtec.cat\/ieelperello\/wp-json\/wp\/v2\/users\/1"}],"replies":[{"embeddable":true,"href":"https:\/\/agora.xtec.cat\/ieelperello\/wp-json\/wp\/v2\/comments?post=5430"}],"version-history":[{"count":6,"href":"https:\/\/agora.xtec.cat\/ieelperello\/wp-json\/wp\/v2\/pages\/5430\/revisions"}],"predecessor-version":[{"id":5441,"href":"https:\/\/agora.xtec.cat\/ieelperello\/wp-json\/wp\/v2\/pages\/5430\/revisions\/5441"}],"up":[{"embeddable":true,"href":"https:\/\/agora.xtec.cat\/ieelperello\/wp-json\/wp\/v2\/pages\/3891"}],"wp:featuredmedia":[{"embeddable":true,"href":"https:\/\/agora.xtec.cat\/ieelperello\/wp-json\/wp\/v2\/media\/5434"}],"wp:attachment":[{"href":"https:\/\/agora.xtec.cat\/ieelperello\/wp-json\/wp\/v2\/media?parent=5430"}],"curies":[{"name":"wp","href":"https:\/\/api.w.org\/{rel}","templated":true}]}}