{"id":3456,"date":"2022-10-20T09:59:20","date_gmt":"2022-10-20T07:59:20","guid":{"rendered":"https:\/\/agora.xtec.cat\/ieelperello\/?page_id=3456"},"modified":"2026-01-27T23:28:51","modified_gmt":"2026-01-27T22:28:51","slug":"acolliment-alumnat","status":"publish","type":"page","link":"https:\/\/agora.xtec.cat\/ieelperello\/documents-de-centre\/pla-destrategia-digital-de-centre\/cultura-digital\/acolliment-digital\/acolliment-alumnat\/","title":{"rendered":"Acolliment alumnat"},"content":{"rendered":"<p><span style=\"font-family: inherit; font-size: 1em;\">Benvolgut alumne,\u00a0<\/span><\/p>\n<p><span style=\"font-weight: 400;\">Benvolguda alumna,\u00a0<a href=\"https:\/\/agora.xtec.cat\/ieelperello\/wp-content\/uploads\/usu1951\/2022\/10\/comunicacio5.png\"><img loading=\"lazy\" decoding=\"async\" class=\"wp-image-3484 alignright\" src=\"https:\/\/agora.xtec.cat\/ieelperello\/wp-content\/uploads\/usu1951\/2022\/10\/comunicacio5-1024x404.png\" alt=\"\" width=\"588\" height=\"232\" srcset=\"https:\/\/agora.xtec.cat\/ieelperello\/wp-content\/uploads\/usu1951\/2022\/10\/comunicacio5-1024x404.png 1024w, https:\/\/agora.xtec.cat\/ieelperello\/wp-content\/uploads\/usu1951\/2022\/10\/comunicacio5-300x118.png 300w, https:\/\/agora.xtec.cat\/ieelperello\/wp-content\/uploads\/usu1951\/2022\/10\/comunicacio5-768x303.png 768w, https:\/\/agora.xtec.cat\/ieelperello\/wp-content\/uploads\/usu1951\/2022\/10\/comunicacio5.png 1215w\" sizes=\"auto, (max-width: 588px) 100vw, 588px\" \/><\/a><\/span><\/p>\n<p><span style=\"font-weight: 400;\">T\u2019adjuntem informaci\u00f3 important sobre les eines i recursos digitals dels quals disposem a l\u2019institut escola per tal d\u2019ajudar-te en el teu aprenentatge i desenvolupament de les compet\u00e8ncies digitals.<\/span><\/p>\n<p><span style=\"font-weight: 400;\">\u00a0<\/span><\/p>\n<p><b>WEB DE L\u2019INSTITUT ESCOLA<\/b><\/p>\n<p><b>Acc\u00e9s al web: <a href=\"https:\/\/agora.xtec.cat\/ieelperello\/\">ieelperello.cat<\/a><\/b><\/p>\n<p><span style=\"font-weight: 400;\">Des del web de l\u2019institut escola pots accedir a diferents informacions i documents del centre, a les diferents plataformes i serveis amb els quals treballem a trav\u00e9s d\u2019enlla\u00e7os r\u00e0pids, a les not\u00edcies d\u2019actualitat del centre, xarxes socials, etc.<\/span><\/p>\n<p>\u00a0<\/p>\n<p><b>USUARI CORPORATIU<\/b><\/p>\n<p><span style=\"font-weight: 400;\">Disposar d\u2019aquest usuari dona acc\u00e9s a utilitzar les eines de la suite inform\u00e0tica Google Workspace for Education amb el qual tindr\u00e0s un correu electr\u00f2nic (Google GMail), un espai d\u2019emmagatzematge (Google Drive), eines ofim\u00e0tiques col\u00b7laboratives (Google Docs, Google Sheets, Google Slides, Google Forms, etc.).<\/span><\/p>\n<p><span style=\"font-weight: 400;\">Aquest correu el t\u00e9 tot l\u2019alumnat des de primer de prim\u00e0ria fins a segon de batxillerat. <\/span><b>Usuari d\u2019inici de sessi\u00f3 del port\u00e0til: <\/b><span style=\"font-weight: 400;\">amb les credencials (inicial del nom + els dos cognoms), <\/span><b>usuari@ieelperell\u00f3.cat<\/b><span style=\"font-weight: 400;\"> amb una contrasenya que l\u2019alumnat gestionar\u00e0 de forma aut\u00f2noma.<\/span><\/p>\n<p><span style=\"font-weight: 400;\">Els antics usuaris amb el dominis @escolajaumesegon i @institutblancadanjou.cat estaran actius fins el juny del 2023. Un cop aquesta data seran eliminats i tota la seva informaci\u00f3 esborrada.\u00a0<\/span><\/p>\n<p><span style=\"font-weight: 400;\">Els dispositius seran alliberats si s\u00f3n de propietat de l\u2019alumnat al finalitzar l\u2019etapa educativa.<\/span><\/p>\n<p><span style=\"font-weight: 400;\">El compte quedar\u00e0 actiu fins el comen\u00e7ament del nou curs. En cas que el dispositiu sigui una dotaci\u00f3 del Departament d\u2019Educaci\u00f3 <\/span><b>caldr\u00e0 retornar-lo amb les millors condicions possibles.\u00a0<\/b><a href=\"https:\/\/agora.xtec.cat\/ieelperello\/wp-content\/uploads\/usu1951\/2022\/10\/comunicacio5.png\"><br \/><\/a><\/p>\n<p><span style=\"font-weight: 400;\">A l\u2019usuari<\/span> <a href=\"mailto:consergeria@ieelperello.cat\"><b>consergeria@ieelperello.cat<\/b><\/a> <span style=\"font-weight: 400;\">pots enviar documents per a imprimir. Aquestes tenen un cost de 5 c\u00e8ntims si \u00e9s en BiN i 20 c\u00e8ntims si \u00e9s en color.\u00a0\u00a0<\/span><\/p>\n<p>\u00a0<\/p>\n<p><b>ENTORNS VIRTUALS D\u2019APRENENTATGE<\/b><a href=\"https:\/\/agora.xtec.cat\/ieelperello\/wp-content\/uploads\/usu1951\/2022\/10\/comunicacio5.png\"><br \/><\/a><\/p>\n<p><span style=\"font-weight: 400;\">Usem l\u2019entorn Google Workspace for Education per al treball col\u00b7laboratiu, gesti\u00f3 de documents al n\u00favol, acc\u00e9s al correu electr\u00f2nic del centre i altres funcions relacionades al compte educatiu. Dins la suite de Google disposem del Google Classroom que, com a Entorn Virtual d\u2019Aprenentatge (EVA), destaca per la seva senzillesa d\u2019\u00fas i integraci\u00f3 amb els serveis i eines d\u2019aquest paquet d\u2019utilitats.\u00a0<\/span><\/p>\n<p><span style=\"font-weight: 400;\">A la<\/span><b> comunitat de petits: <\/b><span style=\"font-weight: 400;\">no se\u2019n fa \u00fas d\u2019EVA.<\/span><\/p>\n<p><span style=\"font-weight: 400;\">A la<\/span><b> comunitat de mitjans:<\/b><span style=\"font-weight: 400;\"> l\u2019alumnat s\u2019inicia en l\u2019\u00fas de l\u2019entorn Google Workspace for Education.<\/span><\/p>\n<p><span style=\"font-weight: 400;\">A la<\/span><b> comunitat de grans: <\/b><span style=\"font-weight: 400;\">l\u2019alumnat utilitza l\u2019entorn Google Workspace for Education.<\/span><\/p>\n<p><span style=\"font-weight: 400;\">A la <\/span><b>comunitat de joves i batxillerat:<\/b><span style=\"font-weight: 400;\"> l\u2019entorn Google Workspace for Education i tamb\u00e9 es fa servir el Moodle sobretot a l&#8217;etapa del Batxillerat.\u00a0<\/span><a href=\"https:\/\/agora.xtec.cat\/ieelperello\/wp-content\/uploads\/usu1951\/2022\/10\/comunicacio5.png\"><br \/><\/a><\/p>\n<p>\u00a0<\/p>\n<p><b>PORT\u00c0TIL D\u2019\u00daS PER A L\u2019ALUMNAT\u00a0<\/b><\/p>\n<p><span style=\"font-weight: 400;\">El Pla d\u2019Educaci\u00f3 Digital de Catalunya ha dotat els centres educatius d\u2019ordinadors port\u00e0tils per a alumnat i docents.\u00a0<\/span><a href=\"https:\/\/agora.xtec.cat\/ieelperello\/wp-content\/uploads\/usu1951\/2022\/10\/comunicacio5.png\"><br \/><\/a><\/p>\n<p><b>Comunitat de mitjans:<\/b><span style=\"font-weight: 400;\"> el centre dota els grups classe amb ordinadors port\u00e0tils per a poder treballar i desenvolupar les compet\u00e8ncies digitals.\u00a0<\/span><a href=\"https:\/\/agora.xtec.cat\/ieelperello\/wp-content\/uploads\/usu1951\/2022\/10\/comunicacio5.png\"><br \/><\/a><\/p>\n<p><b>Comunitat de grans:<\/b><span style=\"font-weight: 400;\"> com a alumne\/a de 5\u00e8 i 6\u00e8 de prim\u00e0ria, et cedirem un ordinador, un carregador, que cal que conservis fins al dia que calgui retornar l\u2019equip.\u00a0<\/span><a href=\"https:\/\/agora.xtec.cat\/ieelperello\/wp-content\/uploads\/usu1951\/2022\/10\/comunicacio5.png\"><br \/><\/a><\/p>\n<p><b>Comunitat de joves i Batxillerat: <\/b><span style=\"font-weight: 400;\">et cedirem un ordinador, un carregador, que cal que conservis fins al dia que calgui retornar l\u2019equip.\u00a0<\/span><a href=\"https:\/\/agora.xtec.cat\/ieelperello\/wp-content\/uploads\/usu1951\/2022\/10\/comunicacio5.png\"><br \/><\/a><\/p>\n<p><span style=\"font-weight: 400;\">A partir de la promoci\u00f3 2021\/22 l&#8217;alumnat podr\u00e0 endur-se el ordinador a casa, en caps de setmana i\/o per\u00edode de vacances, exceptuant l\u2019estiu; sempre que pr\u00e8viament la fam\u00edlia hagi signat el full de comprom\u00eds i responsabilitat del port\u00e0til. A excepci\u00f3 de l&#8217;alumnat de 1r de Bat, per poder realitzar el TDR. El facilitar\u00e0 el tutor de l\u2019alumne.\u00a0\u00a0<\/span><\/p>\n<p><span style=\"font-weight: 400;\">Les promocions anteriors a la 21\/22 no podran endur-se el maquinari cedit pel departament a casa, donat que ja disposen d\u2019un Chromebook propi.<\/span><\/p>\n<p><span style=\"font-weight: 400;\">En cas que el professorat designi activitats de recuperaci\u00f3 i\/o d\u2019ampliaci\u00f3, se deixar\u00e0 en pr\u00e9stec el maquinari durant els mesos d\u2019estiu.<\/span><a href=\"https:\/\/agora.xtec.cat\/ieelperello\/wp-content\/uploads\/usu1951\/2022\/10\/comunicacio5.png\"><br \/><\/a><\/p>\n<p><span style=\"font-weight: 400;\">En tots aquests nivells apareix per grup la figura del tecnodelegat\/da\u00a0 els quals tenen la funci\u00f3 de cura, organitzaci\u00f3 i inventariat del material digital de l\u2019aula, a m\u00e9s de fer de transmissor de les incid\u00e8ncies que es puguin produir a la comissi\u00f3 digital. Tanmateix han de fomentar el respecte i la cura del material inform\u00e0tic entre els seus iguals.\u00a0<\/span><\/p>\n<p>\u00a0<\/p>\n<p><b>EN CAS DE DESPERFECTE PEL MAL \u00daS DEL PORT\u00c0TIL\u00a0<\/b><\/p>\n<p><span style=\"font-weight: 400;\">A la <\/span><b>carta de comprom\u00eds<\/b><span style=\"font-weight: 400;\"> enviada a les fam\u00edlies, es demanar\u00e0 que la fam\u00edlia o l\u2019alumnat es facin c\u00e0rrec de pagar una quantitat econ\u00f2mica si han estat responsables d\u2019un desperfecte del dispositiu inform\u00e0tic deixat, tal i com far\u00edem en desperfectes sobre altres objectes o elements del centre educatiu.\u00a0<\/span><\/p>\n<p><span style=\"font-weight: 400;\">Sancions per desperfectes provocats per mal \u00fas del maquinari, son:\u00a0<\/span><\/p>\n<ul>\n<li style=\"font-weight: 400;\" aria-level=\"1\"><span style=\"font-weight: 400;\">Pantalla trencada: 90\u20ac<\/span><\/li>\n<li style=\"font-weight: 400;\" aria-level=\"1\"><span style=\"font-weight: 400;\">Teclat trencat: 50\u20ac<\/span><\/li>\n<li style=\"font-weight: 400;\" aria-level=\"1\"><span style=\"font-weight: 400;\">Amb cops o desperfectes a l\u2019estructura, per\u00f2 equip operatiu: 25\u20ac<\/span><\/li>\n<li style=\"font-weight: 400;\" aria-level=\"1\"><span style=\"font-weight: 400;\">Amb cops o desperfectes a l\u2019estructura, per\u00f2 equip no operatiu: 120\u20ac<\/span><\/li>\n<li style=\"font-weight: 400;\" aria-level=\"1\"><span style=\"font-weight: 400;\">P\u00e8rdua de carregador: 25\u20ac<\/span><\/li>\n<li style=\"font-weight: 400;\" aria-level=\"1\"><span style=\"font-weight: 400;\">P\u00e8rdua d\u2019ordinador: 150\u20ac<\/span><\/li>\n<li style=\"font-weight: 400;\" aria-level=\"1\"><span style=\"font-weight: 400;\">Resta d&#8217;avaries: 30\u20ac<\/span><\/li>\n<\/ul>\n<p><span style=\"font-weight: 400;\">Aquesta informaci\u00f3 i el cost de cada desperfecte, est\u00e0 contemplat a les <a href=\"https:\/\/agora.xtec.cat\/ieelperello\/lescola\/documents-de-centre\/documents-normatius-de-centre\/\">NOFC<\/a>.<\/span><\/p>\n<p>\u00a0<\/p>\n<p><strong>\u00a0NORMATIVA D&#8217;\u00daS DE DISPOSITIUS M\u00d2BILS I RELLOTGES INTEL\u00b7LIGENTS<\/strong><\/p>\n<ul>\n<li style=\"font-weight: 400;\" aria-level=\"1\"><span style=\"font-weight: 400;\">Com a norma general del centre l\u2019alumnat no ha de fer \u00fas de\u00a0 cap dispositiu m\u00f2bil al centre.<\/span><\/li>\n<li style=\"font-weight: 400;\" aria-level=\"1\"><span style=\"font-weight: 400;\">Excepcionalment, si el\/la docent ho proposa dins d\u2019un marc pedag\u00f2gic, l\u2019alumnat que aix\u00ed ho vulgui podr\u00e0 fer \u00fas del seu dispositiu m\u00f2bil sota supervisi\u00f3 i exclusivament per realitzar les tasques proposades. En aquests casos, el\/la docent avisar\u00e0 pr\u00e8viament a les fam\u00edlies mitjan\u00e7ant la plataforma iEduca i tamb\u00e9 a l\u2019alumnat. Aquest av\u00eds ha d\u2019arribar a les fam\u00edlies en l\u2019enviament diari d\u2019incid\u00e8ncies del dia anterior, com a molt tard.\u00a0<\/span><\/li>\n<\/ul>\n<p><span style=\"font-weight: 400;\">Aquesta informaci\u00f3 i les sancions derivades, est\u00e0 contemplada a les <a href=\"https:\/\/agora.xtec.cat\/ieelperello\/lescola\/documents-de-centre\/documents-normatius-de-centre\/\">NOFC<\/a>.<\/span><a href=\"https:\/\/agora.xtec.cat\/ieelperello\/wp-content\/uploads\/usu1951\/2022\/10\/comunicacio5.png\"><br \/><\/a><\/p>\n<p>\u00a0<\/p>\n<p><b>XARXES SOCIALS I DRETS D\u2019IMATGE<\/b><\/p>\n<p><span style=\"font-weight: 400;\">Per a participar als diferents canals de comunicaci\u00f3 del centre com s\u00f3n el Telegram, instagram o web, cal haver signat l\u2019autoritzaci\u00f3 de drets d\u2019imatge, registre de veu i textos. Si vols saber m\u00e9s de com gestionem els teus drets d&#8217;imatge et recomanem visualitzar la seg\u00fcent infografia: <a href=\"https:\/\/drive.google.com\/file\/d\/1Fytt61MFXN7wB4THGnbCJ06T-kEKDSo6\/view?usp=sharing\"><strong>Als centres educatius protegim les dades <\/strong><strong>perqu\u00e8 es respectin els drets!<\/strong><\/a><\/span><\/p>\n<p>No es podr\u00e0 fotografiar ni filmar companys\/es, docents i altre personal del centre en les diferents estances del centre sense consentiment ni autoritzaci\u00f3 d\u2019aquests i compartir-ho i\/o publicar-ho en qualsevol mitj\u00e0 (presencial, paper o digital) o xarxa social les imatges captades indegudament durant el transcurs d\u2019una classe, pati o en una activitat lectiva.<\/p>\n<p><b>XARXES INTERNET<\/b><\/p>\n<table style=\"height: 1px; width: 98.2864%; border-style: solid; border-color: #000000;\" border=\"1\" cellspacing=\"1\" cellpadding=\"1\">\n<tbody>\n<tr style=\"height: 57px;\">\n<td style=\"background-color: #92ad51; width: 1px; height: 1px; border-style: solid; border-color: #000000; text-align: center;\"><b>Nom de la xarxa<\/b><\/td>\n<td style=\"background-color: #92ad51; width: 1px; height: 1px; border-style: solid; border-color: #000000; text-align: center;\"><b>Disponibilitat\u00a0<\/b><\/td>\n<td style=\"background-color: #92ad51; width: 1px; height: 1px; border-style: solid; border-color: #000000; text-align: center;\"><b>Credencials\u00a0<\/b><\/td>\n<td style=\"background-color: #92ad51; width: 1px; height: 1px; border-style: solid; border-color: #000000; text-align: center;\"><b>Zona d\u2019acci\u00f3 Informaci\u00f3\u00a0<\/b><\/td>\n<\/tr>\n<tr>\n<td style=\"width: 1px; height: 1px; border-style: solid; border-color: #000000;\"><span style=\"font-weight: 400;\">gencat_ENS_EDU_PORTAL<\/span><\/td>\n<td style=\"width: 1px; height: 1px; border-style: solid; border-color: #000000;\"><span style=\"font-weight: 400;\">Alumnat<\/span><\/td>\n<td style=\"width: 1px; height: 1px; border-style: solid; border-color: #000000;\"><span style=\"font-weight: 400;\">USUARI<\/span>\n<p><span style=\"font-weight: 400;\">CONTRASENYA\u00a0<\/span><\/p>\n<p><span style=\"font-weight: 400;\">Els tutors i la coordinaci\u00f3 digital disposaran d&#8217;aquesta informaci\u00f3.<\/span><\/p>\n<\/td>\n<td style=\"width: 1px; height: 1px; border-style: solid; border-color: #000000;\"><span style=\"font-weight: 400;\">SERVEI IMPRESSI\u00d3: consergeria@ieelperello.cat<\/span><\/td>\n<\/tr>\n<\/tbody>\n<\/table>\n\n\n<p><\/p>\n","protected":false},"excerpt":{"rendered":"<p>Benvolgut alumne,\u00a0 Benvolguda alumna,\u00a0 T\u2019adjuntem informaci\u00f3 important sobre les eines i recursos digitals dels quals disposem a l\u2019institut escola per tal d\u2019ajudar-te en el teu aprenentatge i desenvolupament de les compet\u00e8ncies digitals. \u00a0 WEB DE L\u2019INSTITUT ESCOLA Acc\u00e9s al web: ieelperello.cat Des del web de l\u2019institut escola pots accedir a diferents informacions i documents del [&hellip;]<\/p>\n","protected":false},"author":4,"featured_media":0,"parent":3035,"menu_order":2,"comment_status":"closed","ping_status":"closed","template":"","meta":{"_bbp_topic_count":0,"_bbp_reply_count":0,"_bbp_total_topic_count":0,"_bbp_total_reply_count":0,"_bbp_voice_count":0,"_bbp_anonymous_reply_count":0,"_bbp_topic_count_hidden":0,"_bbp_reply_count_hidden":0,"_bbp_forum_subforum_count":0,"site-sidebar-layout":"default","site-content-layout":"","ast-site-content-layout":"default","site-content-style":"default","site-sidebar-style":"default","ast-global-header-display":"","ast-banner-title-visibility":"","ast-main-header-display":"","ast-hfb-above-header-display":"","ast-hfb-below-header-display":"","ast-hfb-mobile-header-display":"","site-post-title":"","ast-breadcrumbs-content":"","ast-featured-img":"","footer-sml-layout":"","theme-transparent-header-meta":"","adv-header-id-meta":"","stick-header-meta":"","header-above-stick-meta":"","header-main-stick-meta":"","header-below-stick-meta":"","astra-migrate-meta-layouts":"set","ast-page-background-enabled":"default","ast-page-background-meta":{"desktop":{"background-color":"var(--ast-global-color-4)","background-image":"","background-repeat":"repeat","background-position":"center center","background-size":"auto","background-attachment":"scroll","background-type":"","background-media":"","overlay-type":"","overlay-color":"","overlay-opacity":"","overlay-gradient":""},"tablet":{"background-color":"","background-image":"","background-repeat":"repeat","background-position":"center center","background-size":"auto","background-attachment":"scroll","background-type":"","background-media":"","overlay-type":"","overlay-color":"","overlay-opacity":"","overlay-gradient":""},"mobile":{"background-color":"","background-image":"","background-repeat":"repeat","background-position":"center center","background-size":"auto","background-attachment":"scroll","background-type":"","background-media":"","overlay-type":"","overlay-color":"","overlay-opacity":"","overlay-gradient":""}},"ast-content-background-meta":{"desktop":{"background-color":"var(--ast-global-color-5)","background-image":"","background-repeat":"repeat","background-position":"center center","background-size":"auto","background-attachment":"scroll","background-type":"","background-media":"","overlay-type":"","overlay-color":"","overlay-opacity":"","overlay-gradient":""},"tablet":{"background-color":"var(--ast-global-color-5)","background-image":"","background-repeat":"repeat","background-position":"center center","background-size":"auto","background-attachment":"scroll","background-type":"","background-media":"","overlay-type":"","overlay-color":"","overlay-opacity":"","overlay-gradient":""},"mobile":{"background-color":"var(--ast-global-color-5)","background-image":"","background-repeat":"repeat","background-position":"center center","background-size":"auto","background-attachment":"scroll","background-type":"","background-media":"","overlay-type":"","overlay-color":"","overlay-opacity":"","overlay-gradient":""}},"footnotes":""},"class_list":["post-3456","page","type-page","status-publish","hentry"],"post_mailing_queue_ids":[],"_links":{"self":[{"href":"https:\/\/agora.xtec.cat\/ieelperello\/wp-json\/wp\/v2\/pages\/3456","targetHints":{"allow":["GET"]}}],"collection":[{"href":"https:\/\/agora.xtec.cat\/ieelperello\/wp-json\/wp\/v2\/pages"}],"about":[{"href":"https:\/\/agora.xtec.cat\/ieelperello\/wp-json\/wp\/v2\/types\/page"}],"author":[{"embeddable":true,"href":"https:\/\/agora.xtec.cat\/ieelperello\/wp-json\/wp\/v2\/users\/4"}],"replies":[{"embeddable":true,"href":"https:\/\/agora.xtec.cat\/ieelperello\/wp-json\/wp\/v2\/comments?post=3456"}],"version-history":[{"count":6,"href":"https:\/\/agora.xtec.cat\/ieelperello\/wp-json\/wp\/v2\/pages\/3456\/revisions"}],"predecessor-version":[{"id":5204,"href":"https:\/\/agora.xtec.cat\/ieelperello\/wp-json\/wp\/v2\/pages\/3456\/revisions\/5204"}],"up":[{"embeddable":true,"href":"https:\/\/agora.xtec.cat\/ieelperello\/wp-json\/wp\/v2\/pages\/3035"}],"wp:attachment":[{"href":"https:\/\/agora.xtec.cat\/ieelperello\/wp-json\/wp\/v2\/media?parent=3456"}],"curies":[{"name":"wp","href":"https:\/\/api.w.org\/{rel}","templated":true}]}}