{"id":3037,"date":"2022-03-04T14:27:01","date_gmt":"2022-03-04T13:27:01","guid":{"rendered":"https:\/\/agora.xtec.cat\/ieelperello\/?page_id=3037"},"modified":"2026-02-04T19:57:49","modified_gmt":"2026-02-04T18:57:49","slug":"desplegament-de-les-competencies","status":"publish","type":"page","link":"https:\/\/agora.xtec.cat\/ieelperello\/documents-de-centre\/pla-destrategia-digital-de-centre\/cultura-digital\/desplegament-de-les-competencies\/","title":{"rendered":"Desplegament de les compet\u00e8ncies"},"content":{"rendered":"\n<p>A partir del curs 2022\/23 el centre ha decidit mitjan\u00e7ant la realitzaci\u00f3 de la FIC d&#8217;EDC quin \u00e9s el desplegament i quines s\u00f3n les activitats que avaluen les diferents \u00e0rees de la <strong><a href=\"https:\/\/edumet.cat\/areatac\/presentacions\/index_json.php?ID=1EUCLKXuyD8R7z84wndwTp-bWq1wTNV75ZyyKQH-R_pc&amp;config=Config_3\">DigCom<\/a><\/strong>.<\/p>\n\n\n\n<p>L&#8217;avaluaci\u00f3 est\u00e0 organitzada a prim\u00e0ria per cicles, a secund\u00e0ria per cursos i altra per a l&#8217;etapa del batxillerat. Aquesta planificaci\u00f3 es pot consultar en el seg\u00fcent document:<\/p>\n\n\n\n<p>&nbsp;<\/p>\n\n\n\n<div data-wp-interactive=\"core\/file\" class=\"wp-block-file\" style=\"margin-top:0;margin-right:0;margin-bottom:0;margin-left:0\"><object data-wp-bind--hidden=\"!state.hasPdfPreview\" hidden class=\"wp-block-file__embed\" data=\"https:\/\/agora.xtec.cat\/ieelperello\/wp-content\/uploads\/usu1951\/2026\/02\/RESUM-AVALUACIO-CDA-IE-EL-PERELLO.pdf\" type=\"application\/pdf\" style=\"width:100%;height:600px\" aria-label=\"Incrustaci\u00f3 del fitxer RESUM AVALUACI\u00d3 CDA IE EL PERELLO.\"><\/object><a id=\"wp-block-file--media-3a3230fd-2dd9-48fb-b076-e1fd7af4fd9a\" href=\"https:\/\/agora.xtec.cat\/ieelperello\/wp-content\/uploads\/usu1951\/2026\/02\/RESUM-AVALUACIO-CDA-IE-EL-PERELLO.pdf\">RESUM AVALUACI\u00d3 CDA IE EL PERELLO<\/a><\/div>\n\n\n\n<p>Aquest document queda especificat en les seg\u00fcents activitats, mat\u00e8ries i grups:<\/p>\n\n\n\n<p class=\"has-text-align-center\"><iframe loading=\"lazy\" src=\"https:\/\/drive.google.com\/file\/d\/1F3gUlsJiJb64sZDyZQ6uUG5-3LcKdyVP\/preview\" width=\"640\" height=\"480\"><\/iframe><\/p>\n\n\n\n<p class=\"has-text-align-center\"><iframe loading=\"lazy\" src=\"https:\/\/drive.google.com\/file\/d\/128cs0hTO6TyEkBJDuwGl18rAN_p2ZRIM\/preview\" width=\"640\" height=\"480\"><\/iframe><\/p>\n\n\n\n<p class=\"has-text-align-center\"><iframe loading=\"lazy\" src=\"https:\/\/drive.google.com\/file\/d\/1mSI03k_JR9A7QyWHSE4bmxttsHp0-DrT\/preview\" width=\"640\" height=\"480\"><\/iframe><\/p>\n\n\n\n<p><a href=\"https:\/\/educacio.gencat.cat\/web\/.content\/home\/departament\/publicacions\/colleccions\/pla-educacio-digital\/marc-referencia-competencia-digital-docent\/marc-referencia-cdd.pdf\">Marc de refer\u00e8ncia de la compet\u00e8ncia digital docent<\/a><\/p>\n\n\n\n<p>&nbsp;<\/p>\n\n\n\n<p>\u00a0<\/p>\n","protected":false},"excerpt":{"rendered":"<p>A partir del curs 2022\/23 el centre ha decidit mitjan\u00e7ant la realitzaci\u00f3 de la FIC d&#8217;EDC quin \u00e9s el desplegament i quines s\u00f3n les activitats que avaluen les diferents \u00e0rees de la DigCom. L&#8217;avaluaci\u00f3 est\u00e0 organitzada a prim\u00e0ria per cicles, a secund\u00e0ria per cursos i altra per a l&#8217;etapa del batxillerat. Aquesta planificaci\u00f3 es pot [&hellip;]<\/p>\n","protected":false},"author":1,"featured_media":0,"parent":3015,"menu_order":0,"comment_status":"closed","ping_status":"closed","template":"","meta":{"_bbp_topic_count":0,"_bbp_reply_count":0,"_bbp_total_topic_count":0,"_bbp_total_reply_count":0,"_bbp_voice_count":0,"_bbp_anonymous_reply_count":0,"_bbp_topic_count_hidden":0,"_bbp_reply_count_hidden":0,"_bbp_forum_subforum_count":0,"site-sidebar-layout":"default","site-content-layout":"","ast-site-content-layout":"default","site-content-style":"default","site-sidebar-style":"default","ast-global-header-display":"","ast-banner-title-visibility":"","ast-main-header-display":"","ast-hfb-above-header-display":"","ast-hfb-below-header-display":"","ast-hfb-mobile-header-display":"","site-post-title":"","ast-breadcrumbs-content":"","ast-featured-img":"","footer-sml-layout":"","theme-transparent-header-meta":"","adv-header-id-meta":"","stick-header-meta":"","header-above-stick-meta":"","header-main-stick-meta":"","header-below-stick-meta":"","astra-migrate-meta-layouts":"set","ast-page-background-enabled":"default","ast-page-background-meta":{"desktop":{"background-color":"var(--ast-global-color-4)","background-image":"","background-repeat":"repeat","background-position":"center center","background-size":"auto","background-attachment":"scroll","background-type":"","background-media":"","overlay-type":"","overlay-color":"","overlay-opacity":"","overlay-gradient":""},"tablet":{"background-color":"","background-image":"","background-repeat":"repeat","background-position":"center center","background-size":"auto","background-attachment":"scroll","background-type":"","background-media":"","overlay-type":"","overlay-color":"","overlay-opacity":"","overlay-gradient":""},"mobile":{"background-color":"","background-image":"","background-repeat":"repeat","background-position":"center center","background-size":"auto","background-attachment":"scroll","background-type":"","background-media":"","overlay-type":"","overlay-color":"","overlay-opacity":"","overlay-gradient":""}},"ast-content-background-meta":{"desktop":{"background-color":"var(--ast-global-color-5)","background-image":"","background-repeat":"repeat","background-position":"center center","background-size":"auto","background-attachment":"scroll","background-type":"","background-media":"","overlay-type":"","overlay-color":"","overlay-opacity":"","overlay-gradient":""},"tablet":{"background-color":"var(--ast-global-color-5)","background-image":"","background-repeat":"repeat","background-position":"center center","background-size":"auto","background-attachment":"scroll","background-type":"","background-media":"","overlay-type":"","overlay-color":"","overlay-opacity":"","overlay-gradient":""},"mobile":{"background-color":"var(--ast-global-color-5)","background-image":"","background-repeat":"repeat","background-position":"center center","background-size":"auto","background-attachment":"scroll","background-type":"","background-media":"","overlay-type":"","overlay-color":"","overlay-opacity":"","overlay-gradient":""}},"footnotes":""},"class_list":["post-3037","page","type-page","status-publish","hentry"],"post_mailing_queue_ids":[],"_links":{"self":[{"href":"https:\/\/agora.xtec.cat\/ieelperello\/wp-json\/wp\/v2\/pages\/3037","targetHints":{"allow":["GET"]}}],"collection":[{"href":"https:\/\/agora.xtec.cat\/ieelperello\/wp-json\/wp\/v2\/pages"}],"about":[{"href":"https:\/\/agora.xtec.cat\/ieelperello\/wp-json\/wp\/v2\/types\/page"}],"author":[{"embeddable":true,"href":"https:\/\/agora.xtec.cat\/ieelperello\/wp-json\/wp\/v2\/users\/1"}],"replies":[{"embeddable":true,"href":"https:\/\/agora.xtec.cat\/ieelperello\/wp-json\/wp\/v2\/comments?post=3037"}],"version-history":[{"count":6,"href":"https:\/\/agora.xtec.cat\/ieelperello\/wp-json\/wp\/v2\/pages\/3037\/revisions"}],"predecessor-version":[{"id":5297,"href":"https:\/\/agora.xtec.cat\/ieelperello\/wp-json\/wp\/v2\/pages\/3037\/revisions\/5297"}],"up":[{"embeddable":true,"href":"https:\/\/agora.xtec.cat\/ieelperello\/wp-json\/wp\/v2\/pages\/3015"}],"wp:attachment":[{"href":"https:\/\/agora.xtec.cat\/ieelperello\/wp-json\/wp\/v2\/media?parent=3037"}],"curies":[{"name":"wp","href":"https:\/\/api.w.org\/{rel}","templated":true}]}}