{"id":1119,"date":"2020-10-19T19:19:30","date_gmt":"2020-10-19T17:19:30","guid":{"rendered":"https:\/\/agora.xtec.cat\/escolajaumesegon\/?page_id=1119"},"modified":"2026-04-17T12:39:10","modified_gmt":"2026-04-17T10:39:10","slug":"acords","status":"publish","type":"page","link":"https:\/\/agora.xtec.cat\/ieelperello\/lescola\/consell-escolar\/acords\/","title":{"rendered":"Acords"},"content":{"rendered":"<p>Acords del consell escolar:<\/p>\n<table class=\"alignleft\" style=\"border-style: solid; border-color: #0c0d0c; width: 100%; height: 3051px;\" border=\"1\" cellspacing=\"1\" cellpadding=\"1\">\n<tbody>\n<tr style=\"border-style: solid; border-color: #000000;\">\n<td style=\"width: 15.0197%; height: 33px; border-style: solid; border-color: #000000; background-color: #92ad51;\"><strong>\u00a0DATA<\/strong><\/td>\n<td style=\"width: 169.622%; height: 33px; border-style: solid; border-color: #000000; background-color: #92ad51;\"><strong>ACORDS<\/strong><\/td>\n<\/tr>\n<tr style=\"border-style: solid; border-color: #000000;\">\n<td style=\"width: 15.0197%; border-style: solid; border-color: #000000; background-color: #92ad51; height: 125px;\">Comissi\u00f3 Permanent\n<p>16-09-2024<\/p>\n<\/td>\n<td style=\"width: 169.622%; border-style: solid; border-color: #000000; height: 125px;\">\n<div class=\"gmail_default\">Aprovaci\u00f3 sortides a l&#8217;entorn proper i altres activitats complement\u00e0ries a nivell de municipi.<\/div>\n<div>Aprovaci\u00f3 Pla de funcionament del transport escolar curs 2024-2025.<\/div>\n<\/td>\n<\/tr>\n<tr style=\"border-style: solid; border-color: #000000;\">\n<td style=\"width: 15.0197%; border-style: solid; border-color: #000000; background-color: #92ad51; height: 125px;\">Comissi\u00f3 Manteniment\n<p>18-09-2024<\/p>\n<\/td>\n<td style=\"width: 169.622%; border-style: solid; border-color: #000000; height: 125px;\">\n<div class=\"gmail_default\">Informaci\u00f3 de les actuacions realitzades els cursos 2022-23 i 2023-24.<\/div>\n<div>Propostes reptes de futur.<\/div>\n<\/td>\n<\/tr>\n<tr style=\"border-style: solid; border-color: #000000;\">\n<td style=\"width: 15.0197%; border-style: solid; border-color: #000000; background-color: #92ad51; height: 116px;\">26-09-2024<\/td>\n<td style=\"width: 169.622%; border-style: solid; border-color: #000000; height: 116px;\">\n<div class=\"gmail_default\">Aprovaci\u00f3 de l&#8217;acta anterior.<\/div>\n<div>Aprovaci\u00f3 actualitzaci\u00f3 PEC.<\/div>\n<div>Aprovaci\u00f3 MA curs 2023-2024.<\/div>\n<div>Aprovaci\u00f3 PGA curs 2024-2025.<\/div>\n<div>Aprovaci\u00f3 modificaci\u00f3 pressupost\u00e0ria exercici 2024.<\/div>\n<\/td>\n<\/tr>\n<tr style=\"border-style: solid; border-color: #000000;\">\n<td style=\"width: 15.0197%; border-style: solid; border-color: #000000; background-color: #92ad51; height: 125px;\">Comissi\u00f3 Permanent\n<p>9-10-2024<\/p>\n<\/td>\n<td style=\"width: 169.622%; border-style: solid; border-color: #000000; height: 125px;\">\n<div class=\"gmail_default\">Aprovaci\u00f3 modificaci\u00f3 pressupost\u00e0ria exercici 2024.<\/div>\n<div>Aprovaci\u00f3 col\u00b7laboraci\u00f3 externa de dues membres de la comunitat educativa.<\/div>\n<\/td>\n<\/tr>\n<tr style=\"border-style: solid; border-color: #000000;\">\n<td style=\"width: 15.0197%; border-style: solid; border-color: #000000; background-color: #92ad51; height: 125px;\">Comissi\u00f3 Permanent\n<p>23-10-2024<\/p>\n<\/td>\n<td style=\"width: 169.622%; border-style: solid; border-color: #000000; height: 125px;\">\n<div>Aprovaci\u00f3 de la nova data de la sortida a Ecoherbes.<\/div>\n<div class=\"gmail_default\">Aprovaci\u00f3 modificaci\u00f3 pressupost\u00e0ria exercici 2024.<\/div>\n<\/td>\n<\/tr>\n<tr style=\"border-style: solid; border-color: #000000;\">\n<td style=\"width: 15.0197%; border-style: solid; border-color: #000000; background-color: #92ad51; height: 125px;\">Comissi\u00f3 Permanent\n<p>6-11-2024<\/p>\n<\/td>\n<td style=\"width: 169.622%; border-style: solid; border-color: #000000; height: 125px;\">\n<div>Aprovaci\u00f3 actualitzaci\u00f3 taula de sortides curs 2024-25.<\/div>\n<div>Aprovaci\u00f3 modificaci\u00f3 pressupost\u00e0ria exercici 2024.<\/div>\n<\/td>\n<\/tr>\n<tr style=\"border-style: solid; border-color: #000000;\">\n<td style=\"width: 15.0197%; border-style: solid; border-color: #000000; background-color: #92ad51; height: 46px;\">27-11-2024<\/td>\n<td style=\"width: 169.622%; border-style: solid; border-color: #000000; height: 46px;\">\n<div>Aprovaci\u00f3 de l&#8217;acta anterior.<\/div>\n<div>Aprovaci\u00f3 proposta adhesi\u00f3 a la Iniciativa Legislativa Popular per assegurar el 6% del PIB per l&#8217;educaci\u00f3.<\/div>\n<\/td>\n<\/tr>\n<tr style=\"border-style: solid; border-color: #000000;\">\n<td style=\"width: 15.0197%; border-style: solid; border-color: #000000; background-color: #92ad51; height: 70px;\">29-01-2025<\/td>\n<td style=\"width: 169.622%; border-style: solid; border-color: #000000; height: 70px;\">\n<div>Aprovaci\u00f3 liquidaci\u00f3 exercici 2024.<\/div>\n<div>Aprovaci\u00f3 pressupost exercici 2025.<\/div>\n<div>Aprovaci\u00f3 actualitzaci\u00f3 taula de sortides curs 2024-25.<\/div>\n<\/td>\n<\/tr>\n<tr style=\"border-style: solid; border-color: #000000;\">\n<td style=\"width: 15.0197%; border-style: solid; border-color: #000000; background-color: #92ad51; height: 125px;\">Comissi\u00f3 Menjador\n<p>5-02-2025<\/p>\n<\/td>\n<td style=\"width: 169.622%; border-style: solid; border-color: #000000; height: 125px;\">\n<div>Aprovaci\u00f3 de l&#8217;acta anterior.<\/div>\n<div>Elaboraci\u00f3 actualitzaci\u00f3 Pla de funcionament del menjador curs 2024-25.<\/div>\n<\/td>\n<\/tr>\n<tr style=\"border-style: solid; border-color: #000000;\">\n<td style=\"width: 15.0197%; border-style: solid; border-color: #000000; background-color: #92ad51; height: 125px;\">Comissi\u00f3 Conviv\u00e8ncia\n<p>5-02-2025<\/p>\n<\/td>\n<td style=\"width: 169.622%; border-style: solid; border-color: #000000; height: 125px;\">\n<div>Aprovaci\u00f3 de l&#8217;acta anterior.<\/div>\n<div>Informaci\u00f3 i an\u00e0lisi del procediment sancionador i de conviv\u00e8ncia iniciat.<\/div>\n<\/td>\n<\/tr>\n<tr style=\"border-style: solid; border-color: #000000;\">\n<td style=\"width: 15.0197%; border-style: solid; border-color: #000000; background-color: #92ad51; height: 140px;\">12-02-2025<\/td>\n<td style=\"width: 169.622%; border-style: solid; border-color: #000000; height: 140px;\">\n<div>Aprovaci\u00f3 de l&#8217;acta anterior.<\/div>\n<div>Aprovaci\u00f3 del Pla de funcionament del menjador 2024-25.<\/div>\n<div>Aprovaci\u00f3 modificaci\u00f3 pressupost\u00e0ria exercici 2025.<\/div>\n<div>Aprovaci\u00f3 actualitzaci\u00f3 taula de sortides curs 2024-25.<\/div>\n<div>Aprovaci\u00f3 col\u00b7laboraci\u00f3 externa d&#8217;una membre de la comunitat educativa.<\/div>\n<div>Aprovaci\u00f3 proposta membre de Consell Escolar per compondre la comissi\u00f3 de garanties de zona adscrita.<\/div>\n<\/td>\n<\/tr>\n<tr style=\"border-style: solid; border-color: #000000;\">\n<td style=\"width: 15.0197%; border-style: solid; border-color: #000000; background-color: #92ad51; height: 70px;\">Comissi\u00f3 Permanent<br \/>5-03-2025<\/td>\n<td style=\"width: 169.622%; border-style: solid; border-color: #000000; height: 70px;\">\n<div>Aprovaci\u00f3 sortida Benifallet Programa Fruita Escolar (4t prim\u00e0ria).<\/div>\n<\/td>\n<\/tr>\n<tr style=\"border-style: solid; border-color: #000000;\">\n<td style=\"width: 15.0197%; border-style: solid; border-color: #000000; background-color: #92ad51; height: 93px;\">26-03-2025<\/td>\n<td style=\"width: 169.622%; border-style: solid; border-color: #000000; height: 93px;\">\n<div>Aprovaci\u00f3 de l&#8217;acta anterior.<\/div>\n<div>Aprovaci\u00f3 actualitzaci\u00f3 de les NOFC.<\/div>\n<div>Aprovaci\u00f3 actualitzaci\u00f3 taula de sortides 2024-25.<\/div>\n<div>Aprovaci\u00f3 modificaci\u00f3 pressupost\u00e0ria exercici 2025.<\/div>\n<\/td>\n<\/tr>\n<tr style=\"border-style: solid; border-color: #000000;\">\n<td style=\"width: 15.0197%; border-style: solid; border-color: #000000; background-color: #92ad51; height: 125px;\">Comissi\u00f3 Menjador\n<p>5-05-2025<\/p>\n<\/td>\n<td style=\"width: 169.622%; border-style: solid; border-color: #000000; height: 125px;\">\n<div>Aprovaci\u00f3 de l&#8217;acta anterior.<\/div>\n<div>Elaboraci\u00f3 actualitzaci\u00f3 Pla de funcionament del menjador curs 2024-25.<\/div>\n<\/td>\n<\/tr>\n<tr style=\"border-style: solid; border-color: #000000;\">\n<td style=\"width: 15.0197%; border-style: solid; border-color: #000000; background-color: #92ad51; height: 140px;\">14-05-2025<\/td>\n<td style=\"width: 169.622%; border-style: solid; border-color: #000000; height: 140px;\">\n<div>Aprovaci\u00f3 de l&#8217;acta anterior.<\/div>\n<div>Aprovaci\u00f3 Pla d&#8217;acci\u00f3 tutorial.<\/div>\n<div>Aprovaci\u00f3 actualitzaci\u00f3 de les NOFC.<\/div>\n<div>Aprovaci\u00f3 actualitzaci\u00f3 del Pla de funcionament del menjador escolar.<\/div>\n<div>Aprovaci\u00f3 modificaci\u00f3 pressupost\u00e0ria exercici 2025.<\/div>\n<div>Aprovaci\u00f3 actualitzaci\u00f3 taula de sortides curs 2024-25.<\/div>\n<\/td>\n<\/tr>\n<tr style=\"border-style: solid; border-color: #000000;\">\n<td style=\"width: 15.0197%; border-style: solid; border-color: #000000; background-color: #92ad51; height: 70px;\">Comissi\u00f3 Menjador<br \/>29-05-2025<\/td>\n<td style=\"width: 169.622%; border-style: solid; border-color: #000000; height: 70px;\">\n<div>\n<div>Aprovaci\u00f3 de l&#8217;acta anterior.<\/div>\n<div>Seguiment espai del migdia.<\/div>\n<\/div>\n<\/td>\n<\/tr>\n<tr style=\"border-style: solid; border-color: #000000;\">\n<td style=\"width: 15.0197%; border-style: solid; border-color: #000000; background-color: #92ad51; height: 93px;\">4-06-2025<\/td>\n<td style=\"width: 169.622%; border-style: solid; border-color: #000000; height: 93px;\">\n<div>\n<div>Aprovaci\u00f3 de l&#8217;acta anterior.<\/div>\n<div>Aprovaci\u00f3 calendari escolar curs 2025-26.<\/div>\n<div>Aprovaci\u00f3 donaci\u00f3 b\u00e9ns mobles.<\/div>\n<div>Aprovaci\u00f3 modificaci\u00f3 pressupost\u00e0ria exercici 2025.<\/div>\n<\/div>\n<\/td>\n<\/tr>\n<tr style=\"border-style: solid; border-color: #000000;\">\n<td style=\"width: 15.0197%; border-style: solid; border-color: #000000; background-color: #92ad51; height: 70px;\">25-06-2025<\/td>\n<td style=\"width: 169.622%; border-style: solid; border-color: #000000; height: 70px;\">\n<div>\n<div>Aprovaci\u00f3 de l&#8217;acta anterior.<\/div>\n<div>Aprovaci\u00f3 adhesi\u00f3 programa MUPFS curs 2025-2028.<\/div>\n<div>Aprovaci\u00f3 modificaci\u00f3 pressupost\u00e0ria exercici 2025.<\/div>\n<\/div>\n<\/td>\n<\/tr>\n<tr style=\"border-style: solid; border-color: #000000;\">\n<td style=\"width: 15.0197%; border-style: solid; border-color: #000000; background-color: #92ad51; height: 70px;\">Comissi\u00f3 permanent<br \/>26-06-2025<\/td>\n<td style=\"width: 169.622%; border-style: solid; border-color: #000000; height: 70px;\">\n<div>\n<div>Aprovaci\u00f3 modificaci\u00f3 pressupost\u00e0ria exercici 2025.<\/div>\n<\/div>\n<\/td>\n<\/tr>\n<tr style=\"border-style: solid; border-color: #000000;\">\n<td style=\"width: 15.0197%; border-style: solid; border-color: #000000; background-color: #92ad51; height: 187px;\">24-09-2025<\/td>\n<td style=\"width: 169.622%; border-style: solid; border-color: #000000; height: 187px;\">\n<div class=\"gmail_default\">Aprovaci\u00f3 de l&#8217;acta anterior.<\/div>\n<div>Trasp\u00e0s informaci\u00f3 de la comissi\u00f3 permanent.<\/div>\n<div>Aprovaci\u00f3 de la rectificaci\u00f3 del calendari escolar 2025-26<\/div>\n<div>Aprovaci\u00f3 MA curs 2024-2025.<\/div>\n<div>Aprovaci\u00f3 PGA curs 2025-2026.<\/div>\n<div>Aprovaci\u00f3 modificaci\u00f3 pressupost\u00e0ria exercici 2025.<\/div>\n<div>Aprovaci\u00f3 del Pla de menjador escolar 2025-26<\/div>\n<div>Aprovaci\u00f3 del Pla de transport escolar 2025-26<\/div>\n<\/td>\n<\/tr>\n<tr style=\"border-style: solid; border-color: #000000;\">\n<td style=\"width: 15.0197%; border-style: solid; border-color: #000000; background-color: #92ad51; height: 70px;\">Comissi\u00f3 conviv\u00e8ncia<br \/>17-10-2025<\/td>\n<td style=\"width: 169.622%; border-style: solid; border-color: #000000; height: 70px;\">Informaci\u00f3 expedients disciplinaris abreujats oberts: docent i alumnat.<\/td>\n<\/tr>\n<tr style=\"border-style: solid; border-color: #000000;\">\n<td style=\"width: 15.0197%; border-style: solid; border-color: #000000; background-color: #92ad51; height: 70px;\">Comissi\u00f3 permanent<br \/>27-10-2025<\/td>\n<td style=\"width: 169.622%; border-style: solid; border-color: #000000; height: 70px;\">Actualitzaci\u00f3 i aprovaci\u00f3 aprovaci\u00f3 taula de sortides.<\/td>\n<\/tr>\n<tr style=\"border-style: solid; border-color: #000000;\">\n<td style=\"width: 15.0197%; border-style: solid; border-color: #000000; background-color: #92ad51; height: 45px;\">03-12-2025<\/td>\n<td style=\"width: 169.622%; border-style: solid; border-color: #000000; height: 45px;\">\n<div class=\"gmail_default\">Constituci\u00f3 consell escolar amb els nous membres elegits.<\/div>\n<\/td>\n<\/tr>\n<tr style=\"border-style: solid; border-color: #000000;\">\n<td style=\"width: 15.0197%; border-style: solid; border-color: #000000; background-color: #92ad51; height: 187px;\">17-12-2025<\/td>\n<td style=\"width: 169.622%; border-style: solid; border-color: #000000; height: 187px;\">\n<div class=\"gmail_default\">\n<div class=\"gmail_default\">Aprovaci\u00f3 de l&#8217;acta anterior.<\/div>\n<div>Trasp\u00e0s informaci\u00f3 de la comissi\u00f3 permanent.<\/div>\n<div>Trasp\u00e0s informaci\u00f3 de la comissi\u00f3 conviv\u00e8ncia.<\/div>\n<div>Aprovaci\u00f3 de la modificaci\u00f3 pressupost\u00e0ria exercici 2025.<\/div>\n<div>Informaci\u00f3 de la retirada de material inform\u00e0tic obsolet.<\/div>\n<div>Aprovaci\u00f3 sortides planificades.<\/div>\n<div>Torn obert de paraula. Informacions Ajuntament: ombreig, pintura i pressupostos participatius.<\/div>\n<div>\u00a0<\/div>\n<\/div>\n<\/td>\n<\/tr>\n<tr style=\"height: 23px;\">\n<td style=\"width: 15.0197%; border-style: solid; border-color: #000000; background-color: #92ad51; height: 23px;\">\n<p>Comissi\u00f3 econ\u00f2mica<br \/>28-01-2026<\/p>\n<\/td>\n<td style=\"width: 169.622%; border-style: solid; border-color: #000000; height: 23px;\">\n<div class=\"gmail_default\">\n<div class=\"gmail_default\">\n<div class=\"gmail_default\">Presentaci\u00f3 proposta liquidaci\u00f3 exercici econ\u00f2mic 2025.<\/div>\n<div>Presentaci\u00f3 proposta pressupost de l&#8217;exercici econ\u00f2mic 2026.<\/div>\n<\/div>\n<\/div>\n<\/td>\n<\/tr>\n<tr style=\"height: 23px;\">\n<td style=\"width: 15.0197%; background-color: #92ad51; height: 23px; border-style: solid; border-color: #000000;\">28-01-2026<\/td>\n<td style=\"width: 169.622%; height: 23px; border-style: solid; border-color: #000000;\">\n<div class=\"gmail_default\">\n<div class=\"gmail_default\">\n<div class=\"gmail_default\">Aprovaci\u00f3 de l&#8217;acta anterior.<\/div>\n<div>Aprovaci\u00f3 proposta liquidaci\u00f3 exercici econ\u00f2mic 2025.<\/div>\n<div>Aprovaci\u00f3 proposta pressupost de l&#8217;exercici econ\u00f2mic 2026.<\/div>\n<div>Aprovaci\u00f3 actualitzaci\u00f3 NOFC.<\/div>\n<div>Aprovaci\u00f3 actualitzaci\u00f3 Pla d&#8217;Acollida.<\/div>\n<div>Aprovaci\u00f3 sortides curs 2025-26.<\/div>\n<div>Informaci\u00f3 Resoluci\u00f3 selecci\u00f3 director\/a.<\/div>\n<\/div>\n<\/div>\n<\/td>\n<\/tr>\n<tr style=\"height: 61px;\">\n<td style=\"width: 15.0197%; background-color: #92ad51; border-style: solid; border-color: #000000; height: 19px;\">\n<p>Comissi\u00f3 conviv\u00e8ncia<br \/>20-02-2026<\/p>\n<\/td>\n<td style=\"width: 169.622%; border-style: solid; border-color: #000000; height: 19px;\">\n<div class=\"gmail_default\">\n<div class=\"gmail_default\">\n<div class=\"gmail_default\">Comuniaci\u00f3 expedient disciplinari abreujat i proposta de sanci\u00f3.<\/div>\n<\/div>\n<\/div>\n<\/td>\n<\/tr>\n<tr style=\"height: 143px;\">\n<td style=\"width: 15.0197%; background-color: #92ad51; border-style: solid; border-color: #000000; height: 143px;\">\n<p>Comissi\u00f3 conviv\u00e8ncia<br \/>24-02-2026<\/p>\n<\/td>\n<td style=\"width: 169.622%; border-style: solid; border-color: #000000; height: 143px;\">\n<div class=\"gmail_default\">\n<div class=\"gmail_default\">\n<div class=\"gmail_default\">An\u00e0lisi i resoluci\u00f3 de l&#8217;expedient disciplinari abreujat iniciat el 20\/02\/2026.<\/div>\n<\/div>\n<\/div>\n<\/td>\n<\/tr>\n<tr style=\"height: 93px;\">\n<td style=\"width: 15.0197%; background-color: #92ad51; border-style: solid; border-color: #000000; height: 93px;\">\n<p>04-03-2026<br \/>Extraordinari<\/p>\n<\/td>\n<td style=\"width: 169.622%; border-style: solid; border-color: #000000; height: 93px;\">\n<div class=\"gmail_default\">\n<div class=\"gmail_default\">\n<div class=\"gmail_default\">\n<div class=\"gmail_default\">\n<div class=\"gmail_default\">\n<div class=\"gmail_default\">Aprovaci\u00f3 de l&#8217;acta anterior.<\/div>\n<div>Votaci\u00f3 representants Cosnell Escolar a la comissi\u00f3 de selecci\u00f3 del concurs de m\u00e8rits pera seleccionar director\/a.<\/div>\n<\/div>\n<\/div>\n<\/div>\n<\/div>\n<\/div>\n<\/td>\n<\/tr>\n<tr style=\"height: 46px;\">\n<td style=\"width: 15.0197%; background-color: #92ad51; border-style: solid; border-color: #000000; height: 46px;\">04-03-2026<\/td>\n<td style=\"width: 169.622%; border-style: solid; border-color: #000000; height: 46px;\">\n<div class=\"gmail_default\">\n<div class=\"gmail_default\">\n<div class=\"gmail_default\">\n<div class=\"gmail_default\">\n<div class=\"gmail_default\">\n<div class=\"gmail_default\">Aprovaci\u00f3 de l&#8217;acta anterior.<\/div>\n<div>Aprovaci\u00f3 sortides curs 2025-26.<\/div>\n<\/div>\n<\/div>\n<\/div>\n<\/div>\n<\/div>\n<\/td>\n<\/tr>\n<tr style=\"height: 23px;\">\n<td style=\"width: 15.0197%; background-color: #92ad51; border-style: solid; border-color: #000000; height: 23px;\">Comissi\u00f3 conviv\u00e8ncia<br \/>26-03-2026<\/td>\n<td style=\"width: 169.622%; border-style: solid; border-color: #000000; height: 23px;\">\n<div class=\"gmail_default\">\n<div class=\"gmail_default\">\n<div class=\"gmail_default\">\n<div class=\"gmail_default\">\n<div class=\"gmail_default\">\n<div>An\u00e0lisi de la resoluci\u00f3 i expedient disciplinari abreujat iniciat el 24 de mar\u00e7 a 2n ESO.<\/div>\n<\/div>\n<\/div>\n<\/div>\n<\/div>\n<\/div>\n<\/td>\n<\/tr>\n<tr style=\"height: 111px;\">\n<td style=\"width: 15.0197%; background-color: #92ad51; border-style: solid; border-color: #000000; height: 111px;\">\n<p>08-04-2026<br \/>Extraordinari<\/p>\n<\/td>\n<td style=\"width: 169.622%; border-style: solid; border-color: #000000; height: 111px;\">\n<div class=\"gmail_default\">\n<div class=\"gmail_default\">\n<div class=\"gmail_default\">\n<div class=\"gmail_default\">\n<div class=\"gmail_default\">\n<div class=\"gmail_default\">Presentaci\u00f3 de la candidatura i PdD segons el proc\u00e9s de selecci\u00f3 del concurs de m\u00e8rits per seleccionar el director\/a.<\/div>\n<\/div>\n<\/div>\n<\/div>\n<\/div>\n<\/div>\n<\/td>\n<\/tr>\n<tr>\n<td style=\"width: 15.0197%; background-color: #92ad51; border-style: solid; border-color: #000000;\">\n<p>Comissi\u00f3 permanent<br \/>17-04-2026<\/p>\n<\/td>\n<td style=\"width: 169.622%; border-style: solid; border-color: #000000;\">\n<div class=\"gmail_default\">\n<div class=\"gmail_default\">\n<div class=\"gmail_default\">\n<div class=\"gmail_default\">\n<div class=\"gmail_default\">\n<div class=\"gmail_default\">\u00a0Actualitzaci\u00f3 dates graella sortides.<\/div>\n<\/div>\n<\/div>\n<\/div>\n<\/div>\n<\/div>\n<\/td>\n<\/tr>\n<\/tbody>\n<\/table>\n\n\n<p><\/p>\n\n\n\n<p><\/p>\n\n\n\n<p><\/p>\n\n\n\n<p><\/p>\n\n\n\n<p><\/p>\n\n\n\n<p><\/p>\n\n\n\n<p><\/p>\n\n\n\n<p><\/p>\n\n\n\n<p><\/p>\n\n\n\n<p><\/p>\n\n\n\n<p><\/p>\n\n\n\n<p><\/p>\n\n\n\n<p><\/p>\n\n\n\n<p><\/p>\n\n\n\n<p><\/p>\n\n\n\n<p><\/p>\n\n\n\n<p><\/p>\n\n\n\n<p><\/p>\n\n\n\n<p><\/p>\n\n\n\n<p><\/p>\n\n\n\n<p><\/p>\n\n\n\n<p><\/p>\n\n\n\n<p><\/p>\n\n\n\n<p><\/p>\n\n\n\n<p><\/p>\n\n\n\n<p><\/p>\n\n\n\n<p><\/p>\n\n\n\n<p><\/p>\n\n\n\n<p><\/p>\n\n\n\n<p><\/p>\n\n\n\n<p><\/p>\n\n\n\n<p><\/p>\n\n\n\n<p><\/p>\n\n\n\n<p><\/p>\n\n\n\n<p><\/p>\n\n\n\n<p><\/p>\n\n\n\n<p><\/p>\n\n\n\n<p><\/p>\n\n\n\n<p><\/p>\n\n\n\n<p><\/p>\n\n\n\n<p><\/p>\n\n\n\n<p><\/p>\n\n\n\n<p><\/p>\n\n\n\n<p><\/p>\n\n\n\n<p><\/p>\n\n\n\n<p><\/p>\n\n\n\n<p><\/p>\n\n\n\n<p><\/p>\n\n\n\n<p><\/p>\n\n\n\n<p><\/p>\n\n\n\n<p><\/p>\n\n\n\n<p><\/p>\n\n\n\n<p><\/p>\n\n\n\n<p><\/p>\n\n\n\n<p><\/p>\n\n\n\n<p><\/p>\n\n\n\n<p><\/p>\n\n\n\n<p><\/p>\n\n\n\n<p><\/p>\n\n\n\n<p><\/p>\n\n\n\n<p><\/p>\n\n\n\n<p><\/p>\n\n\n\n<p><\/p>\n\n\n\n<p><\/p>\n\n\n\n<p><\/p>\n\n\n\n<p><\/p>\n\n\n\n<p><\/p>\n\n\n\n<p><\/p>\n\n\n\n<p><\/p>\n\n\n\n<p><\/p>\n\n\n\n<p><\/p>\n\n\n\n<p><\/p>\n\n\n\n<p><\/p>\n\n\n\n<p><\/p>\n\n\n\n<p><\/p>\n\n\n\n<p><\/p>\n\n\n\n<p><\/p>\n\n\n\n<p><\/p>\n\n\n\n<p><\/p>\n\n\n\n<p><\/p>\n\n\n\n<p><\/p>\n\n\n\n<p><\/p>\n\n\n\n<p><\/p>\n\n\n\n<p><\/p>\n\n\n\n<p><\/p>\n\n\n\n<p><\/p>\n\n\n\n<p><\/p>\n\n\n\n<p><\/p>\n\n\n\n<p><\/p>\n\n\n\n<p><\/p>\n\n\n\n<p><\/p>\n\n\n\n<p><\/p>\n\n\n\n<p><\/p>\n\n\n\n<p><\/p>\n\n\n\n<p><\/p>\n\n\n\n<p><\/p>\n","protected":false},"excerpt":{"rendered":"<p>Acords del consell escolar: \u00a0DATA ACORDS Comissi\u00f3 Permanent 16-09-2024 Aprovaci\u00f3 sortides a l&#8217;entorn proper i altres activitats complement\u00e0ries a nivell de municipi. Aprovaci\u00f3 Pla de funcionament del transport escolar curs 2024-2025. Comissi\u00f3 Manteniment 18-09-2024 Informaci\u00f3 de les actuacions realitzades els cursos 2022-23 i 2023-24. Propostes reptes de futur. 26-09-2024 Aprovaci\u00f3 de l&#8217;acta anterior. Aprovaci\u00f3 actualitzaci\u00f3 [&hellip;]<\/p>\n","protected":false},"author":4,"featured_media":0,"parent":28,"menu_order":1,"comment_status":"closed","ping_status":"closed","template":"","meta":{"_bbp_topic_count":0,"_bbp_reply_count":0,"_bbp_total_topic_count":0,"_bbp_total_reply_count":0,"_bbp_voice_count":0,"_bbp_anonymous_reply_count":0,"_bbp_topic_count_hidden":0,"_bbp_reply_count_hidden":0,"_bbp_forum_subforum_count":0,"site-sidebar-layout":"default","site-content-layout":"","ast-site-content-layout":"default","site-content-style":"default","site-sidebar-style":"default","ast-global-header-display":"","ast-banner-title-visibility":"","ast-main-header-display":"","ast-hfb-above-header-display":"","ast-hfb-below-header-display":"","ast-hfb-mobile-header-display":"","site-post-title":"","ast-breadcrumbs-content":"","ast-featured-img":"","footer-sml-layout":"","theme-transparent-header-meta":"default","adv-header-id-meta":"","stick-header-meta":"","header-above-stick-meta":"","header-main-stick-meta":"","header-below-stick-meta":"","astra-migrate-meta-layouts":"set","ast-page-background-enabled":"default","ast-page-background-meta":{"desktop":{"background-color":"var(--ast-global-color-4)","background-image":"","background-repeat":"repeat","background-position":"center center","background-size":"auto","background-attachment":"scroll","background-type":"","background-media":"","overlay-type":"","overlay-color":"","overlay-opacity":"","overlay-gradient":""},"tablet":{"background-color":"","background-image":"","background-repeat":"repeat","background-position":"center center","background-size":"auto","background-attachment":"scroll","background-type":"","background-media":"","overlay-type":"","overlay-color":"","overlay-opacity":"","overlay-gradient":""},"mobile":{"background-color":"","background-image":"","background-repeat":"repeat","background-position":"center center","background-size":"auto","background-attachment":"scroll","background-type":"","background-media":"","overlay-type":"","overlay-color":"","overlay-opacity":"","overlay-gradient":""}},"ast-content-background-meta":{"desktop":{"background-color":"var(--ast-global-color-5)","background-image":"","background-repeat":"repeat","background-position":"center center","background-size":"auto","background-attachment":"scroll","background-type":"","background-media":"","overlay-type":"","overlay-color":"","overlay-opacity":"","overlay-gradient":""},"tablet":{"background-color":"var(--ast-global-color-5)","background-image":"","background-repeat":"repeat","background-position":"center center","background-size":"auto","background-attachment":"scroll","background-type":"","background-media":"","overlay-type":"","overlay-color":"","overlay-opacity":"","overlay-gradient":""},"mobile":{"background-color":"var(--ast-global-color-5)","background-image":"","background-repeat":"repeat","background-position":"center center","background-size":"auto","background-attachment":"scroll","background-type":"","background-media":"","overlay-type":"","overlay-color":"","overlay-opacity":"","overlay-gradient":""}},"footnotes":""},"class_list":["post-1119","page","type-page","status-publish","hentry"],"post_mailing_queue_ids":[],"_links":{"self":[{"href":"https:\/\/agora.xtec.cat\/ieelperello\/wp-json\/wp\/v2\/pages\/1119","targetHints":{"allow":["GET"]}}],"collection":[{"href":"https:\/\/agora.xtec.cat\/ieelperello\/wp-json\/wp\/v2\/pages"}],"about":[{"href":"https:\/\/agora.xtec.cat\/ieelperello\/wp-json\/wp\/v2\/types\/page"}],"author":[{"embeddable":true,"href":"https:\/\/agora.xtec.cat\/ieelperello\/wp-json\/wp\/v2\/users\/4"}],"replies":[{"embeddable":true,"href":"https:\/\/agora.xtec.cat\/ieelperello\/wp-json\/wp\/v2\/comments?post=1119"}],"version-history":[{"count":5,"href":"https:\/\/agora.xtec.cat\/ieelperello\/wp-json\/wp\/v2\/pages\/1119\/revisions"}],"predecessor-version":[{"id":5423,"href":"https:\/\/agora.xtec.cat\/ieelperello\/wp-json\/wp\/v2\/pages\/1119\/revisions\/5423"}],"up":[{"embeddable":true,"href":"https:\/\/agora.xtec.cat\/ieelperello\/wp-json\/wp\/v2\/pages\/28"}],"wp:attachment":[{"href":"https:\/\/agora.xtec.cat\/ieelperello\/wp-json\/wp\/v2\/media?parent=1119"}],"curies":[{"name":"wp","href":"https:\/\/api.w.org\/{rel}","templated":true}]}}