{"id":5429,"date":"2023-05-01T14:26:30","date_gmt":"2023-05-01T12:26:30","guid":{"rendered":"https:\/\/agora.xtec.cat\/ieelisabets\/?page_id=5429"},"modified":"2023-05-01T14:45:50","modified_gmt":"2023-05-01T12:45:50","slug":"aplicacions-i-entorns-virtuals-daprenentatge","status":"publish","type":"page","link":"https:\/\/agora.xtec.cat\/ieelisabets\/estrategia-digital-de-centre\/cultura-digital\/escola\/aplicacions-i-entorns-virtuals-daprenentatge\/","title":{"rendered":"Aplicacions i Entorns Virtuals d&#8217;Aprenentatge"},"content":{"rendered":"<h2>Serveis digitals propis del centre<\/h2>\n<h3>Correu electr\u00f2nic<\/h3>\n<p class=\"CDt4Ke zfr3Q\" dir=\"ltr\">El personal docent i l&#8217;alumnat des de 4t de prim\u00e0ria fins a 4t d&#8217;ESO disposa del seu usuari @ieelisabets.cat. Aquest usuari \u00e9s personal i intransferible.<\/p>\n<ul class=\"n8H08c UVNKR\">\n<li class=\"TYR86d zfr3Q\" dir=\"ltr\">\n<p class=\"CDt4Ke zfr3Q\" dir=\"ltr\">l correu electr\u00f2nic de les fam\u00edlies es recollir\u00e0 a principi de curs i cada tutor\/a en tindr\u00e0 un llistat per a utilitzar-lo si el necessita nom\u00e9s amb l\u2019usuari del tutor o especialista.<\/p>\n<\/li>\n<li class=\"TYR86d zfr3Q\" dir=\"ltr\">\n<p class=\"CDt4Ke zfr3Q\" dir=\"ltr\">Els alumnes des de 4t de prim\u00e0ria a 4t d&#8217;ESO utilitzaran el correu del domini i les eines Google sempre amb comptes exclusius per al treball d\u2019escola pr\u00e8vies autoritzacions a principi de curs.<\/p>\n<\/li>\n<li class=\"TYR86d zfr3Q\" dir=\"ltr\">\n<p class=\"CDt4Ke zfr3Q\" dir=\"ltr\">Els alumnes nom\u00e9s poden enviar i rebre correus dins del domini.<\/p>\n<\/li>\n<li class=\"TYR86d zfr3Q\" dir=\"ltr\">\n<p class=\"CDt4Ke zfr3Q\" dir=\"ltr\">Les fam\u00edlies han de signar una <span class=\" aw5Odc\"><strong>autoritzaci\u00f3 per l&#8217;\u00fas de serveis i recursos digitals a Internet (<a href=\"https:\/\/drive.google.com\/file\/d\/17PQgMfeYMRV99XUuady2tzzjDpxjuij-\/view?usp=share_link\">menors de 14 anys<\/a> i <a href=\"https:\/\/drive.google.com\/file\/d\/1_fnU2j3JV_eXG_NHFmGg_gJglffwhfWK\/view?usp=share_link\">majors de 14 anys<\/a>)<\/strong><\/span>.<\/p>\n<\/li>\n<li class=\"TYR86d zfr3Q\" dir=\"ltr\">\n<p class=\"CDt4Ke zfr3Q\" dir=\"ltr\">Els correus electr\u00f2nics dels alumnes es poden instal\u00b7lar als m\u00f2bils personals.<\/p>\n<\/li>\n<li class=\"TYR86d zfr3Q\" dir=\"ltr\">\n<p class=\"CDt4Ke zfr3Q\" dir=\"ltr\">En acabar l&#8217;educaci\u00f3 b\u00e0sica el correu del domini de l&#8217;escola ser\u00e0 eliminat.<\/p>\n<\/li>\n<li class=\"TYR86d zfr3Q\" dir=\"ltr\">\n<p class=\"CDt4Ke zfr3Q\" dir=\"ltr\">L&#8217;administrador \u00e9s el coordinador TAC, encarregat de generar els correus d&#8217;escola, tant d&#8217;alumnes com de mestres i personal d&#8217;administraci\u00f3.<\/p>\n<\/li>\n<\/ul>\n<h3>Entorn Virtual d&#8217;Aprenentatge<\/h3>\n<p>A <strong>Educaci\u00f3 Infantil<\/strong> no es fa \u00fas d&#8217;un espai virtual d\u2019aprenentatge. A partir de 4t de prim\u00e0ria es va introduint l&#8217;\u00fas de Google Classroom i, en els cursos de cicle superior de prim\u00e0ria i d&#8217;ESO, aquest s\u2019utilitza com una eina m\u00e9s en les activitats d\u2019ensenyament i aprenentatge dels alumnes.<\/p>\n<p>Aquest EVA forma part del paquet d&#8217;eina de Google Suite for Education, de manera que l&#8217;alumnat t\u00e9 acc\u00e9s a totes les eines incloses en aquest (Drive, processador de textos, presentacions, fulls de c\u00e0lcul, etc.). Aix\u00f2 els permet treballar de manera cooperativa en l\u00ednia i gestionar i emmagatzemar les diferents activitats d&#8217;ensenyament-aprenentatge de manera f\u00e0cil i eficient.<\/p>\n<h2>Comunicaci\u00f3 externa<\/h2>\n<p>Totes les fotografies on apareix alumnat del centre que s\u00f3n publicades en els diferents canals de comunicaci\u00f3 externa tenen en compte els drets d&#8217;imatge de tots els infants i joves, de manera que nom\u00e9s hi podr\u00e0 apar\u00e8ixer i ser reconegut l&#8217;alumnat del que s&#8217;han autoritzat els drets d&#8217;imatge mitjan\u00e7ant el <a href=\"https:\/\/drive.google.com\/file\/d\/1j4nQCqT9bU5slKnZDZ_9e13ExRZJBAoX\/view?usp=share_link\">full d&#8217;autoritzaci\u00f3<\/a> lliurat a les fam\u00edlies a l&#8217;inici de cada curs.<\/p>\n<h3>Portal web<\/h3>\n<p>El centre disposa d\u2019un web amb la informaci\u00f3 p\u00fablica. Aquest web est\u00e0 realitzat aprofitant el servei NODES que ofereix el Departament d&#8217;Educaci\u00f3. S&#8217;hi poden trobar articles sobre el que passa a l&#8217;escola dia a dia aix\u00ed com altres tipus d&#8217;apartat (calendari de sortides, projecte, projectes, serveis, AFA&#8230;)<\/p>\n<h3>Pres\u00e8ncia a les Xarxes Socials<\/h3>\n<p>L&#8217;escola compta amb diverses xarxes socials en les quals es fa difusi\u00f3 sobre les activitats del dia a dia a l&#8217;escola, projectes de col\u00b7laboraci\u00f3 amb entitats externes, informacions rellevants, etc.<\/p>\n<table style=\"border-collapse: collapse; width: 100%;\">\n<tbody>\n<tr>\n<td style=\"width: 25%; text-align: center;\">Twitter<\/td>\n<td style=\"width: 25%; text-align: center;\">Instagram<\/td>\n<\/tr>\n<tr>\n<td style=\"width: 25%; text-align: center;\"><img loading=\"lazy\" decoding=\"async\" class=\"\" style=\"font-size: 16px; text-align: start; background-color: #ffffff;\" src=\"https:\/\/img.freepik.com\/iconos-gratis\/gorjeo_318-674515.jpg\" alt=\"Twitter Logo - Vectores y PSD gratuitos para descargar\" width=\"93\" height=\"93\" \/><\/td>\n<td style=\"width: 25%; text-align: center;\"><img loading=\"lazy\" decoding=\"async\" class=\"\" src=\"https:\/\/upload.wikimedia.org\/wikipedia\/commons\/thumb\/e\/e7\/Instagram_logo_2016.svg\/2048px-Instagram_logo_2016.svg.png\" alt=\"Archivo:Instagram logo 2016.svg - Wikipedia, la enciclopedia libre\" width=\"101\" height=\"101\" \/><\/td>\n<\/tr>\n<tr>\n<td style=\"width: 25%; text-align: center;\"><a href=\"https:\/\/twitter.com\/ieelisabets?lang=ca\">@ieelisabets<\/a><\/td>\n<td style=\"width: 25%; text-align: center;\"><a href=\"https:\/\/www.instagram.com\/ieelisabets\/\">@ieelisabets<\/a><\/td>\n<\/tr>\n<\/tbody>\n<\/table>\n<h2>Comunicaci\u00f3 interna<\/h2>\n<h3>Comunicacions amb fam\u00edlies<\/h3>\n<p>Totes les informacions amb les fam\u00edlies es realitzaran per un dels seg\u00fcents canals:<\/p>\n<ul>\n<li>per correu electr\u00f2nic, exclusivament amb l\u2019adre\u00e7a que les fam\u00edlies han donat al centre mitjan\u00e7ant el <a href=\"https:\/\/drive.google.com\/file\/d\/1Drq5-z_cV6DzgS9B7HO1LN0-pOHBgqRj\/view?usp=share_link\">document d&#8217;actualitzaci\u00f3 de dades familiars.<\/a><\/li>\n<li>per tel\u00e8fon, als indicats per la fam\u00edlia en el <a href=\"https:\/\/drive.google.com\/file\/d\/1Drq5-z_cV6DzgS9B7HO1LN0-pOHBgqRj\/view?usp=share_link\">document d&#8217;actualitzaci\u00f3 de dades familiars.<\/a><\/li>\n<li>en persona, amb cita pr\u00e8via.<\/li>\n<\/ul>\n<h3>Comunicacions docents<\/h3>\n<p>L&#8217;equip docent de la nostra escola utilitza el Drive com a eina de treball i magatzem. Les carpetes que hi tenim estan compartides amb la totalitat de l&#8217;equip per tal que tothom hi tingui acc\u00e9s tant per visualitzar com per editar-ne el contingut. S&#8217;utilitzen com a magatzem de diferents informacions aix\u00ed com a documents per treballar de manera individual o col\u00b7lectiva. Tamb\u00e9 s&#8217;utilitza com a eina de comunicaci\u00f3 i registre d&#8217;acords. \u00c9s el canal on tenim recollides les informacions referides als informes de l&#8217;alumnat.<\/p>\n<p>D&#8217;altra banda, les comunicacions entre els diferents membres de l&#8217;equip docent es realitzen majorit\u00e0riament a trav\u00e9s del correu electr\u00f2nic @ieelisabets i del correu @xtec.cat.<\/p>\n<p>D&#8217;altra banda, tot aquell personal del centre que ha proporcionat el seu n\u00famero de tel\u00e8fon a la<a href=\"https:\/\/drive.google.com\/file\/d\/1F7EOV9pASQqi1-46VZfFHnWfh-FnpzXs\/view?usp=share_link\"> fitxa del professorat<\/a> \u00e9s afegit al grup de WhatsApp de l&#8217;etapa on imparteix classes i a altres grups de gesti\u00f3 interna dels diferents c\u00e0rrecs. En aquests grups de docents i personal d&#8217;administraci\u00f3 i serveis, els missatges s\u00f3n bidireccionals i serveixen per informacions, tal com avisos, reunions, cicles, etc.<\/p>\n<p>&nbsp;<\/p>\n","protected":false},"excerpt":{"rendered":"<p>Serveis digitals propis del centre<br \/>\nCorreu electr\u00f2nic<br \/>\nEl personal docent i l&#8217;alumnat des de 4t de prim\u00e0ria fins a 4t d&#8217;ESO disposa del seu usuari @ieelisabets.cat. Aquest usuari \u00e9s personal i intransferible.<\/p>\n<ul class=\"n8H08c UVNKR\">\n<li class=\"TYR86d zfr3Q\" dir=\"ltr\">\nl correu electr\u00f2nic de les fam\u00edlies es recollir\u00e0 a principi de&hellip;  <a href=\"https:\/\/agora.xtec.cat\/ieelisabets\/estrategia-digital-de-centre\/cultura-digital\/escola\/aplicacions-i-entorns-virtuals-daprenentatge\/\" title=\"Read Aplicacions i Entorns Virtuals d&#8217;Aprenentatge\">Llegeix m\u00e9s\u00bb<\/a><\/p>\n","protected":false},"author":16,"featured_media":0,"parent":4227,"menu_order":2,"comment_status":"closed","ping_status":"closed","template":"","meta":{"_bbp_topic_count":0,"_bbp_reply_count":0,"_bbp_total_topic_count":0,"_bbp_total_reply_count":0,"_bbp_voice_count":0,"_bbp_anonymous_reply_count":0,"_bbp_topic_count_hidden":0,"_bbp_reply_count_hidden":0,"_bbp_forum_subforum_count":0,"footnotes":""},"class_list":["post-5429","page","type-page","status-publish","hentry"],"post_mailing_queue_ids":[],"_links":{"self":[{"href":"https:\/\/agora.xtec.cat\/ieelisabets\/wp-json\/wp\/v2\/pages\/5429","targetHints":{"allow":["GET"]}}],"collection":[{"href":"https:\/\/agora.xtec.cat\/ieelisabets\/wp-json\/wp\/v2\/pages"}],"about":[{"href":"https:\/\/agora.xtec.cat\/ieelisabets\/wp-json\/wp\/v2\/types\/page"}],"author":[{"embeddable":true,"href":"https:\/\/agora.xtec.cat\/ieelisabets\/wp-json\/wp\/v2\/users\/16"}],"replies":[{"embeddable":true,"href":"https:\/\/agora.xtec.cat\/ieelisabets\/wp-json\/wp\/v2\/comments?post=5429"}],"version-history":[{"count":3,"href":"https:\/\/agora.xtec.cat\/ieelisabets\/wp-json\/wp\/v2\/pages\/5429\/revisions"}],"predecessor-version":[{"id":5433,"href":"https:\/\/agora.xtec.cat\/ieelisabets\/wp-json\/wp\/v2\/pages\/5429\/revisions\/5433"}],"up":[{"embeddable":true,"href":"https:\/\/agora.xtec.cat\/ieelisabets\/wp-json\/wp\/v2\/pages\/4227"}],"wp:attachment":[{"href":"https:\/\/agora.xtec.cat\/ieelisabets\/wp-json\/wp\/v2\/media?parent=5429"}],"curies":[{"name":"wp","href":"https:\/\/api.w.org\/{rel}","templated":true}]}}