{"id":5423,"date":"2023-05-01T13:49:18","date_gmt":"2023-05-01T11:49:18","guid":{"rendered":"https:\/\/agora.xtec.cat\/ieelisabets\/?page_id=5423"},"modified":"2023-05-01T15:13:55","modified_gmt":"2023-05-01T13:13:55","slug":"documentacio-del-centre","status":"publish","type":"page","link":"https:\/\/agora.xtec.cat\/ieelisabets\/estrategia-digital-de-centre\/cultura-digital\/escola\/documentacio-del-centre\/","title":{"rendered":"Documentaci\u00f3 de centre"},"content":{"rendered":"<p>La cultura digital apareix en pr\u00e0cticament tots els documents b\u00e0sics del centre. A continuaci\u00f3 es remarquen els aspectes m\u00e9s importants de cada un d\u2019ells.<\/p>\n<h2>NOFC<\/h2>\n<p>Dins de les NOFC, hi ha un apartat dedicat a l&#8217;\u00fas dels dispositius digitals. En aquest apartat es detalla:<\/p>\n<ul class=\"n8H08c UVNKR\">\n<li class=\"TYR86d zfr3Q\" dir=\"ltr\">\n<p class=\"CDt4Ke zfr3Q\" dir=\"ltr\">El marc normatiu sobre les sancions del mal \u00fas dels dispositius digitals<\/p>\n<\/li>\n<li class=\"TYR86d zfr3Q\" dir=\"ltr\">\n<p class=\"CDt4Ke zfr3Q\" dir=\"ltr\">Les normes d&#8217;\u00fas dels dispositius digitals<\/p>\n<\/li>\n<\/ul>\n<p>&nbsp;<\/p>\n<p><iframe loading=\"lazy\" src=\"https:\/\/docs.google.com\/document\/d\/e\/2PACX-1vTnE_iHyPyqkMUukfJr7m2jbx1NHMF95x2Bk-jkdZdKmZnuD754pSRgB9cM9ur7DwsVPJgLhGCrHRnz\/pub?embedded=true\" width=\"640\" height=\"480\"><\/iframe><\/p>\n<p>&nbsp;<\/p>\n<h2>PROTOCOL DE SEGURETAT DIGITAL<\/h2>\n<p>En el <a href=\"https:\/\/docs.google.com\/document\/d\/1446Lj-W6JVyTYYqmwd0tmn_DmwkoiY20PRTlG3nQNcE\/edit?usp=sharing\">Protocol de Seguretat Digital<\/a> del centre es detallen totes les accions necess\u00e0ries per tal que el centre esdevingui un entorn segur pel que fa a l&#8217;\u00fas i difusi\u00f3 de la identitat digital de la comunitat educativa del centre.<\/p>\n<p>En aquest protocol tamb\u00e9 es poden trobar les diferents autoritzacions respecte l&#8217;\u00fas dels drets d&#8217;imatge, de dipositius digitals i de canals de comunicaci\u00f3 del centre.<\/p>\n<p>&nbsp;<\/p>\n<p style=\"text-align: center;\">\n","protected":false},"excerpt":{"rendered":"<p>La cultura digital apareix en pr\u00e0cticament tots els documents b\u00e0sics del centre. A continuaci\u00f3 es remarquen els aspectes m\u00e9s importants de cada un d\u2019ells.<br \/>\nNOFC<br \/>\nDins de les NOFC, hi ha un apartat dedicat a l&#8217;\u00fas dels dispositius digitals. En aquest apartat es detalla:<\/p>\n<ul class=\"n8H08c UVNKR\">\n<li class=\"TYR86d&hellip;  <a href=\"https:\/\/agora.xtec.cat\/ieelisabets\/estrategia-digital-de-centre\/cultura-digital\/escola\/documentacio-del-centre\/\" title=\"Read Documentaci\u00f3 de centre\">Llegeix m\u00e9s\u00bb<\/a><br \/>\n","protected":false},"author":16,"featured_media":0,"parent":4227,"menu_order":1,"comment_status":"closed","ping_status":"closed","template":"","meta":{"_bbp_topic_count":0,"_bbp_reply_count":0,"_bbp_total_topic_count":0,"_bbp_total_reply_count":0,"_bbp_voice_count":0,"_bbp_anonymous_reply_count":0,"_bbp_topic_count_hidden":0,"_bbp_reply_count_hidden":0,"_bbp_forum_subforum_count":0,"footnotes":""},"class_list":["post-5423","page","type-page","status-publish","hentry"],"post_mailing_queue_ids":[],"_links":{"self":[{"href":"https:\/\/agora.xtec.cat\/ieelisabets\/wp-json\/wp\/v2\/pages\/5423","targetHints":{"allow":["GET"]}}],"collection":[{"href":"https:\/\/agora.xtec.cat\/ieelisabets\/wp-json\/wp\/v2\/pages"}],"about":[{"href":"https:\/\/agora.xtec.cat\/ieelisabets\/wp-json\/wp\/v2\/types\/page"}],"author":[{"embeddable":true,"href":"https:\/\/agora.xtec.cat\/ieelisabets\/wp-json\/wp\/v2\/users\/16"}],"replies":[{"embeddable":true,"href":"https:\/\/agora.xtec.cat\/ieelisabets\/wp-json\/wp\/v2\/comments?post=5423"}],"version-history":[{"count":4,"href":"https:\/\/agora.xtec.cat\/ieelisabets\/wp-json\/wp\/v2\/pages\/5423\/revisions"}],"predecessor-version":[{"id":5434,"href":"https:\/\/agora.xtec.cat\/ieelisabets\/wp-json\/wp\/v2\/pages\/5423\/revisions\/5434"}],"up":[{"embeddable":true,"href":"https:\/\/agora.xtec.cat\/ieelisabets\/wp-json\/wp\/v2\/pages\/4227"}],"wp:attachment":[{"href":"https:\/\/agora.xtec.cat\/ieelisabets\/wp-json\/wp\/v2\/media?parent=5423"}],"curies":[{"name":"wp","href":"https:\/\/api.w.org\/{rel}","templated":true}]}}

Documentació de centre

<p>La cultura digital apareix en pràcticament tots els documents bàsics del centre. A continuació es remarquen els aspectes més importants de cada un d’ells.</p>
<h2>NOFC</h2>
<p>Dins de les NOFC, hi ha un apartat dedicat a l&#8217;ús dels dispositius digitals. En aquest apartat es detalla:</p>
<ul class="n8H08c UVNKR">
<li class="TYR86d zfr3Q" dir="ltr">
<p class="CDt4Ke zfr3Q" dir="ltr">El marc normatiu sobre les sancions del mal ús dels dispositius digitals</p>
</li>
<li class="TYR86d zfr3Q" dir="ltr">
<p class="CDt4Ke zfr3Q" dir="ltr">Les normes d&#8217;ús dels dispositius digitals</p>
</li>
</ul>
<p>&nbsp;</p>
<p><iframe loading="lazy" src="https://docs.google.com/document/d/e/2PACX-1vTnE_iHyPyqkMUukfJr7m2jbx1NHMF95x2Bk-jkdZdKmZnuD754pSRgB9cM9ur7DwsVPJgLhGCrHRnz/pub?embedded=true" width="640" height="480"></iframe></p>
<p>&nbsp;</p>
<h2>PROTOCOL DE SEGURETAT DIGITAL</h2>
<p>En el <a href="https://docs.google.com/document/d/1446Lj-W6JVyTYYqmwd0tmn_DmwkoiY20PRTlG3nQNcE/edit?usp=sharing">Protocol de Seguretat Digital</a> del centre es detallen totes les accions necessàries per tal que el centre esdevingui un entorn segur pel que fa a l&#8217;ús i difusió de la identitat digital de la comunitat educativa del centre.</p>
<p>En aquest protocol també es poden trobar les diferents autoritzacions respecte l&#8217;ús dels drets d&#8217;imatge, de dipositius digitals i de canals de comunicació del centre.</p>
<p>&nbsp;</p>
<p style="text-align: center;">

<p>La cultura digital apareix en pràcticament tots els documents bàsics del centre. A continuació es remarquen els aspectes més importants de cada un d’ells.<br />
NOFC<br />
Dins de les NOFC, hi ha un apartat dedicat a l&#8217;ús dels dispositius digitals. En aquest apartat es detalla:</p>
<ul class="n8H08c UVNKR">
<li class="TYR86d&hellip;  <a href="https://agora.xtec.cat/ieelisabets/estrategia-digital-de-centre/cultura-digital/escola/documentacio-del-centre/" title="Read Documentació de centre">Llegeix més»</a><br />
