{"id":4227,"date":"2023-02-10T11:57:58","date_gmt":"2023-02-10T10:57:58","guid":{"rendered":"https:\/\/agora.xtec.cat\/ieelisabets\/?page_id=4227"},"modified":"2023-05-25T12:14:27","modified_gmt":"2023-05-25T10:14:27","slug":"escola","status":"publish","type":"page","link":"https:\/\/agora.xtec.cat\/ieelisabets\/estrategia-digital-de-centre\/cultura-digital\/escola\/","title":{"rendered":"Centre"},"content":{"rendered":"<p>Dins de la Cultura Digital de centre hem creat diferents espais per tal d&#8217;organitzar la informaci\u00f3 de cadascun d&#8217;aquests i que sigui f\u00e0cilment accessible per a tothom. Aix\u00ed doncs, hem dividit aquest apartat en quatre grans blocs, els quals tamb\u00e9 consten de diferents subcategories.<\/p>\n<table style=\"border-collapse: collapse; width: 100%;\">\n<tbody>\n<tr>\n<td style=\"width: 50%;\"><img loading=\"lazy\" decoding=\"async\" class=\" aligncenter\" src=\"data:image\/jpeg;base64,\/9j\/4AAQSkZJRgABAQAAAQABAAD\/2wCEAAkGBxAPEBUPDxAPDw8PFRIPDRAPDw8QDxAPFREYFhUSFRUYHSkgGBolHRUVITEhJSkrLi4uFx8\/ODMuNygtLisBCgoKDg0OGhAQGC0dHSUzLC8rLS0tLi0uLSstKy0rLS0rLS0tLS0tKy0tLS0tLS0rLS0tKystLS0tLS0tLS0uK\/\/AABEIALcBEwMBIgACEQEDEQH\/xAAcAAABBQEBAQAAAAAAAAAAAAAAAQIFBgcEAwj\/xABOEAABAwADCAoPBwIFBQAAAAABAAIDBAURBhIhMTNyc7IHFTI0QVFScYGxEyIjU2GCkZOhs7TBwsPRFDVCQ3SS8BZUJGODotIXJWKU8f\/EABsBAAIDAQEBAAAAAAAAAAAAAAAFAQQGAwIH\/8QAQxEAAQICBAgJCQgDAQEAAAAAAQACAxEEBRIxBiFRcXKBscETFDM0NUGRofAyUlNhgsLR0uEVIiNCQ0SSshYk4mIH\/9oADAMBAAIRAxEAPwDcUIQhCEIQhCEIQhCEIQhCEIQhCEIQhCEIQhCEIQhCEIQhCEIQhCEIQhCEIQhCEIQhCEIQhCEIQhCEIQhCEIQhCEIQhCEIQhCEJkkgbhK59sY+UFMiomF1oXJtjFygjbGLlBEiiYXWhcgrCPlBJtjHygoki0Mq7ELj2xi5QRtjHygpkottyrsQuQVhHykbYx8peSQL16GO5daFybYx8oI2xj5QRaGVTJdaFybYR8pG2EfKCkY7lC60Lj2xi5QRtjFygpsuyKJrsQuTbCLlBBp8fKCJFSMa60Lk2xi5QRtjFygiRyKZFdaFybYxcoINYR8oKDiRIrrQuTbGLlBJtjFygiaLJyLsQuPbGLlBLthHykKDivXWhce2MfKCNsY+UFEwomF2IXHtjHygveKdrsRUzRML1QhCFKEIQhCEIQhCqt3byIbASLS3FzrOoY5HmxgkeRhIaHOsHHgWh3eZLpHUq1cNlZNH8bUlpUERqa2GTKbdhcU7occwKE6IBOTttkKFNApPep\/2S\/RNdQKSMJinAGEm8lsA48S0xeVMyUmjk1CuwqiHOVo93wXM1zEAnYHesZrqV1sXbPHb8o8krjokdJmdew9kkdhN6wPc6zjsXTXm6iz\/AISp7Yv34cyT3KrQ2Ww1uf4rS8YdR6NFigTLSMXYN6g9qKw7zSvNy\/RJtPWHeaV5uX6LbU5mMJnxRuVJjhLG9G3tK+eqXNIBY57rQ4DdPBBvhgKSiiaUhkfZJHnE1l+5x5gMK9q+yz8866l9jb7xi8bqWiwfiGBRqQ4Y7O4FLcKDwseATitNHeo7amn\/ANvTPNUj6I2qp\/8Ab0zzVI+i3hK3GFY+34nox2lIeIt84r50pzpWNe15kY5ocHNcXtc02YiDhBWtUV5LRhNpsAtPCVm93O\/KVnyLR6v\/AC8+LXas5hmOHiUKeK33Wiy7NNXKq\/DEWXVumuo0aTkP8jkw0aXkSeRytb8Z5ykSQYPwfPd3K9x12RUatL5sUgN8CGutGIjAuCpnn7JRyXHetHJwnvIUtdTjpHjeqaoiqd5Qfo4vZgk8WAIcYwAcVqU88vilNenhGQSeue5SpoM3Iek+wzch6vEhwptqefYULzz3Kr9ls849ioFKY9oIda02W2Wm3yFR9WOd2JvbOxycJ749WG63LOzG6gVcqzIszn+ucrtRQBBpcaGDMAN75HekNbsEKEWjHJw\/q9SwoM5AIa8g4QRbYQeFJ9gpHId5CrrQMjFoo9QL3TjjTsgTE4OwZ8o7uWeTxSR4HgttwgHhHSqNSZ39mf278ocF8eJandjlI9GddZRSMvJpVcozrTmnOmeC9GFHrWLCaZgMF\/rLSpGOrqa4BzYqU5rsLXNZMWkcYIGFLtTT+80vzc\/0Wt3Mbyo+jb1lSS5GsXgkWR3rSmuIk\/IHesLpdGpUQBlbSIwcDS9skYJ8BK0XYZmcYpgST3c4yT+TGvLZT3vFpH6oS7C2Tm03yWKY8UxaMHESxopVIMeiWyJfel3LVEIQlqToQhCEIQhCEKp3e5HpVauGysmj+Nqst3mS6R1KtXDZWTR\/G1K39Is0fnTSH0c\/S3tVwXnTMlJo5NQr0XnTMlJo5NQpq28eOtKnXFYtXg7aLP8AhKndi7fjsyX3KBrzdRZ\/wlT2xdvx2ZL7kjq+9uvetrSuj4+ra1agnR4wmp0eMJ2sWV8\/19ln559YpfY2H\/cYvG6lE17ln559YpbY2+8YvG6kzqjmdK17CmOEXLUXQC2dObjCanNxhLEuWC3c78pWkkWi0D8GfFrtWdXc78pWkkWjVf8Agz4tdq54U8pV3s7Yairbo\/jKrm\/GecpEr8Z5ykXRSqbdTjpHjeqaoiqR\/g4P0cXswUvdTjpHjeqaoiqN5wfo4vZgshSufHTG5VK55KBr3LS5MaanSY01a8q4VUrrcs7MbqBVyrB3FnO71rlY7rcs7MbqBVyrMiznd61yr1Vz+kZmbGrIV75D9If0ctKoGRi0UeoF7LxoGRi0UeoF7Kwteb1V7scpHozrrKKQO7SaVavdjlI9GddZRSMvJpU0of5da5VD03F0G+6tsuY3lR9GOsqTUZcxvKj6MdZUmlrvKOc7V1N5VL2U97xaR+qEuwtuJdN8liTZT3vFpH6oRsLbiXTfJYrZ5oNJX\/2HtbgtVQhCpJehCEIQhCEIQqpd7kekdSrNw2Vk0fxtVlu8yXSOpVq4bKyaP42pW\/pFmj86aQ+jn6W9quC86ZkpNHJqFei86ZkpNHJqFNW3jx1pU64rFa83UWf8JU9sXb8dmS+5QNebqLP+Eqe2MN+OzJPckdX3t171taV0fH1bWrUE6PGE1OjxhO1iyvn+vss\/POupfY2+8YvG6lEV9ln5511L7G33jF43UmdUc0pWvYUwwi5ai6AWzpW4wkStxhLEvWDXc78pWfItHoH5edFrtWc3c78pWfItFoP5efFrtXPCnlKu9nbDUVd+v4yq5vxnnKRK\/GecpF0Uqm3U7qkeN6pqiKp3lB+ji9mCl7qd1SPG9U1RFU7yg\/RxezBY+k8+OmNyq1xycDXuWlyY01Okxpq2BVsqpXW5Z2Y3UCrlWHuLM5\/rnKx3W5Z2Y3UCrtWZFnjeucuFVc\/pGZmxqyFe+Q\/Tb\/Ry0mgZGLRR6gXsvGgZGLRR6gXsu615vVXuxykejOusopGXk0q1e7HKR6M66yikZeTSppQ\/y61yqHpuLoN91bZcxvKj6MdZUmoy5jeVH0Y6ypNLXeUc52rqbyqXsp73i0j9UJdhbcS6b5LEmynveLSP1Ql2FtxLpvksVs809pX\/ANh7W4LVEIQqSXoQhCEIQhCEKp3e5HpCrVw2Vk0fxtVmu9yPSFWbhsrJo\/jalb+kWaPzppD6Ofpb2q4LzpmSk0cmoV6LzpmSk0cmoU1bePHWlTrisVrzdRZ\/wlT2xhvx2ZJ7lA14O2iz\/hKnti7fjsyX3JHV97de9bWldHx9W1q1BOjxhNTo8YTtYor5\/r\/Kvz\/jUvsbfeMXjdSiK\/yz8\/5il9jb7xi8bqTOqOZ0rXsKY4RcvRdBq2dObjCanNxhLEvWC3c78pWfItHq\/wDLz4tdqzi7nflKz5Fo1B\/Lz4tdq54U8pV3s7Yairv1\/GVXN+M85SJX4zzlIuilU26nHSPG9U1Q9Ubyg\/RxeyhTF1O6pHjeqaoeqN5Qfo4vZgshSufHTG5Va45KBr3LTJMaanSY01a8q2VUbrcsc1uoq7VeRbzv9e5WO63LOzG6gVcqvIszpPWuVequkKRmbsashXvkv02\/0ctKoGRi0UeoF7LxoGRi0UeoF7Kwteb1V7scpHozrrKKRl5NKtXuxykejOusopA7tJpU0of5Na5VD03F0G+6tsuY3lR9GOsqTUbcxvKj6MdZUklrvKOcrqbyqXsp73i0j9UJdhbcS6b5LEmynveLSP1Ql2FsnNpvksVs80Gkr\/7D2twWqIQhUkvQhCEIQhCEIVUu9yPSOpVm4bKyaP42qzXe5HpHUqzcNlZNH8bUrf0izR+dNIfRz9Le1XBedMyUmjk1CvReVMyUmjk1Cmrbx460qdcfHUsWrzdRZ\/wlT2xdvx2ZL7lA15uos\/4Sp7Yv347Mk6gkdX3t171taV0fH1bWrUE6PGE1OjxhO1iyvn+vss\/POupfY2+8YvG6lEV9ln5511L7G33jF43UmdUc0pWvYUxwi5ai6AWzpzcYTUrcYSxLlg13O\/KVnyLRqB+DPi12rObud+UrPkWj1f8Al58Wu1c8KeUq72dsNRV36\/jKrk\/GedIlfjPOUi6KVTbqcdI8b1TVEVTvKD9HF7MFL3U46R43qmqIqjeUH6OL2YLH0nnx0xuVWuOTga9y0uTGmp8mNMWwKtFVK63LOzG6gVcqzIszn+ucrHdblnZjdQKuVZkW87\/XOXCquf0jM3Y1ZGvfJfpt\/o5aVQMjFoo9QL2XjQMjFoo9QL2Xda83qr3Y5SPRnXWUUjLyaVavdjlI9GddZRSMvJpU0of5da5VD03F0G+6ttuY3lR9GOsqSUZcxvKj6MdZUolrvKOc7V1N6pWynveLSP1Ql2FsnNpvksSbKe94tI\/VCXYW3Eum+SxWzzQaSv8A7D2twWqIQhUkvQhCEIQhCEIVUu8HcekKoXLU+OjyPdKSA5l6LAThvgfcrhd3kekLNEjp0cwaYIgE5N22gntAgCPRHQyZTd8pV9\/qWi8p3m3LzpN0lGLHtDnWuY9o7RwwlpAWTXS3Wx0SU0aKITSx2faJJHuEYeRaY2NaRubQC4k2m2wCy09lRV1HTY3PY0xSRkCWMuvh21t65ruEGw4DhB47VafSqTDZwhhiWcqqyjUSJE4Jr3Tu6pHNi8bfKvB20Wk+EqSuCrKKjUlz5nXrb17LbLcJAUZXuOHStUWSqVDeWNa7OtXCo4pMCJCcZBxF2orZP6xoPfT5t6Vt2NBByx\/Y9Y5XNaQUJrYhGKRSXxtkkLnuEMTXgFrLG2Oc8t7Ym2wXwFhwleVArGKlsdeNMM0QBezshcx8ZIbfNOMWEi0G3HjTTholm3ZEtazraHVz4\/ACK+c5TkLJN0p334rpL1rt7S97wO1vxh47X2gqQuIp0dHpkc0zryNl9fHHwKFpG56R1hNYcC0eDjBGgR2nFaO0FVMLBwUeCBjk3YZLbP62q7+4\/wBjkC7erv7j\/Y5YzTaZBRIWOkYZ55w50MV+5kUUQeWdkkLe2c4ua4BoIsDbSTaAvGrqyhpVrGx9hmY10jQH38UjWi1wF92zXAWnGQQ04kOo1AbG4EvfOcpybKd0rp34pyl65JIIkcstyHfNd91tJZNSZ5YzfMkc9zHcYK0qhGxrHcRjcbMdgc0nqWRzntHcx6lrlAybc1vUkeG3+u+h2cdmcp\/+SyU+xWKo++Is+uXfNWV1cw24pPNOTduYeKTzTlRrrrp4qtia5zDNPMXNgitLWi9AvpHnHZ2zQAMJtOEWKBuW2QBSpm0ekRNifIb2KSNxvC\/ga4Owi3EDalMOnU2JB4ZsJss5nJXHQ4IdZLj3SVzugkEgne2+vX3xbaLDZ2MDF0KKqhttBg8NDh9mC76yyL813UuGoj\/hKN+lo3qWrPvpBiROHlIl05dV08\/UltfNsQ4QyT3K7ur6j\/5vmXpNvaP\/AJvmXqi19XUVAgM8rXSEuEcMTTemSQgnC7gaACTw4QOG0VapNkESzNipELImyODWyROksYSbBfBzjaPDatJBpdMjQ+EZDbLqxmZzKvCj0qKy21re+ZWhXQUps0jnsvr29a3C0tNoaOBQNU5FvPL7Q5SE2I8xUdUp7gM6f2iRdcH45j0qNEIkSB3EDcs5WjzFglx63N\/q9Xqi17R2xsa50gLWMa7ubzhDQCvT+oKNypPNPVIrGsIqLC+kTXxZGBYxhAfLI7AGAnFbjJsNgBx4lTaHsiNdLZNRo44nGy+ic8vjbwE2k33hxJzEZCY6yZnNJOKLTKfSYfCsYwDqmXCeb6kBaZdFTo53sMZcQ1t6bWuZhvreHnWZUkd2k0nuV4dzgjdAjERwEKjUo92lz\/cr9HaGuaAZjGrWClIfHrWJEe2ybMiMkiBuWp1HdVQ4qLDE+Wx7GBrxek2G0ld39Y0Dv3+0rJKN2PtpJnFsETXSylthfYLLWsBwXziWtHBa7DgUMbrIi\/eYZEbAL2ZxlaOO0i9cfFAPgVePCgQ3ScXTvxSWmpNFosB9l73TvxBvjsWl3f19RqXDG2F5e5jnlwAIwFvhUpsL7ibTfJYsznaAReuvmvDXsdYRfMc0OabODAcS0vYY3E2m+SxdaTDayjANMxOfau1MgNg0QBhmCQe0LVUIQlaSIQhCEIQhCEKr3d5DpHWFmS027rIHnb1hZiSs5W4\/HGiNrlo6nP4B0jsaqRdNcrSXzvpEDBKyYl771zAY3ndXwJxE2kFS9yNTPokbzIR2Sa9vmtIc1jG2kNvhgLiTabLQLBhttAnikURKxiPhcGQPWVMKrIcOKIgOIYwMmvrAUTX\/AOTpW9ai3HtulSdf\/laVnWot+NeqPyY1rRVfc\/ONi469qSWlO+0UcCS1rGyMv2h7bxoa14BOEEXuLhT6jqs0Rr3ylnZZG9ibG17X3jC6+cXFuC+N6AACcZtswLotIxEjmTSfCTzq9w7rFhUG1DBbSeGtGU5hsuuc78k+qXqmvKk7npHuTWYk6k7g\/wA4kyPEtdgpycXONhWawy5eFonam1pVUlLax8N66WJvY3RFzWudHfFzSy3GRfOBHgCZUtUPorjNOWtkDXxxQtc17rXsLHPfe2hoAc6wE2k2YLLV0JqZuqWE6OYto2SbRbLrJmcd8ieqU\/XkzApjgyzLHdNMnHaO6epa5V57m3Nb1LI5ty7mPUtaq49yZmt1Qsf\/APQPKo\/t7WpnUn59W9VXZEuanpwZJRwHyQ3wMdoBc02W2W8OAYPCVWbkbjqSKSyWkM7E2FwkDS5pc54Nrdye1ANhw2W4hbhs1cpCVj4FcRoMDggAeoHJq2Jq+itc+0TqXLWOSfmu6lH1DvOjfpqP6oKQp+Sfmu6lHVBvOjfpoPVhUGcnr3JPhF5EPOdijLtqjkpsLWw2dkjcXta42X4ssLQTiJ93htFLqO42lOnb2eMxxscHPtc0udYbbwAG0W8o4BhxmwHVCkKa0atYsCFwYAOQ5PGpJoFPfCh2AJyuPj6JkmI24TZhUdUW9xn0j2mVSMmI8yjahP8AhxpKR7TImuC5nGiaPvBKKdzf2m7Hryumql1Mo5hYQ19oey+NjSW22dOMdKz+iXFUx0gZNH2BtvbucWuIbw3rWm1x4uDjIGFaomHp8q08SjW32pyy4vHVnU0KuolFg8FYDpTljIlMzx5RPNnukNbYAMQDQALbbLBit4VR6Tl5tL8AV3VJpWWm0vwNVmEAHtA8Yk7wLeX1jEc68tJOcuCZJCJGPhJvRI2xzjiba4OaeYOa1V4XLUoOscImN746VnY73lCwkuHgAJ8CsSL48Z8q90ihiK60HS8Z7+3MvoNLq9tIeH2rJuOLx46k6UNAbGy28ja2NpdZfFjcFp4icdnhWl7DG4m0w9SxZgtO2GNzNpflMXOmsDIAaLhJcKzYGUZrW3AgbVqyEIShZ5CEIQhCEIQhVe7rIHnHWFl5Wo3db3PONYLLiVnq25caI2uWiqjkDpH+rUhKZanFNKWhNVE3QHBFpo9ZRr8akboDgi08WsFGOxpjR\/IGtXqBc\/OEiEiFZV9eVJ3Dv5xJseJOpO4P84k2PEtlgqfuxc7feXz3DLl4WY7U5IhC1axqbLuTzHqWrVWe4x5jNULKZNyeY9S1OqD3CPRs1QvnGH\/6Ht+6n1SXv1LsJTCUpKYV86T+S8adkn5rupR1Qn\/CUbQQ6oUhTj3N+a7qUfUO9KPoYh6FYbyevcVnsIuTh5zsXakKVIoWYTH4iou5\/e\/+rSfapFKPxKLqDIf6tJ9fItNgwfx4mjvCr04f63tN2PUgSmlCFs0lTVSqXlptJ8DVdVSqYe7zaU6gRD5RuvYtjgVz92idoTUhQhMF9TSLT9hjczaUeqasvWnbDJwTaVvqmqjWHI6wllbchrG9awhCElWbQhCEIVSbsgULipA\/0He5L\/1AoPHP\/wCvJ9FjIe6yy+dZj3RSiR3Kd+4pR9oRMg7\/AIppxGHlPaPgtLunuxoVIhMcckgebLL+CZjcBtwucLBiVHM7O+R\/vaox73HG5x8YryIPKPlKqUl\/DuDnYsUldox4u0taJ454z8ApQ0iPvkXnG\/VNNJj77F5xv1UbZ\/5ekovByz5VX4EZe76qzxt3mjt+iSvJGuEVj2usmiJvXA2duMODgsUeSLcbf3MUoLB+I+VIb3jd6VYhvDGyxrtBrF0Kf3AZy65XalF2jlN\/c1JfDlN\/c1SgA4nJ17b+E9Ni6cMMi7fa7\/RjtPwULScLDYQ53AAQTwJIxg3Q8qnQ08Q9CPDgHQPom1WV6aAHgQ7VqX5pSlP1HKkNbwDWL2vcbFkEZfgoWzwjyovebyhTd+eP0hF8eMehNP8AMX+gH8z8iU\/YLfSHs+qgpGdqcWI8IWj1RSYxBGDLECGMBBlaCCGgEWWqqhzuP0N+iUuPH6As9XtYmtrFpvB2Z3G1OcsoGRX6FV4o1qTpzl1ZFczTYe+w+dj+qYadB3+HzzPqqdh4D6Gpth4SPIFnxQR53d9VekrXTadB2N3d4dyfzY+LnXJUVIj+ywtMkQIjaCC9oINmIgqAtI4vIEWuP4vQF0FFAbZtdc1Qp9XimNa0usyM7p9UsoVsNKj79D51v1TTS4e\/Q+eZ9VVLDx2dAR0+gKOJjzu76pZ\/jrfSn+P\/AErQ+mw2ZeDz0f1UdUlIj7DZfxtIlnNhe0YDMSDzFQxaD\/8AGpCBx+hv0TKrYvEnuePvTEsnXP1rnHwbESEYfCyxg+Tkn6\/WrOaTF32Hzkf1TTSY++w+cj+qrIHh9A+iQjn\/AGge5OPts+j7\/oqYwPZ6c\/xHzKzfaY++w+ej\/wCSp1KI7NKb5oBkJBvsBF6BaDwrsw\/wBMcTxegKWV0WuDuDGL1\/RNqnqVtWxzGa8vmJSIlvK47Rym\/uRaOU39y6r0ng6kFp\/lis\/wCRH0Q\/l\/ytNxt3mhceDlN\/cFfti6vKNRBN9ol7HfSNLe0kdaOxgfhBVMvDx+lOY5wxE+UqvSa7dGZZEMDXPcNqr0l3DssOEhfiW6Ou7q4fnk80M\/8AxXm67+rh+a880Mn0WIdkfyj5SkMr+WfKVQ47EyDsPxVHicL19o+C27\/qFV\/Ll8y9Cw\/sr+WfKUI45E9Xf8VPE4fr7fovdv8AMaRw\/mFCEuV1KG83kS2BIhShLfD+AJwCEKChKfCi9CEKEJqUIQpKEF3P5UgcOJCESQlvkjnIQiSE7CkvfChCAhIelKQEiEKE6zwdSOhCEFSlsQRZwoQgITS4JhcEIUyUJpkHhTjIEIUyQvN0o8PQlvwhC92QoTS7wJBJ4ChCJIRf+BF94EIRJCQu8ASWnweRCF6koR5PIhCF6khf\/9k=\" width=\"197\" height=\"131\" \/><\/td>\n<td style=\"width: 50%;\"><img loading=\"lazy\" decoding=\"async\" class=\"aligncenter\" src=\"https:\/\/thumbs.dreamstime.com\/b\/desarrollo-de-aplicaciones-educativas-en-pantalla-m%C3%B3vil-concepto-vector-plano-personas-peque%C3%B1as-insertan-iconos-la-un-tel%C3%A9fono-184432831.jpg\" alt=\"\" width=\"165\" height=\"165\" \/><\/td>\n<\/tr>\n<tr>\n<td style=\"width: 50%; text-align: center;\"><a href=\"https:\/\/agora.xtec.cat\/ieelisabets\/estrategia-digital-de-centre\/cultura-digital\/escola\/documentacio-del-centre\/\"><strong>1. DOCUMENTACI\u00d3 DE CENTRE<\/strong><\/a><\/td>\n<td style=\"width: 50%; text-align: center;\"><a href=\"https:\/\/agora.xtec.cat\/ieelisabets\/estrategia-digital-de-centre\/cultura-digital\/escola\/aplicacions-i-entorns-virtuals-daprenentatge\/\"><strong>2. APLICACIONS I ENTORN VIRTUAL D&#8217;APRENENTATGE<\/strong><\/a><\/td>\n<\/tr>\n<tr>\n<td style=\"width: 50%;\"><img loading=\"lazy\" decoding=\"async\" class=\"aligncenter\" src=\"https:\/\/media.istockphoto.com\/id\/1281150047\/es\/vector\/ilustraci%C3%B3n-plana-de-dise%C3%B1o-gr%C3%A1fico-plano-de-concepto-de-pruebas-en-internet-en-l%C3%ADnea.jpg?s=612x612&amp;w=0&amp;k=20&amp;c=DNhQj8X7ZC0eVkMuLdAiKY2gd3CjFVnAUyVJXGG847s=\" width=\"154\" height=\"135\" \/><\/td>\n<td style=\"width: 50%;\"><img loading=\"lazy\" decoding=\"async\" class=\"aligncenter\" src=\"https:\/\/static.vecteezy.com\/system\/resources\/thumbnails\/021\/179\/576\/small\/digital-marketing-social-media-graphic-social-media-promotion-free-png.png\" width=\"202\" height=\"106\" \/><\/td>\n<\/tr>\n<tr>\n<td style=\"width: 50%; text-align: center;\"><a href=\"https:\/\/agora.xtec.cat\/ieelisabets\/estrategia-digital-de-centre\/cultura-digital\/escola\/maqunari-digital\/\"><strong>3. MAQUINARI DIGITAL<\/strong><\/a><\/td>\n<td style=\"width: 50%; text-align: center;\"><a href=\"https:\/\/agora.xtec.cat\/ieelisabets\/estrategia-digital-de-centre\/cultura-digital\/escola\/comunicacio-de-centre\/\"><strong>4. COMUNICACI\u00d3 DE CENTRE<\/strong><\/a><\/td>\n<\/tr>\n<\/tbody>\n<\/table>\n","protected":false},"excerpt":{"rendered":"<p>Dins de la Cultura Digital de centre hem creat diferents espais per tal d&#8217;organitzar la informaci\u00f3 de cadascun d&#8217;aquests i que sigui f\u00e0cilment accessible per a tothom. Aix\u00ed doncs, hem dividit aquest apartat en quatre grans blocs, els quals tamb\u00e9 consten de diferents subcategories.<\/p>\n<p><a href=\"https:\/\/agora.xtec.cat\/ieelisabets\/estrategia-digital-de-centre\/cultura-digital\/escola\/documentacio-del-centre\/\">1.&hellip;  <a href=\"https:\/\/agora.xtec.cat\/ieelisabets\/estrategia-digital-de-centre\/cultura-digital\/escola\/\" title=\"Read Centre\">Llegeix m\u00e9s\u00bb<\/a><\/p>\n","protected":false},"author":3,"featured_media":0,"parent":2549,"menu_order":0,"comment_status":"closed","ping_status":"closed","template":"","meta":{"_bbp_topic_count":0,"_bbp_reply_count":0,"_bbp_total_topic_count":0,"_bbp_total_reply_count":0,"_bbp_voice_count":0,"_bbp_anonymous_reply_count":0,"_bbp_topic_count_hidden":0,"_bbp_reply_count_hidden":0,"_bbp_forum_subforum_count":0,"footnotes":""},"class_list":["post-4227","page","type-page","status-publish","hentry"],"post_mailing_queue_ids":[],"_links":{"self":[{"href":"https:\/\/agora.xtec.cat\/ieelisabets\/wp-json\/wp\/v2\/pages\/4227","targetHints":{"allow":["GET"]}}],"collection":[{"href":"https:\/\/agora.xtec.cat\/ieelisabets\/wp-json\/wp\/v2\/pages"}],"about":[{"href":"https:\/\/agora.xtec.cat\/ieelisabets\/wp-json\/wp\/v2\/types\/page"}],"author":[{"embeddable":true,"href":"https:\/\/agora.xtec.cat\/ieelisabets\/wp-json\/wp\/v2\/users\/3"}],"replies":[{"embeddable":true,"href":"https:\/\/agora.xtec.cat\/ieelisabets\/wp-json\/wp\/v2\/comments?post=4227"}],"version-history":[{"count":3,"href":"https:\/\/agora.xtec.cat\/ieelisabets\/wp-json\/wp\/v2\/pages\/4227\/revisions"}],"predecessor-version":[{"id":6014,"href":"https:\/\/agora.xtec.cat\/ieelisabets\/wp-json\/wp\/v2\/pages\/4227\/revisions\/6014"}],"up":[{"embeddable":true,"href":"https:\/\/agora.xtec.cat\/ieelisabets\/wp-json\/wp\/v2\/pages\/2549"}],"wp:attachment":[{"href":"https:\/\/agora.xtec.cat\/ieelisabets\/wp-json\/wp\/v2\/media?parent=4227"}],"curies":[{"name":"wp","href":"https:\/\/api.w.org\/{rel}","templated":true}]}}