{"id":32,"date":"2014-09-18T12:31:33","date_gmt":"2014-09-18T11:31:33","guid":{"rendered":"http:\/\/agora.xtec.cat\/ieelisabets\/?page_id=32"},"modified":"2026-02-11T17:40:08","modified_gmt":"2026-02-11T16:40:08","slug":"calendari-del-curs","status":"publish","type":"page","link":"https:\/\/agora.xtec.cat\/ieelisabets\/lescola\/calendari-del-curs\/","title":{"rendered":"Calendari del curs"},"content":{"rendered":"<div style=\"min-width: 300px; width: 50%; float: left; padding: 2px;\">\n<p>Els propers esdeveniments s\u00f3n:<\/p>\n<h4><strong>Inici de curs:<\/strong><\/h4>\n<p>8 de setembre de 2025<\/p>\n<h4><strong>Vacances:<\/strong><\/h4>\n<p>Del 20 de desembre de 2025 al 7 de gener de 2026 (ambd\u00f3s inclosos)<\/p>\n<p>Del 28 de mar\u00e7 al 6 d\u2019abril de 2026 (ambd\u00f3s inclosos)<\/p>\n<h4><strong>Finalitzaci\u00f3 de les classes :<\/strong><\/h4>\n<p>19 de juny de 2026<\/p>\n<h4><strong>Dies festius de lliure disposici\u00f3:<\/strong><\/h4>\n<p>Dilluns 3 de novembre de 2025<\/p>\n<p>Divendres 5 de desembre de 2025<\/p>\n<p>Dilluns 16 de febrer de 2026<\/p>\n<p>Divendres 22 de maig de 2026<\/p>\n<p>&nbsp;<\/p>\n<h4><strong>Jornada compactada:<\/strong><\/h4>\n<p>El 19 de desembre de 2025 i del 8 al 19 de juny de 2026 (ambd\u00f3s inclosos)<\/p>\n<p><strong>L\u2019<\/strong><b>horari lectiu<\/b> <strong>de l&#8217;alumnat d&#8217;infantil <\/strong>del centre \u00e9s de 9 a 12.30 h i de 15.00 a 16.30 h.<\/p>\n<p>El dia 19 de desembre de 2025 i a partir del 8 de juny de 2026 es fa horari compactat de 9 a 12:30 h. (Els alumnes que utilitzen el servei de menjador surten a les 15.00 h).<\/p>\n<p>Per als alumnes que inicien l\u2019escolaritzaci\u00f3 a P3 s\u2019organitza un breu per\u00edode d\u2019adaptaci\u00f3 que suposa una certa modificaci\u00f3 dels horaris dels primers dies de classe, i que es fa saber a les fam\u00edlies en les reunions pr\u00e8vies corresponents.<\/p>\n\n<p>L\u2019<b>horari lectiu<\/b> <strong>de l&#8217;alumnat de prim\u00e0ria <\/strong>del centre \u00e9s de 8.30 a 13.00 h i de 15.00 a 16.30 h. El dia 19 de desembre de 2025 i a partir del 8 de juny de 2026 es fa horari compactat de 8:30 a 13:30 h. (Els alumnes que utilitzen el servei de menjador surten a les 15.00 h).<\/p>\n<p>L\u2019<b>horari lectiu<\/b> <strong>de l&#8217;alumnat d&#8217;ESO <\/strong>del centre \u00e9s<\/p>\n<p>Dilluns, dimarts i dimecres: de 8.00 a 13.00 h i de 15.00 a 16.30 h.<\/p>\n<p>Dijous i divendres: de 8.00 a 14.30 h.<\/p>\n<p>A partir del 8 de juny es far\u00e0 horari continuat.<\/p>\n<p>&nbsp;<\/p>\n<\/div>\n<div style=\"min-width: 300px; width: 50%; float: left; padding: 2px;\">Aqu\u00ed podeu consultar el calendari escolar del centre.<br \/>\n<iframe loading=\"lazy\" src=\"https:\/\/calendar.google.com\/calendar\/embed?src=xarxessocials%40ieelisabets.cat&amp;ctz=Europe%2FMadrid\" width=\"400\" height=\"300\" frameborder=\"0\"><\/iframe><\/div>\n","protected":false},"excerpt":{"rendered":"<p>Els propers esdeveniments s\u00f3n:<br \/>\nInici de curs:<br \/>\n8 de setembre de 2025<br \/>\nVacances:<br \/>\nDel 20 de desembre de 2025 al 7 de gener de 2026 (ambd\u00f3s inclosos)<br \/>\nDel 28 de mar\u00e7 al 6 d\u2019abril de 2026 (ambd\u00f3s inclosos)<br \/>\nFinalitzaci\u00f3 de les classes :<br \/>\n19 de juny de 2026<br \/>\nDies festius de lliure disposici\u00f3:<br \/>\nDilluns&hellip;  <a href=\"https:\/\/agora.xtec.cat\/ieelisabets\/lescola\/calendari-del-curs\/\" title=\"Read Calendari del curs\">Llegeix m\u00e9s\u00bb<\/a><\/p>\n","protected":false},"author":1,"featured_media":0,"parent":22,"menu_order":50,"comment_status":"closed","ping_status":"closed","template":"page-templates\/side-menu.php","meta":{"_bbp_topic_count":0,"_bbp_reply_count":0,"_bbp_total_topic_count":0,"_bbp_total_reply_count":0,"_bbp_voice_count":0,"_bbp_anonymous_reply_count":0,"_bbp_topic_count_hidden":0,"_bbp_reply_count_hidden":0,"_bbp_forum_subforum_count":0,"footnotes":""},"class_list":["post-32","page","type-page","status-publish","hentry"],"post_mailing_queue_ids":[],"_links":{"self":[{"href":"https:\/\/agora.xtec.cat\/ieelisabets\/wp-json\/wp\/v2\/pages\/32","targetHints":{"allow":["GET"]}}],"collection":[{"href":"https:\/\/agora.xtec.cat\/ieelisabets\/wp-json\/wp\/v2\/pages"}],"about":[{"href":"https:\/\/agora.xtec.cat\/ieelisabets\/wp-json\/wp\/v2\/types\/page"}],"author":[{"embeddable":true,"href":"https:\/\/agora.xtec.cat\/ieelisabets\/wp-json\/wp\/v2\/users\/1"}],"replies":[{"embeddable":true,"href":"https:\/\/agora.xtec.cat\/ieelisabets\/wp-json\/wp\/v2\/comments?post=32"}],"version-history":[{"count":7,"href":"https:\/\/agora.xtec.cat\/ieelisabets\/wp-json\/wp\/v2\/pages\/32\/revisions"}],"predecessor-version":[{"id":12882,"href":"https:\/\/agora.xtec.cat\/ieelisabets\/wp-json\/wp\/v2\/pages\/32\/revisions\/12882"}],"up":[{"embeddable":true,"href":"https:\/\/agora.xtec.cat\/ieelisabets\/wp-json\/wp\/v2\/pages\/22"}],"wp:attachment":[{"href":"https:\/\/agora.xtec.cat\/ieelisabets\/wp-json\/wp\/v2\/media?parent=32"}],"curies":[{"name":"wp","href":"https:\/\/api.w.org\/{rel}","templated":true}]}}