{"id":27,"date":"2014-09-17T16:24:03","date_gmt":"2014-09-17T16:24:03","guid":{"rendered":"http:\/\/agora.xtec.cat\/iedelprat\/?page_id=27"},"modified":"2016-04-06T09:25:00","modified_gmt":"2016-04-06T08:25:00","slug":"historia","status":"publish","type":"page","link":"https:\/\/agora.xtec.cat\/iedelprat\/linstitut\/historia\/","title":{"rendered":"Hist\u00f2ria"},"content":{"rendered":"<p class=\"Estilo2\" align=\"justify\">L\u2019Institut Escola del Prat \u00e9s un centre de nova creaci\u00f3 sorgit de la fusi\u00f3 de l\u2019Escola Sant Cosme i Sant Dami\u00e0 i de l\u2019Institut Doctor Trueta.<\/p>\n<p class=\"Estilo2\" align=\"justify\">L\u2019Institut Escola es troba al barri de Sant Cosme, a l\u2019extrem m\u00e9s proper a l\u2019aeroport. La pr\u00e0ctica totalitat dels alumnes, uns dos-cents, viuen als voltants, la majoria a escassos metres de l\u2019edifici escolar. Les fam\u00edlies que duen els seus fills i les seves filles al centre estan fortament identificades amb el centre. Es tracta d\u2019una relaci\u00f3 sustentada en un gran coneixement de les fam\u00edlies i dels alumnes per part del professorat i en una gran confian\u00e7a, encara que puntualment fr\u00e0gil en moments concrets, de les fam\u00edlies en relaci\u00f3 al professorat.<\/p>\n<p class=\"Estilo2\" align=\"justify\">Disposem, des del curs 2005 &#8211; 2006, d\u2019un Pla d\u2019Autonomia de Centre en coordinaci\u00f3 amb el Pla Educatiu d\u2019Entorn de Sant Cosme. Les actuacions i projectes que es deriven d\u2019aquests Plans estan directament adre\u00e7ades a l\u2019\u00e8xit escolar dels nostres alumnes i a la millora de la cohesi\u00f3 social.<\/p>\n<p class=\"Estilo2\" align=\"justify\">Hem aconseguit cohesionar un grup de professors i de professores compromesos amb la millora de les expectatives acad\u00e8miques i socials de l\u2019alumnat i amb el progr\u00e9s general del barri.<\/p>\n<p class=\"Estilo2\" align=\"justify\">Comptem amb el suport d\u2019un grup extens d\u2019agents externs que ens d\u00f3na suport per tal d\u2019assumir amb m\u00e9s garanties d\u2019\u00e8xit els reptes que ens marquem en el dia a dia a l\u2019aula i els reptes a m\u00e9s llarg termini que visualitzem des de la perspectiva de tota l\u2019escolaritat obligat\u00f2ria.<\/p>\n<p class=\"Estilo2\" align=\"justify\">El fet d\u2019assegurar la matr\u00edcula d\u2019un considerable nombre d\u2019alumnes a P3 garanteix la continu\u00eftat del centre i referma la confian\u00e7a de les fam\u00edlies en el projecte d\u2019Institut Escola. Els resultats obtinguts al final de l\u2019Educaci\u00f3 Prim\u00e0ria ofereixen garanties de continu\u00eftat dels alumnes a secund\u00e0ria i la qualificaci\u00f3 i predisposici\u00f3 de l\u2019alumnat de 4t de l\u2019ESO possibilita situar un nombre acceptable de nois i de noies en bona situaci\u00f3 per afrontar l\u2019escolaritzaci\u00f3 postoligat\u00f2ria als Cicles Formatius de Grau Mitj\u00e0.<\/p>\n<p class=\"Estilo2\" align=\"justify\">Els reptes per a un futur proper passen obligat\u00f2riament per tots aquells que es trobin relacionats amb la millora real de les expectatives del nostre alumnat i de les seves fam\u00edlies, tant en els vessants escolars com socials, i en aquells que posicionin els alumnes m\u00e9s grans en un entorn prelaboral amb la millor de les situacions possibles d\u2019accessibilitat.<\/p>\n","protected":false},"excerpt":{"rendered":"<p>L\u2019Institut Escola del Prat \u00e9s un centre de nova creaci\u00f3 sorgit de la fusi\u00f3 de l\u2019Escola Sant Cosme i Sant Dami\u00e0 i de l\u2019Institut Doctor Trueta.<br \/>\nL\u2019Institut Escola es troba al barri de Sant Cosme, a l\u2019extrem m\u00e9s proper a l\u2019aeroport. La pr\u00e0ctica totalitat dels alumnes,&hellip;  <a href=\"https:\/\/agora.xtec.cat\/iedelprat\/linstitut\/historia\/\" title=\"Read Hist\u00f2ria\">Llegeix m\u00e9s\u00bb<\/a><\/p>\n","protected":false},"author":1,"featured_media":0,"parent":19,"menu_order":2,"comment_status":"closed","ping_status":"closed","template":"page-templates\/side-menu.php","meta":{"_bbp_topic_count":0,"_bbp_reply_count":0,"_bbp_total_topic_count":0,"_bbp_total_reply_count":0,"_bbp_voice_count":0,"_bbp_anonymous_reply_count":0,"_bbp_topic_count_hidden":0,"_bbp_reply_count_hidden":0,"_bbp_forum_subforum_count":0,"footnotes":""},"class_list":["post-27","page","type-page","status-publish","hentry"],"post_mailing_queue_ids":[],"_links":{"self":[{"href":"https:\/\/agora.xtec.cat\/iedelprat\/wp-json\/wp\/v2\/pages\/27","targetHints":{"allow":["GET"]}}],"collection":[{"href":"https:\/\/agora.xtec.cat\/iedelprat\/wp-json\/wp\/v2\/pages"}],"about":[{"href":"https:\/\/agora.xtec.cat\/iedelprat\/wp-json\/wp\/v2\/types\/page"}],"author":[{"embeddable":true,"href":"https:\/\/agora.xtec.cat\/iedelprat\/wp-json\/wp\/v2\/users\/1"}],"replies":[{"embeddable":true,"href":"https:\/\/agora.xtec.cat\/iedelprat\/wp-json\/wp\/v2\/comments?post=27"}],"version-history":[{"count":3,"href":"https:\/\/agora.xtec.cat\/iedelprat\/wp-json\/wp\/v2\/pages\/27\/revisions"}],"predecessor-version":[{"id":320,"href":"https:\/\/agora.xtec.cat\/iedelprat\/wp-json\/wp\/v2\/pages\/27\/revisions\/320"}],"up":[{"embeddable":true,"href":"https:\/\/agora.xtec.cat\/iedelprat\/wp-json\/wp\/v2\/pages\/19"}],"wp:attachment":[{"href":"https:\/\/agora.xtec.cat\/iedelprat\/wp-json\/wp\/v2\/media?parent=27"}],"curies":[{"name":"wp","href":"https:\/\/api.w.org\/{rel}","templated":true}]}}

Història

<p class="Estilo2" align="justify">L’Institut Escola del Prat és un centre de nova creació sorgit de la fusió de l’Escola Sant Cosme i Sant Damià i de l’Institut Doctor Trueta.</p>
<p class="Estilo2" align="justify">L’Institut Escola es troba al barri de Sant Cosme, a l’extrem més proper a l’aeroport. La pràctica totalitat dels alumnes, uns dos-cents, viuen als voltants, la majoria a escassos metres de l’edifici escolar. Les famílies que duen els seus fills i les seves filles al centre estan fortament identificades amb el centre. Es tracta d’una relació sustentada en un gran coneixement de les famílies i dels alumnes per part del professorat i en una gran confiança, encara que puntualment fràgil en moments concrets, de les famílies en relació al professorat.</p>
<p class="Estilo2" align="justify">Disposem, des del curs 2005 &#8211; 2006, d’un Pla d’Autonomia de Centre en coordinació amb el Pla Educatiu d’Entorn de Sant Cosme. Les actuacions i projectes que es deriven d’aquests Plans estan directament adreçades a l’èxit escolar dels nostres alumnes i a la millora de la cohesió social.</p>
<p class="Estilo2" align="justify">Hem aconseguit cohesionar un grup de professors i de professores compromesos amb la millora de les expectatives acadèmiques i socials de l’alumnat i amb el progrés general del barri.</p>
<p class="Estilo2" align="justify">Comptem amb el suport d’un grup extens d’agents externs que ens dóna suport per tal d’assumir amb més garanties d’èxit els reptes que ens marquem en el dia a dia a l’aula i els reptes a més llarg termini que visualitzem des de la perspectiva de tota l’escolaritat obligatòria.</p>
<p class="Estilo2" align="justify">El fet d’assegurar la matrícula d’un considerable nombre d’alumnes a P3 garanteix la continuïtat del centre i referma la confiança de les famílies en el projecte d’Institut Escola. Els resultats obtinguts al final de l’Educació Primària ofereixen garanties de continuïtat dels alumnes a secundària i la qualificació i predisposició de l’alumnat de 4t de l’ESO possibilita situar un nombre acceptable de nois i de noies en bona situació per afrontar l’escolarització postoligatòria als Cicles Formatius de Grau Mitjà.</p>
<p class="Estilo2" align="justify">Els reptes per a un futur proper passen obligatòriament per tots aquells que es trobin relacionats amb la millora real de les expectatives del nostre alumnat i de les seves famílies, tant en els vessants escolars com socials, i en aquells que posicionin els alumnes més grans en un entorn prelaboral amb la millor de les situacions possibles d’accessibilitat.</p>

<p>L’Institut Escola del Prat és un centre de nova creació sorgit de la fusió de l’Escola Sant Cosme i Sant Damià i de l’Institut Doctor Trueta.<br />
L’Institut Escola es troba al barri de Sant Cosme, a l’extrem més proper a l’aeroport. La pràctica totalitat dels alumnes,&hellip;  <a href="https://agora.xtec.cat/iedelprat/linstitut/historia/" title="Read Història">Llegeix més»</a></p>
