{"id":671,"date":"2024-10-02T21:41:57","date_gmt":"2024-10-02T19:41:57","guid":{"rendered":"https:\/\/agora.xtec.cat\/iedecaldes\/?page_id=671"},"modified":"2025-03-11T12:30:10","modified_gmt":"2025-03-11T11:30:10","slug":"associacio-families-alumnes","status":"publish","type":"page","link":"https:\/\/agora.xtec.cat\/iedecaldes\/associacio-families-alumnes\/","title":{"rendered":"Associaci\u00f3 Fam\u00edlies Alumnes"},"content":{"rendered":"\n<p><strong>Presidenta:<\/strong> Sonia Ort\u00edz Mart\u00ednez<\/p>\n\n\n\n<p><strong>Secret\u00e0ria:<\/strong> N\u00faria Mart\u00ednez Cortada<\/p>\n\n\n\n<p><strong>Tresorera:<\/strong> Isabel Ventura Tanti\u00f1a<\/p>\n\n\n\n<p><strong>Vocals:<\/strong> Miriam Vizoso Mendez i Txell Zanuy Roca<\/p>\n\n\n\n<p><strong>Correu electr\u00f2nic:<\/strong> afa@iedecaldes.cat<\/p>\n\n\n\n<p>La quota de l&#8217;AFA \u00e9s de <strong>25\u20ac <\/strong>i \u00e9s \u00fanica per fam\u00edlia. En fam\u00edlies amb m\u00e9s d\u2019un fill al centre, es cobrar\u00e0 al germ\u00e0 petit. El pagament d\u2019aquesta quota va lligada a la socialitzaci\u00f3 de llibres de text i de lectura que realitza l\u2019AFA de l\u2019Institut escola de Caldes de Montbui.<\/p>\n","protected":false},"excerpt":{"rendered":"<p>Presidenta: Sonia Ort\u00edz Mart\u00ednez<\/p>\n<p>Secret\u00e0ria: N\u00faria Mart\u00ednez Cortada<\/p>\n<p>Tresorera: Isabel Ventura Tanti\u00f1a<\/p>\n<p>Vocals: Miriam Vizoso Mendez i Txell Zanuy Roca<\/p>\n<p>Correu electr\u00f2nic: afa@iedecaldes.cat<\/p>\n<p>La quota de l&#8217;AFA \u00e9s de 25\u20ac i \u00e9s \u00fanica per fam\u00edlia. En fam\u00edlies amb m\u00e9s d\u2019un fill al centre, es cobrar\u00e0 al germ\u00e0 petit. El pagament&hellip;  <a href=\"https:\/\/agora.xtec.cat\/iedecaldes\/associacio-families-alumnes\/\" title=\"Read Associaci\u00f3 Fam\u00edlies Alumnes\">Llegeix m\u00e9s\u00bb<\/a><\/p>\n","protected":false},"author":1,"featured_media":0,"parent":0,"menu_order":0,"comment_status":"closed","ping_status":"close","template":"","meta":{"footnotes":""},"class_list":["post-671","page","type-page","status-publish","hentry"],"post_mailing_queue_ids":[],"_links":{"self":[{"href":"https:\/\/agora.xtec.cat\/iedecaldes\/wp-json\/wp\/v2\/pages\/671","targetHints":{"allow":["GET"]}}],"collection":[{"href":"https:\/\/agora.xtec.cat\/iedecaldes\/wp-json\/wp\/v2\/pages"}],"about":[{"href":"https:\/\/agora.xtec.cat\/iedecaldes\/wp-json\/wp\/v2\/types\/page"}],"author":[{"embeddable":true,"href":"https:\/\/agora.xtec.cat\/iedecaldes\/wp-json\/wp\/v2\/users\/1"}],"replies":[{"embeddable":true,"href":"https:\/\/agora.xtec.cat\/iedecaldes\/wp-json\/wp\/v2\/comments?post=671"}],"version-history":[{"count":3,"href":"https:\/\/agora.xtec.cat\/iedecaldes\/wp-json\/wp\/v2\/pages\/671\/revisions"}],"predecessor-version":[{"id":855,"href":"https:\/\/agora.xtec.cat\/iedecaldes\/wp-json\/wp\/v2\/pages\/671\/revisions\/855"}],"wp:attachment":[{"href":"https:\/\/agora.xtec.cat\/iedecaldes\/wp-json\/wp\/v2\/media?parent=671"}],"curies":[{"name":"wp","href":"https:\/\/api.w.org\/{rel}","templated":true}]}}