{"id":21936,"date":"2025-12-03T11:41:34","date_gmt":"2025-12-03T10:41:34","guid":{"rendered":"https:\/\/agora.xtec.cat\/iecomaruga\/?page_id=21936"},"modified":"2026-02-20T15:44:46","modified_gmt":"2026-02-20T14:44:46","slug":"radio-kids","status":"publish","type":"page","link":"https:\/\/agora.xtec.cat\/iecomaruga\/radio-kids\/","title":{"rendered":"R\u00c0DIO KIDS"},"content":{"rendered":"\n<p class=\"has-black-color has-light-green-cyan-background-color has-text-color has-background has-link-color wp-elements-6cb496f98db2068f7374120a99d88d0b\">En aquesta p\u00e0gina trobareu els programes que gravem al taller de r\u00e0dio de 6\u00e8!<\/p>\n\n\n\n<figure class=\"wp-block-table\"><table class=\"has-fixed-layout\"><tbody><tr><td class=\"has-text-align-center\" data-align=\"center\"><strong>6\u00e8 A<\/strong><\/td><td class=\"has-text-align-center\" data-align=\"center\"><strong>6\u00e8 B<\/strong><\/td><td class=\"has-text-align-center\" data-align=\"center\"><strong>6\u00e8 C<\/strong><\/td><\/tr><tr><td class=\"has-text-align-center\" data-align=\"center\"><a href=\"https:\/\/drive.google.com\/file\/d\/18krkoPkwf52WYXKdKo0M82GnEFKYqxM9\/view?usp=drive_link\" data-type=\"link\" data-id=\"https:\/\/drive.google.com\/file\/d\/1eIeIOm8Ca3R1-u79rKUqubMGSA5ENTw1\/view?usp=sharing\" target=\"_blank\" rel=\"noreferrer noopener\">Programa 1 6\u00e8 A 25-26<\/a><br><a href=\"https:\/\/drive.google.com\/file\/d\/15iA9KbSJQmm4hlnchO2iMfCQajIzCRCl\/view?usp=drive_link\">Programa 2 6\u00e8 A 25-26<\/a><\/td><td class=\"has-text-align-center\" data-align=\"center\"><a href=\"https:\/\/drive.google.com\/file\/d\/17sv6PTJ8ohfAOTd6cNguAuxjlYvAb0F8\/view?usp=sharing\" data-type=\"link\" data-id=\"https:\/\/drive.google.com\/file\/d\/1eIeIOm8Ca3R1-u79rKUqubMGSA5ENTw1\/view?usp=sharing\" target=\"_blank\" rel=\"noreferrer noopener\">Programa 1 6\u00e8 B 25-26<\/a><br><a href=\"https:\/\/drive.google.com\/file\/d\/1nVPm58XuEBW3tE8AW0Q-fCQ7Lzcd_tCr\/view?usp=sharing\">Programa 2 6\u00e8 B 25-26<\/a><\/td><td class=\"has-text-align-center\" data-align=\"center\"><a href=\"https:\/\/drive.google.com\/file\/d\/1eIeIOm8Ca3R1-u79rKUqubMGSA5ENTw1\/view?usp=sharing\" data-type=\"link\" data-id=\"https:\/\/drive.google.com\/file\/d\/1eIeIOm8Ca3R1-u79rKUqubMGSA5ENTw1\/view?usp=sharing\" target=\"_blank\" rel=\"noreferrer noopener\">Programa 1 6\u00e8 C 25-26<\/a><br><a href=\"https:\/\/drive.google.com\/file\/d\/1XCoLscY7fFaiO9a6YFtH1koUa8GIdLoo\/view?usp=sharing\">Programa 2 6\u00e8 C 25-26<\/a><\/td><\/tr><\/tbody><\/table><\/figure>\n\n\n\n\n\n<p><\/p>\n","protected":false},"excerpt":{"rendered":"<p>En aquesta p\u00e0gina trobareu els programes que gravem al taller de r\u00e0dio de 6\u00e8! 6\u00e8 A 6\u00e8 B 6\u00e8 C Programa 1 6\u00e8 A 25-26Programa 2 6\u00e8 A 25-26 Programa 1 6\u00e8 B 25-26Programa 2 6\u00e8 B 25-26 Programa 1 6\u00e8 C 25-26Programa 2 6\u00e8 C 25-26<\/p>\n","protected":false},"author":3,"featured_media":0,"parent":0,"menu_order":0,"comment_status":"closed","ping_status":"close","template":"","meta":{"_bbp_topic_count":0,"_bbp_reply_count":0,"_bbp_total_topic_count":0,"_bbp_total_reply_count":0,"_bbp_voice_count":0,"_bbp_anonymous_reply_count":0,"_bbp_topic_count_hidden":0,"_bbp_reply_count_hidden":0,"_bbp_forum_subforum_count":0,"site-sidebar-layout":"default","site-content-layout":"","ast-site-content-layout":"","site-content-style":"default","site-sidebar-style":"default","ast-global-header-display":"","ast-banner-title-visibility":"","ast-main-header-display":"","ast-hfb-above-header-display":"","ast-hfb-below-header-display":"","ast-hfb-mobile-header-display":"","site-post-title":"","ast-breadcrumbs-content":"","ast-featured-img":"","footer-sml-layout":"","theme-transparent-header-meta":"","adv-header-id-meta":"","stick-header-meta":"","header-above-stick-meta":"","header-main-stick-meta":"","header-below-stick-meta":"","astra-migrate-meta-layouts":"default","ast-page-background-enabled":"default","ast-page-background-meta":{"desktop":{"background-color":"var(--ast-global-color-4)","background-image":"","background-repeat":"repeat","background-position":"center center","background-size":"auto","background-attachment":"scroll","background-type":"","background-media":"","overlay-type":"","overlay-color":"","overlay-opacity":"","overlay-gradient":""},"tablet":{"background-color":"","background-image":"","background-repeat":"repeat","background-position":"center center","background-size":"auto","background-attachment":"scroll","background-type":"","background-media":"","overlay-type":"","overlay-color":"","overlay-opacity":"","overlay-gradient":""},"mobile":{"background-color":"","background-image":"","background-repeat":"repeat","background-position":"center center","background-size":"auto","background-attachment":"scroll","background-type":"","background-media":"","overlay-type":"","overlay-color":"","overlay-opacity":"","overlay-gradient":""}},"ast-content-background-meta":{"desktop":{"background-color":"var(--ast-global-color-5)","background-image":"","background-repeat":"repeat","background-position":"center center","background-size":"auto","background-attachment":"scroll","background-type":"","background-media":"","overlay-type":"","overlay-color":"","overlay-opacity":"","overlay-gradient":""},"tablet":{"background-color":"var(--ast-global-color-5)","background-image":"","background-repeat":"repeat","background-position":"center center","background-size":"auto","background-attachment":"scroll","background-type":"","background-media":"","overlay-type":"","overlay-color":"","overlay-opacity":"","overlay-gradient":""},"mobile":{"background-color":"var(--ast-global-color-5)","background-image":"","background-repeat":"repeat","background-position":"center center","background-size":"auto","background-attachment":"scroll","background-type":"","background-media":"","overlay-type":"","overlay-color":"","overlay-opacity":"","overlay-gradient":""}},"footnotes":""},"class_list":["post-21936","page","type-page","status-publish","hentry"],"post_mailing_queue_ids":[],"_links":{"self":[{"href":"https:\/\/agora.xtec.cat\/iecomaruga\/wp-json\/wp\/v2\/pages\/21936","targetHints":{"allow":["GET"]}}],"collection":[{"href":"https:\/\/agora.xtec.cat\/iecomaruga\/wp-json\/wp\/v2\/pages"}],"about":[{"href":"https:\/\/agora.xtec.cat\/iecomaruga\/wp-json\/wp\/v2\/types\/page"}],"author":[{"embeddable":true,"href":"https:\/\/agora.xtec.cat\/iecomaruga\/wp-json\/wp\/v2\/users\/3"}],"replies":[{"embeddable":true,"href":"https:\/\/agora.xtec.cat\/iecomaruga\/wp-json\/wp\/v2\/comments?post=21936"}],"version-history":[{"count":6,"href":"https:\/\/agora.xtec.cat\/iecomaruga\/wp-json\/wp\/v2\/pages\/21936\/revisions"}],"predecessor-version":[{"id":22147,"href":"https:\/\/agora.xtec.cat\/iecomaruga\/wp-json\/wp\/v2\/pages\/21936\/revisions\/22147"}],"wp:attachment":[{"href":"https:\/\/agora.xtec.cat\/iecomaruga\/wp-json\/wp\/v2\/media?parent=21936"}],"curies":[{"name":"wp","href":"https:\/\/api.w.org\/{rel}","templated":true}]}}