{"id":8454,"date":"2019-09-26T10:45:44","date_gmt":"2019-09-26T08:45:44","guid":{"rendered":"http:\/\/agora.xtec.cat\/iecastell\/?page_id=8454"},"modified":"2019-09-26T10:46:09","modified_gmt":"2019-09-26T08:46:09","slug":"els-grups-de-whatsapp-a-linstitut-escola","status":"publish","type":"page","link":"https:\/\/agora.xtec.cat\/iecastell\/els-grups-de-whatsapp-a-linstitut-escola\/","title":{"rendered":"Els grups de Whatsapp a l&#8217;Institut Escola"},"content":{"rendered":"<p><a href=\"https:\/\/agora.xtec.cat\/iecastell\/wp-content\/uploads\/usu288\/2019\/09\/imatge-darxiu-aplicacions-mobil-5d4957698469e.jpg\"><img loading=\"lazy\" decoding=\"async\" class=\"alignnone  wp-image-8452\" src=\"https:\/\/agora.xtec.cat\/iecastell\/wp-content\/uploads\/usu288\/2019\/09\/imatge-darxiu-aplicacions-mobil-5d4957698469e-1024x576.jpg\" alt=\"\" width=\"418\" height=\"235\" srcset=\"https:\/\/agora.xtec.cat\/iecastell\/wp-content\/uploads\/usu288\/2019\/09\/imatge-darxiu-aplicacions-mobil-5d4957698469e-1024x576.jpg 1024w, https:\/\/agora.xtec.cat\/iecastell\/wp-content\/uploads\/usu288\/2019\/09\/imatge-darxiu-aplicacions-mobil-5d4957698469e-300x169.jpg 300w, https:\/\/agora.xtec.cat\/iecastell\/wp-content\/uploads\/usu288\/2019\/09\/imatge-darxiu-aplicacions-mobil-5d4957698469e-768x432.jpg 768w, https:\/\/agora.xtec.cat\/iecastell\/wp-content\/uploads\/usu288\/2019\/09\/imatge-darxiu-aplicacions-mobil-5d4957698469e.jpg 1199w\" sizes=\"auto, (max-width: 418px) 100vw, 418px\" \/><\/a><\/p>\n<p style=\"font-weight: 400;\">Benvolgudes fam\u00edlies,<\/p>\n<p style=\"font-weight: 400;\">Ens agradaria compartir amb vosaltres una informaci\u00f3 que ens pot\u00a0<strong>ajudar a reflexionar i prendre decisions sobre l\u2019\u00fas\u00a0del\u00a0whatsapp\u00a0a l\u2019Institut Escola.<\/strong><\/p>\n<p style=\"font-weight: 400;\">L\u2019\u00fas de diferents mitjans de comunicaci\u00f3 s\u2019ha convertit en habitual per les avantatges en la comunicaci\u00f3, especialment per la rapidesa, per\u00f2 tenim presents els seus riscos quan en fem \u00fas?<\/p>\n<p style=\"font-weight: 400;\">La immediatesa provoca que no es reflexioni o pensi abans d\u2019escriure i sovint diem coses que no ho far\u00edem cara a cara, i, a m\u00e9s a m\u00e9s, no es pot acompanyar el missatge amb el to de veu, el gest o la mirada i, per tant, hi ha el risc d\u2019una interpretaci\u00f3 incorrecta\u00a0del\u00a0que un diu o voldria haver dit.<\/p>\n<p style=\"font-weight: 400;\"><strong>Quina soluci\u00f3 t\u00e9 tot aix\u00f2 en el context escolar?<\/strong><\/p>\n<p style=\"font-weight: 400;\">El millor \u00e9s prevenir i, a m\u00e9s a m\u00e9s\u00a0del\u00a0sentit com\u00fa i la cortesia, s\u2019haurien de tenir en compte aquestes normes d\u2019\u00fas:<\/p>\n<ol>\n<li style=\"font-weight: 400;\"><strong> RESPECTE.<\/strong>No fer comentaris ofensius de cap mena. No podem oblidar que quan es fa un comentari ja no hi ha marxa enrere. \u00c9s recomanable fugir de les discussions personals i no donar respostes en calent: s\u2019ha de donar exemple als fills que f\u00e0cilment sabran el que dieu per comentaris dels mateixos companys. Cal pensar en la imatge persona i de fam\u00edlia que es transmet.<\/li>\n<li style=\"font-weight: 400;\"><strong> NO CRITIQUEU NI DIFUNDIU RUMORS.<\/strong>Sovint un petit problema que es comenta a la xarxa es va fent gran i costa molt m\u00e9s de resoldre. Quan tingueu dubtes \u00e9s millor preguntar a qui tingui la informaci\u00f3 que, normalment, \u00e9s el Centre. Difondre rumors acaba perjudicant als mateixos alumnes.<\/li>\n<li style=\"font-weight: 400;\"><strong> ELS PROBLEMES IMPORTANTS SEMPRE EN PERSONA.<\/strong>Si tens algun problema amb algun mestre o mestra o amb un altre alumne \u00e9s preferible parlar-ho en persona. Penseu que hem de treballar en equip per aconseguir un bon desenvolupament dels nostres fills.<\/li>\n<li style=\"font-weight: 400;\"><strong> NOUSCONVERTIU EN L\u2019AGENDA DELS VOSTRES FILLS<\/strong>. Molts pares s\u2019han convertit en secretaris dels seus fills i quan obliden els deures o l\u2019agenda demanen ajut pel\u00a0whatsapp\u00a0a altres fam\u00edlies, corregeixen els deures, envien fotos\u00a0del\u00a0que han de fer,.. Aquesta actitud fa que els alumnes no assumeixin les seves responsabilitats ni desenvolupin adequadament la seva autonomia. Es preferible que aprenguin a solucionar-se ells el problema.<\/li>\n<li style=\"font-weight: 400;\"><strong> ENVIEU EXCLUSIVAMENT ELS MISSATGES NECESSARIS.<\/strong>No enviar missatges prenent decisions que corresponen a l\u2019escola, fotos personals, o acudits que puguin ofendre als altres i especialment cal tenir en compte que no es poden penjar dades personals (noms d\u2019alumnes, adreces, tel\u00e8fons,..) sense tenir consentiment (\u00e9s il\u2022legal i denunciable).<\/li>\n<\/ol>\n<p style=\"font-weight: 400;\"><strong>Per tant, fem un bon \u00fas d\u2019aquestes eines i convertim-les en una oportunitat per promoure un apropament entre fam\u00edlia i escola i les mateixes fam\u00edlies, pel b\u00e9 dels vostres fills i tots els alumnes.<\/strong><\/p>\n<p style=\"font-weight: 400;\"><strong><u>El Consell Escolar<\/u><\/strong>\u00a0de l\u2019Institut Escola comparteix aquesta publicaci\u00f3 pel benestar de tots els membres de la comunitat educativa.<\/p>\n<p style=\"font-weight: 400;\">\n","protected":false},"excerpt":{"rendered":"<p>Benvolgudes fam\u00edlies, Ens agradaria compartir amb vosaltres una informaci\u00f3 que ens pot\u00a0ajudar a reflexionar i prendre decisions sobre l\u2019\u00fas\u00a0del\u00a0whatsapp\u00a0a l\u2019Institut Escola. L\u2019\u00fas de diferents mitjans de comunicaci\u00f3 s\u2019ha convertit en habitual per les avantatges en la comunicaci\u00f3, especialment per la rapidesa, per\u00f2 tenim presents els seus riscos quan en fem \u00fas? La immediatesa provoca que [&hellip;]<\/p>\n","protected":false},"author":3,"featured_media":0,"parent":0,"menu_order":0,"comment_status":"closed","ping_status":"closed","template":"","meta":{"_bbp_topic_count":0,"_bbp_reply_count":0,"_bbp_total_topic_count":0,"_bbp_total_reply_count":0,"_bbp_voice_count":0,"_bbp_anonymous_reply_count":0,"_bbp_topic_count_hidden":0,"_bbp_reply_count_hidden":0,"_bbp_forum_subforum_count":0,"site-sidebar-layout":"default","site-content-layout":"","ast-site-content-layout":"","site-content-style":"default","site-sidebar-style":"default","ast-global-header-display":"","ast-banner-title-visibility":"","ast-main-header-display":"","ast-hfb-above-header-display":"","ast-hfb-below-header-display":"","ast-hfb-mobile-header-display":"","site-post-title":"","ast-breadcrumbs-content":"","ast-featured-img":"","footer-sml-layout":"","theme-transparent-header-meta":"","adv-header-id-meta":"","stick-header-meta":"","header-above-stick-meta":"","header-main-stick-meta":"","header-below-stick-meta":"","astra-migrate-meta-layouts":"default","ast-page-background-enabled":"default","ast-page-background-meta":{"desktop":{"background-color":"var(--ast-global-color-4)","background-image":"","background-repeat":"repeat","background-position":"center center","background-size":"auto","background-attachment":"scroll","background-type":"","background-media":"","overlay-type":"","overlay-color":"","overlay-opacity":"","overlay-gradient":""},"tablet":{"background-color":"","background-image":"","background-repeat":"repeat","background-position":"center center","background-size":"auto","background-attachment":"scroll","background-type":"","background-media":"","overlay-type":"","overlay-color":"","overlay-opacity":"","overlay-gradient":""},"mobile":{"background-color":"","background-image":"","background-repeat":"repeat","background-position":"center center","background-size":"auto","background-attachment":"scroll","background-type":"","background-media":"","overlay-type":"","overlay-color":"","overlay-opacity":"","overlay-gradient":""}},"ast-content-background-meta":{"desktop":{"background-color":"var(--ast-global-color-5)","background-image":"","background-repeat":"repeat","background-position":"center center","background-size":"auto","background-attachment":"scroll","background-type":"","background-media":"","overlay-type":"","overlay-color":"","overlay-opacity":"","overlay-gradient":""},"tablet":{"background-color":"var(--ast-global-color-5)","background-image":"","background-repeat":"repeat","background-position":"center center","background-size":"auto","background-attachment":"scroll","background-type":"","background-media":"","overlay-type":"","overlay-color":"","overlay-opacity":"","overlay-gradient":""},"mobile":{"background-color":"var(--ast-global-color-5)","background-image":"","background-repeat":"repeat","background-position":"center center","background-size":"auto","background-attachment":"scroll","background-type":"","background-media":"","overlay-type":"","overlay-color":"","overlay-opacity":"","overlay-gradient":""}},"footnotes":""},"class_list":["post-8454","page","type-page","status-publish","hentry"],"post_mailing_queue_ids":[],"_links":{"self":[{"href":"https:\/\/agora.xtec.cat\/iecastell\/wp-json\/wp\/v2\/pages\/8454","targetHints":{"allow":["GET"]}}],"collection":[{"href":"https:\/\/agora.xtec.cat\/iecastell\/wp-json\/wp\/v2\/pages"}],"about":[{"href":"https:\/\/agora.xtec.cat\/iecastell\/wp-json\/wp\/v2\/types\/page"}],"author":[{"embeddable":true,"href":"https:\/\/agora.xtec.cat\/iecastell\/wp-json\/wp\/v2\/users\/3"}],"replies":[{"embeddable":true,"href":"https:\/\/agora.xtec.cat\/iecastell\/wp-json\/wp\/v2\/comments?post=8454"}],"version-history":[{"count":2,"href":"https:\/\/agora.xtec.cat\/iecastell\/wp-json\/wp\/v2\/pages\/8454\/revisions"}],"predecessor-version":[{"id":8456,"href":"https:\/\/agora.xtec.cat\/iecastell\/wp-json\/wp\/v2\/pages\/8454\/revisions\/8456"}],"wp:attachment":[{"href":"https:\/\/agora.xtec.cat\/iecastell\/wp-json\/wp\/v2\/media?parent=8454"}],"curies":[{"name":"wp","href":"https:\/\/api.w.org\/{rel}","templated":true}]}}