{"id":14202,"date":"2022-06-01T19:41:06","date_gmt":"2022-06-01T17:41:06","guid":{"rendered":"https:\/\/agora.xtec.cat\/iecastell\/?page_id=14202"},"modified":"2023-06-21T10:28:19","modified_gmt":"2023-06-21T08:28:19","slug":"esd-estrategia-digital-de-centre","status":"publish","type":"page","link":"https:\/\/agora.xtec.cat\/iecastell\/esd-estrategia-digital-de-centre\/","title":{"rendered":"EDC &#8211; Estrat\u00e8gia Digital de Centre"},"content":{"rendered":"<p><strong>EDC- ESTRAT\u00c8GIA DIGITAL DE CENTRE<\/strong><\/p>\n<p><strong><a href=\"https:\/\/agora.xtec.cat\/iecastell\/wp-content\/uploads\/usu288\/2022\/06\/edc.png\"><img loading=\"lazy\" decoding=\"async\" class=\"wp-image-14204 alignright\" src=\"https:\/\/agora.xtec.cat\/iecastell\/wp-content\/uploads\/usu288\/2022\/06\/edc.png\" alt=\"\" width=\"342\" height=\"251\" srcset=\"https:\/\/agora.xtec.cat\/iecastell\/wp-content\/uploads\/usu288\/2022\/06\/edc.png 366w, https:\/\/agora.xtec.cat\/iecastell\/wp-content\/uploads\/usu288\/2022\/06\/edc-300x220.png 300w\" sizes=\"auto, (max-width: 342px) 100vw, 342px\" \/><\/a><\/strong>L\u2019<strong>estrat\u00e8gia digital de centre<\/strong>\u00a0(EDC) defineix i concreta les l\u00ednies d\u2019actuaci\u00f3 d\u2019un centre que fan possible que docents, alumnat i centre assoleixin la\u00a0<strong>compet\u00e8ncia digital<\/strong>. Per aconseguir aquesta compet\u00e8ncia digital, l\u2019EDC compr\u00e8n tots els \u00e0mbits del centre, els quals s\u2019han de veure necess\u00e0riament implicats i, si escau, transformats, des d\u2019una perspectiva d\u2019in<strong>novaci\u00f3 i de millora cont\u00ednua:<\/strong><\/p>\n<ul>\n<li style=\"list-style-type: none;\">\n<ul style=\"list-style-type: circle; text-align: center;\">\n<li style=\"text-align: left;\">organitzatiu<\/li>\n<li style=\"text-align: left;\">metodol\u00f2gic<\/li>\n<li style=\"text-align: left;\">curricular<\/li>\n<li style=\"text-align: left;\">comunicatiu<\/li>\n<\/ul>\n<\/li>\n<\/ul>\n<div class=\"entry-content\">\n<p>Els objectius de l\u2019EDC es poden agrupar en cinc \u00e0mbits, que tenen com a fita el m\u00e0xim assoliment de la compet\u00e8ncia digital de l\u2019alumnat, del professorat i del centre:<\/p>\n<ol>\n<li>Assoliment de la compet\u00e8ncia digital<\/li>\n<li>Planificaci\u00f3 estrat\u00e8gica i organitzaci\u00f3<\/li>\n<li>Metodologies did\u00e0ctiques i innovaci\u00f3<\/li>\n<li>Inclusi\u00f3 digital i de g\u00e8nere<\/li>\n<li>Seguretat i protecci\u00f3 de dades<\/li>\n<\/ol>\n<p>La\u00a0<strong>comissi\u00f3 digital<\/strong>, actualment, estem realitzant l\u2019estudi de com estem digitalment en el nostre centre educatiu, ja s\u2019ha fet la diagnosi, realitzada pels alumnes, docents i equip directiu. Actualment, estem treballant en la<strong>\u00a0definici\u00f3 de punts febles i punts forts per tal d\u2019establir els objectius per aplicar el proper curs 2022-23 com a estrat\u00e8gia digital de centre en la fase inicial.<\/strong><\/p>\n<p><a href=\"https:\/\/docs.google.com\/document\/d\/1FHT2nuZbCQd_c5eAHhqO-pA-5ONg2lKPNEq5rz_KWbQ\/edit?usp=sharing\">ESTRAT\u00c8GIA DIGITAL DE L\u2019IE CASTELLTER\u00c7OL<\/a><\/p>\n<p><a href=\"https:\/\/docs.google.com\/document\/d\/15Mq8Z9Q2Vv4PJ7NglSgubUtJcvuPTQ84wEROLRicUdc\/view\">CULTURA DIGITAL DEL CENTRE<\/a><\/p>\n<p>Salutacions,<\/p>\n<p>La\u00a0<strong>Comissi\u00f3 digital IE Casttellter\u00e7ol<\/strong><\/p>\n<\/div>\n","protected":false},"excerpt":{"rendered":"<p>EDC- ESTRAT\u00c8GIA DIGITAL DE CENTRE L\u2019estrat\u00e8gia digital de centre\u00a0(EDC) defineix i concreta les l\u00ednies d\u2019actuaci\u00f3 d\u2019un centre que fan possible que docents, alumnat i centre assoleixin la\u00a0compet\u00e8ncia digital. Per aconseguir aquesta compet\u00e8ncia digital, l\u2019EDC compr\u00e8n tots els \u00e0mbits del centre, els quals s\u2019han de veure necess\u00e0riament implicats i, si escau, transformats, des d\u2019una perspectiva d\u2019innovaci\u00f3 [&hellip;]<\/p>\n","protected":false},"author":41,"featured_media":0,"parent":0,"menu_order":0,"comment_status":"closed","ping_status":"closed","template":"","meta":{"_bbp_topic_count":0,"_bbp_reply_count":0,"_bbp_total_topic_count":0,"_bbp_total_reply_count":0,"_bbp_voice_count":0,"_bbp_anonymous_reply_count":0,"_bbp_topic_count_hidden":0,"_bbp_reply_count_hidden":0,"_bbp_forum_subforum_count":0,"site-sidebar-layout":"default","site-content-layout":"","ast-site-content-layout":"","site-content-style":"default","site-sidebar-style":"default","ast-global-header-display":"","ast-banner-title-visibility":"","ast-main-header-display":"","ast-hfb-above-header-display":"","ast-hfb-below-header-display":"","ast-hfb-mobile-header-display":"","site-post-title":"","ast-breadcrumbs-content":"","ast-featured-img":"","footer-sml-layout":"","theme-transparent-header-meta":"","adv-header-id-meta":"","stick-header-meta":"","header-above-stick-meta":"","header-main-stick-meta":"","header-below-stick-meta":"","astra-migrate-meta-layouts":"default","ast-page-background-enabled":"default","ast-page-background-meta":{"desktop":{"background-color":"var(--ast-global-color-4)","background-image":"","background-repeat":"repeat","background-position":"center center","background-size":"auto","background-attachment":"scroll","background-type":"","background-media":"","overlay-type":"","overlay-color":"","overlay-opacity":"","overlay-gradient":""},"tablet":{"background-color":"","background-image":"","background-repeat":"repeat","background-position":"center center","background-size":"auto","background-attachment":"scroll","background-type":"","background-media":"","overlay-type":"","overlay-color":"","overlay-opacity":"","overlay-gradient":""},"mobile":{"background-color":"","background-image":"","background-repeat":"repeat","background-position":"center center","background-size":"auto","background-attachment":"scroll","background-type":"","background-media":"","overlay-type":"","overlay-color":"","overlay-opacity":"","overlay-gradient":""}},"ast-content-background-meta":{"desktop":{"background-color":"var(--ast-global-color-5)","background-image":"","background-repeat":"repeat","background-position":"center center","background-size":"auto","background-attachment":"scroll","background-type":"","background-media":"","overlay-type":"","overlay-color":"","overlay-opacity":"","overlay-gradient":""},"tablet":{"background-color":"var(--ast-global-color-5)","background-image":"","background-repeat":"repeat","background-position":"center center","background-size":"auto","background-attachment":"scroll","background-type":"","background-media":"","overlay-type":"","overlay-color":"","overlay-opacity":"","overlay-gradient":""},"mobile":{"background-color":"var(--ast-global-color-5)","background-image":"","background-repeat":"repeat","background-position":"center center","background-size":"auto","background-attachment":"scroll","background-type":"","background-media":"","overlay-type":"","overlay-color":"","overlay-opacity":"","overlay-gradient":""}},"footnotes":""},"class_list":["post-14202","page","type-page","status-publish","hentry"],"post_mailing_queue_ids":[],"_links":{"self":[{"href":"https:\/\/agora.xtec.cat\/iecastell\/wp-json\/wp\/v2\/pages\/14202","targetHints":{"allow":["GET"]}}],"collection":[{"href":"https:\/\/agora.xtec.cat\/iecastell\/wp-json\/wp\/v2\/pages"}],"about":[{"href":"https:\/\/agora.xtec.cat\/iecastell\/wp-json\/wp\/v2\/types\/page"}],"author":[{"embeddable":true,"href":"https:\/\/agora.xtec.cat\/iecastell\/wp-json\/wp\/v2\/users\/41"}],"replies":[{"embeddable":true,"href":"https:\/\/agora.xtec.cat\/iecastell\/wp-json\/wp\/v2\/comments?post=14202"}],"version-history":[{"count":4,"href":"https:\/\/agora.xtec.cat\/iecastell\/wp-json\/wp\/v2\/pages\/14202\/revisions"}],"predecessor-version":[{"id":15447,"href":"https:\/\/agora.xtec.cat\/iecastell\/wp-json\/wp\/v2\/pages\/14202\/revisions\/15447"}],"wp:attachment":[{"href":"https:\/\/agora.xtec.cat\/iecastell\/wp-json\/wp\/v2\/media?parent=14202"}],"curies":[{"name":"wp","href":"https:\/\/api.w.org\/{rel}","templated":true}]}}