{"id":8866,"date":"2025-10-02T11:33:06","date_gmt":"2025-10-02T09:33:06","guid":{"rendered":"https:\/\/agora.xtec.cat\/escsantiga\/?page_id=8866"},"modified":"2025-10-07T16:00:10","modified_gmt":"2025-10-07T14:00:10","slug":"ea-grans","status":"publish","type":"page","link":"https:\/\/agora.xtec.cat\/iecanfilua\/mitjans-i-grans\/ea-grans\/","title":{"rendered":"Entorns d&#8217;aprenentatge 4t i 5\u00e8"},"content":{"rendered":"\n<h2 class=\"wp-block-heading\"><mark style=\"background-color:rgba(0, 0, 0, 0)\" class=\"has-inline-color has-ast-global-color-0-color\"><strong>4t i 5\u00e8 d&#8217;Educaci\u00f3 Prim\u00e0ria<\/strong><\/mark><\/h2>\n\n\n\n<h4 class=\"wp-block-heading\"><mark style=\"background-color:rgba(0, 0, 0, 0)\" class=\"has-inline-color has-ast-global-color-1-color\">Rac\u00f3 de l&#8217;artista<\/mark><\/h4>\n\n\n\n<p>Al \u201cRac\u00f3 de l\u2019art\u201d, fomentem la sensibilitat est\u00e8tica i creativa dels infants a trav\u00e9s de l\u2019exploraci\u00f3 de materials, t\u00e8cniques art\u00edstiques i experi\u00e8ncies expressives.<br><br>Afavorim el desenvolupament de la creativitat, la reflexi\u00f3 i l\u2019expressi\u00f3 personal, respectant el ritme maduratiu de cada infant. A m\u00e9s, treballem el sentit cr\u00edtic, la iniciativa i la capacitat de planificar i prendre decisions, valorant sempre l\u2019esfor\u00e7 i la superaci\u00f3 de reptes.<\/p>\n\n\n\n<figure class=\"wp-block-image aligncenter size-full is-resized\"><img loading=\"lazy\" decoding=\"async\" width=\"500\" height=\"500\" src=\"https:\/\/agora.xtec.cat\/escsantiga\/wp-content\/uploads\/usu2064\/2025\/10\/EA-1.png\" alt=\"\" class=\"wp-image-8869\" style=\"width:212px;height:auto\" srcset=\"https:\/\/agora.xtec.cat\/iecanfilua\/wp-content\/uploads\/usu2064\/2025\/10\/EA-1.png 500w, https:\/\/agora.xtec.cat\/iecanfilua\/wp-content\/uploads\/usu2064\/2025\/10\/EA-1-300x300.png 300w, https:\/\/agora.xtec.cat\/iecanfilua\/wp-content\/uploads\/usu2064\/2025\/10\/EA-1-150x150.png 150w\" sizes=\"auto, (max-width: 500px) 100vw, 500px\" \/><\/figure>\n\n\n\n<h4 class=\"wp-block-heading\"><mark style=\"background-color:rgba(0, 0, 0, 0)\" class=\"has-inline-color has-ast-global-color-1-color\">Jocs d&#8217;ara i sempre<\/mark><\/h4>\n\n\n\n<p>L\u2019objectiu d&#8217;aquest entorn \u00e9s apropar l\u2019alumnat al joc com a eina de conviv\u00e8ncia, aprenentatge i diversi\u00f3. Es treballa tant amb jocs tradicionals, que transmeten cultura i valors col\u00b7lectius, com amb jocs alternatius actuals, m\u00e9s inclusius i adaptables. Aquesta combinaci\u00f3 permet valorar el joc com a expressi\u00f3 cultural, descobrir formes d\u2019oci saludables, desenvolupar habilitats motrius, socials i emocionals, i fomentar la cooperaci\u00f3 i el respecte. Aix\u00ed, l\u2019aula esdev\u00e9 un espai actiu i enriquidor que uneix tradici\u00f3 i innovaci\u00f3 per afavorir el desenvolupament integral de l\u2019alumnat.<\/p>\n\n\n\n<figure class=\"wp-block-image aligncenter size-large is-resized\"><img loading=\"lazy\" decoding=\"async\" width=\"1024\" height=\"724\" src=\"https:\/\/agora.xtec.cat\/escsantiga\/wp-content\/uploads\/usu2064\/2025\/10\/1-1024x724.jpg\" alt=\"\" class=\"wp-image-8908\" style=\"width:274px;height:auto\" srcset=\"https:\/\/agora.xtec.cat\/iecanfilua\/wp-content\/uploads\/usu2064\/2025\/10\/1-1024x724.jpg 1024w, https:\/\/agora.xtec.cat\/iecanfilua\/wp-content\/uploads\/usu2064\/2025\/10\/1-300x212.jpg 300w, https:\/\/agora.xtec.cat\/iecanfilua\/wp-content\/uploads\/usu2064\/2025\/10\/1-768x543.jpg 768w, https:\/\/agora.xtec.cat\/iecanfilua\/wp-content\/uploads\/usu2064\/2025\/10\/1-1536x1086.jpg 1536w, https:\/\/agora.xtec.cat\/iecanfilua\/wp-content\/uploads\/usu2064\/2025\/10\/1.jpg 2000w\" sizes=\"auto, (max-width: 1024px) 100vw, 1024px\" \/><\/figure>\n\n\n\n<h4 class=\"wp-block-heading\"><mark style=\"background-color:rgba(0, 0, 0, 0)\" class=\"has-inline-color has-ast-global-color-1-color\">Minixefs<\/mark><\/h4>\n\n\n\n<p>Durant les quatre sessions de l&#8217;entorn <em>Minixefs <\/em>l&#8217;alumnat apr\u00e8n a elaborar: un aperitiu, un primer plat, un segon plat i unes postres. Les receptes s\u00f3n senzilles, creatives i en fred, ideals per repetir a casa amb la fam\u00edlia. A m\u00e9s, treballem la import\u00e0ncia d\u2019una alimentaci\u00f3 saludable i fomentarem bons h\u00e0bits d\u2019higiene i ordre a la cuina mentre ens divertim cuinant junts.<\/p>\n\n\n\n<figure class=\"wp-block-image aligncenter size-large is-resized\"><img loading=\"lazy\" decoding=\"async\" width=\"1024\" height=\"724\" src=\"https:\/\/agora.xtec.cat\/escsantiga\/wp-content\/uploads\/usu2064\/2025\/10\/EA-1024x724.jpg\" alt=\"\" class=\"wp-image-8938\" style=\"width:339px;height:auto\" srcset=\"https:\/\/agora.xtec.cat\/iecanfilua\/wp-content\/uploads\/usu2064\/2025\/10\/EA-1024x724.jpg 1024w, https:\/\/agora.xtec.cat\/iecanfilua\/wp-content\/uploads\/usu2064\/2025\/10\/EA-300x212.jpg 300w, https:\/\/agora.xtec.cat\/iecanfilua\/wp-content\/uploads\/usu2064\/2025\/10\/EA-768x543.jpg 768w, https:\/\/agora.xtec.cat\/iecanfilua\/wp-content\/uploads\/usu2064\/2025\/10\/EA-1536x1086.jpg 1536w, https:\/\/agora.xtec.cat\/iecanfilua\/wp-content\/uploads\/usu2064\/2025\/10\/EA.jpg 2000w\" sizes=\"auto, (max-width: 1024px) 100vw, 1024px\" \/><\/figure>\n\n\n\n<h4 class=\"wp-block-heading\"><mark style=\"background-color:rgba(0, 0, 0, 0)\" class=\"has-inline-color has-ast-global-color-1-color\">Robots en acci\u00f3<\/mark><\/h4>\n\n\n\n<p>A l&#8217;entorn de robots en acci\u00f3 treballem amb el Codey Rocky, l&#8217;alumnat es familiaritza amb les caracter\u00edstiques d&#8217;aquest robot. Coneixem el Codey Rocky i l&#8217;entorn de programaci\u00f3 mBlock, reconeixent les parts del robot i creant el seu primer programa senzill a trav\u00e9s del pensament computacional.<\/p>\n\n\n\n<figure class=\"wp-block-image aligncenter size-full is-resized\"><img loading=\"lazy\" decoding=\"async\" width=\"259\" height=\"195\" src=\"https:\/\/agora.xtec.cat\/escsantiga\/wp-content\/uploads\/usu2064\/2025\/10\/Codey-Rocky.jpg\" alt=\"\" class=\"wp-image-8872\" style=\"width:283px;height:auto\"\/><\/figure>\n\n\n\n<h4 class=\"wp-block-heading\"><mark style=\"background-color:rgba(0, 0, 0, 0)\" class=\"has-inline-color has-ast-global-color-1-color\">La m\u00e0gia de les figures<\/mark><\/h4>\n\n\n\n<p>En aquest entorn descobrirem i jugarem amb les caracter\u00edstiques de les figures geom\u00e8triques. Aprendrem a observar-les, construir-les i entendre-les amb l\u2019ajuda d\u2019eines matem\u00e0tiques com el regle, el comp\u00e0s i el transportador d\u2019angles.<\/p>\n\n\n\n<p>Treballarem la geometria de manera creativa amb diversos materials manipulatius: explorarem els angles, coneixerem els cossos geom\u00e8trics i identificarem les seves parts. Descobrirem com es construeixen aquestes formes, quines propietats tenen i com es relacionen entre elles.<\/p>\n\n\n\n<figure class=\"wp-block-image aligncenter size-full is-resized\"><img loading=\"lazy\" decoding=\"async\" width=\"800\" height=\"400\" src=\"https:\/\/agora.xtec.cat\/escsantiga\/wp-content\/uploads\/usu2064\/2025\/10\/EAG.png\" alt=\"\" class=\"wp-image-8909\" style=\"width:492px;height:auto\" srcset=\"https:\/\/agora.xtec.cat\/iecanfilua\/wp-content\/uploads\/usu2064\/2025\/10\/EAG.png 800w, https:\/\/agora.xtec.cat\/iecanfilua\/wp-content\/uploads\/usu2064\/2025\/10\/EAG-300x150.png 300w, https:\/\/agora.xtec.cat\/iecanfilua\/wp-content\/uploads\/usu2064\/2025\/10\/EAG-768x384.png 768w\" sizes=\"auto, (max-width: 800px) 100vw, 800px\" \/><\/figure>\n\n\n\n<h4 class=\"wp-block-heading\"><mark style=\"background-color:rgba(0, 0, 0, 0)\" class=\"has-inline-color has-ast-global-color-1-color\">Cau cient\u00edfic<\/mark><\/h4>\n\n\n\n<p>Aquest Entorn d&#8217;Aprenentatge t\u00e9 com a objectiu afavorir el desenvolupament de la cultura cient\u00edfica. A partir de pr\u00e0ctiques senzilles realitzarem algunes de les t\u00e8cniques cient\u00edfiques (Observaci\u00f3 amb diferents instruments).<\/p>\n\n\n\n<figure class=\"wp-block-image aligncenter size-large is-resized\"><img loading=\"lazy\" decoding=\"async\" width=\"1024\" height=\"724\" src=\"https:\/\/agora.xtec.cat\/escsantiga\/wp-content\/uploads\/usu2064\/2025\/10\/EA-8-1024x724.jpg\" alt=\"\" class=\"wp-image-9004\" style=\"width:363px;height:auto\" srcset=\"https:\/\/agora.xtec.cat\/iecanfilua\/wp-content\/uploads\/usu2064\/2025\/10\/EA-8-1024x724.jpg 1024w, https:\/\/agora.xtec.cat\/iecanfilua\/wp-content\/uploads\/usu2064\/2025\/10\/EA-8-300x212.jpg 300w, https:\/\/agora.xtec.cat\/iecanfilua\/wp-content\/uploads\/usu2064\/2025\/10\/EA-8-768x543.jpg 768w, https:\/\/agora.xtec.cat\/iecanfilua\/wp-content\/uploads\/usu2064\/2025\/10\/EA-8-1536x1086.jpg 1536w, https:\/\/agora.xtec.cat\/iecanfilua\/wp-content\/uploads\/usu2064\/2025\/10\/EA-8.jpg 2000w\" sizes=\"auto, (max-width: 1024px) 100vw, 1024px\" \/><\/figure>\n\n\n\n<p><\/p>\n","protected":false},"excerpt":{"rendered":"<p>4t i 5\u00e8 d&#8217;Educaci\u00f3 Prim\u00e0ria Rac\u00f3 de l&#8217;artista Al \u201cRac\u00f3 de l\u2019art\u201d, fomentem la sensibilitat est\u00e8tica i creativa dels infants a trav\u00e9s de l\u2019exploraci\u00f3 de materials, t\u00e8cniques art\u00edstiques i experi\u00e8ncies expressives. Afavorim el desenvolupament de la creativitat, la reflexi\u00f3 i l\u2019expressi\u00f3 personal, respectant el ritme maduratiu de cada infant. A m\u00e9s, treballem el sentit cr\u00edtic, [&hellip;]<\/p>\n","protected":false},"author":47,"featured_media":0,"parent":8522,"menu_order":0,"comment_status":"closed","ping_status":"closed","template":"","meta":{"_bbp_topic_count":0,"_bbp_reply_count":0,"_bbp_total_topic_count":0,"_bbp_total_reply_count":0,"_bbp_voice_count":0,"_bbp_anonymous_reply_count":0,"_bbp_topic_count_hidden":0,"_bbp_reply_count_hidden":0,"_bbp_forum_subforum_count":0,"site-sidebar-layout":"default","site-content-layout":"","ast-site-content-layout":"default","site-content-style":"default","site-sidebar-style":"default","ast-global-header-display":"","ast-banner-title-visibility":"","ast-main-header-display":"","ast-hfb-above-header-display":"","ast-hfb-below-header-display":"","ast-hfb-mobile-header-display":"","site-post-title":"","ast-breadcrumbs-content":"","ast-featured-img":"","footer-sml-layout":"","theme-transparent-header-meta":"","adv-header-id-meta":"","stick-header-meta":"","header-above-stick-meta":"","header-main-stick-meta":"","header-below-stick-meta":"","astra-migrate-meta-layouts":"set","ast-page-background-enabled":"default","ast-page-background-meta":{"desktop":{"background-color":"var(--ast-global-color-4)","background-image":"","background-repeat":"repeat","background-position":"center center","background-size":"auto","background-attachment":"scroll","background-type":"","background-media":"","overlay-type":"","overlay-color":"","overlay-opacity":"","overlay-gradient":""},"tablet":{"background-color":"","background-image":"","background-repeat":"repeat","background-position":"center center","background-size":"auto","background-attachment":"scroll","background-type":"","background-media":"","overlay-type":"","overlay-color":"","overlay-opacity":"","overlay-gradient":""},"mobile":{"background-color":"","background-image":"","background-repeat":"repeat","background-position":"center center","background-size":"auto","background-attachment":"scroll","background-type":"","background-media":"","overlay-type":"","overlay-color":"","overlay-opacity":"","overlay-gradient":""}},"ast-content-background-meta":{"desktop":{"background-color":"var(--ast-global-color-5)","background-image":"","background-repeat":"repeat","background-position":"center center","background-size":"auto","background-attachment":"scroll","background-type":"","background-media":"","overlay-type":"","overlay-color":"","overlay-opacity":"","overlay-gradient":""},"tablet":{"background-color":"var(--ast-global-color-5)","background-image":"","background-repeat":"repeat","background-position":"center center","background-size":"auto","background-attachment":"scroll","background-type":"","background-media":"","overlay-type":"","overlay-color":"","overlay-opacity":"","overlay-gradient":""},"mobile":{"background-color":"var(--ast-global-color-5)","background-image":"","background-repeat":"repeat","background-position":"center center","background-size":"auto","background-attachment":"scroll","background-type":"","background-media":"","overlay-type":"","overlay-color":"","overlay-opacity":"","overlay-gradient":""}},"footnotes":""},"class_list":["post-8866","page","type-page","status-publish","hentry"],"post_mailing_queue_ids":[],"_links":{"self":[{"href":"https:\/\/agora.xtec.cat\/iecanfilua\/wp-json\/wp\/v2\/pages\/8866","targetHints":{"allow":["GET"]}}],"collection":[{"href":"https:\/\/agora.xtec.cat\/iecanfilua\/wp-json\/wp\/v2\/pages"}],"about":[{"href":"https:\/\/agora.xtec.cat\/iecanfilua\/wp-json\/wp\/v2\/types\/page"}],"author":[{"embeddable":true,"href":"https:\/\/agora.xtec.cat\/iecanfilua\/wp-json\/wp\/v2\/users\/47"}],"replies":[{"embeddable":true,"href":"https:\/\/agora.xtec.cat\/iecanfilua\/wp-json\/wp\/v2\/comments?post=8866"}],"version-history":[{"count":6,"href":"https:\/\/agora.xtec.cat\/iecanfilua\/wp-json\/wp\/v2\/pages\/8866\/revisions"}],"predecessor-version":[{"id":9005,"href":"https:\/\/agora.xtec.cat\/iecanfilua\/wp-json\/wp\/v2\/pages\/8866\/revisions\/9005"}],"up":[{"embeddable":true,"href":"https:\/\/agora.xtec.cat\/iecanfilua\/wp-json\/wp\/v2\/pages\/8522"}],"wp:attachment":[{"href":"https:\/\/agora.xtec.cat\/iecanfilua\/wp-json\/wp\/v2\/media?parent=8866"}],"curies":[{"name":"wp","href":"https:\/\/api.w.org\/{rel}","templated":true}]}}