{"id":8809,"date":"2025-10-04T10:18:12","date_gmt":"2025-10-04T08:18:12","guid":{"rendered":"https:\/\/agora.xtec.cat\/escsantiga\/?page_id=8809"},"modified":"2026-01-05T14:37:01","modified_gmt":"2026-01-05T13:37:01","slug":"espai-migdia","status":"publish","type":"page","link":"https:\/\/agora.xtec.cat\/iecanfilua\/espai-migdia\/","title":{"rendered":"Espai Migdia"},"content":{"rendered":"\n<p>L\u2019Espai Migdia de la nostra escola \u00e9s gestionat per <strong>Ausolan<\/strong>, una empresa especialitzada en serveis de menjador escolar. El seu equip vetlla per oferir una alimentaci\u00f3 equilibrada, saludable i adaptada a les necessitats dels infants, tot fomentant h\u00e0bits d\u2019autonomia, conviv\u00e8ncia i responsabilitat.<\/p>\n\n\n\n<p>Gr\u00e0cies a la seva experi\u00e8ncia i professionalitat, <strong>Ausolan<\/strong> garanteix un servei de qualitat que combina una bona alimentaci\u00f3 amb un ambient educatiu i acollidor durant l\u2019estona del migdia.<\/p>\n\n\n\n<h3 class=\"wp-block-heading\"><mark style=\"background-color:rgba(0, 0, 0, 0)\" class=\"has-inline-color has-ast-global-color-1-color\">Men\u00fas<\/mark><\/h3>\n\n\n\n<div data-wp-interactive=\"core\/file\" class=\"wp-block-file\"><object data-wp-bind--hidden=\"!state.hasPdfPreview\" hidden class=\"wp-block-file__embed\" data=\"https:\/\/agora.xtec.cat\/iecanfilua\/wp-content\/uploads\/usu2064\/2026\/01\/Gener.pdf\" type=\"application\/pdf\" style=\"width:100%;height:600px\" aria-label=\"Incrustaci\u00f3 del fitxer Gener 2026.\"><\/object><a id=\"wp-block-file--media-220c1092-cb89-4b30-87df-6e4fc4e18948\" href=\"https:\/\/agora.xtec.cat\/iecanfilua\/wp-content\/uploads\/usu2064\/2026\/01\/Gener.pdf\">Gener 2026<\/a><a href=\"https:\/\/agora.xtec.cat\/iecanfilua\/wp-content\/uploads\/usu2064\/2026\/01\/Gener.pdf\" class=\"wp-block-file__button wp-element-button\" download aria-describedby=\"wp-block-file--media-220c1092-cb89-4b30-87df-6e4fc4e18948\">Baixa<\/a><\/div>\n\n\n\n<div data-wp-interactive=\"core\/file\" class=\"wp-block-file\"><object data-wp-bind--hidden=\"!state.hasPdfPreview\" hidden class=\"wp-block-file__embed\" data=\"https:\/\/agora.xtec.cat\/iecanfilua\/wp-content\/uploads\/usu2064\/2026\/01\/Febrer.pdf\" type=\"application\/pdf\" style=\"width:100%;height:600px\" aria-label=\"Incrustaci\u00f3 del fitxer Febrer 2026.\"><\/object><a id=\"wp-block-file--media-99af8df3-4f45-48e0-aab6-6e7d4f589adf\" href=\"https:\/\/agora.xtec.cat\/iecanfilua\/wp-content\/uploads\/usu2064\/2026\/01\/Febrer.pdf\">Febrer 2026<\/a><a href=\"https:\/\/agora.xtec.cat\/iecanfilua\/wp-content\/uploads\/usu2064\/2026\/01\/Febrer.pdf\" class=\"wp-block-file__button wp-element-button\" download aria-describedby=\"wp-block-file--media-99af8df3-4f45-48e0-aab6-6e7d4f589adf\">Baixa<\/a><\/div>\n\n\n\n<div data-wp-interactive=\"core\/file\" class=\"wp-block-file\"><object data-wp-bind--hidden=\"!state.hasPdfPreview\" hidden class=\"wp-block-file__embed\" data=\"https:\/\/agora.xtec.cat\/iecanfilua\/wp-content\/uploads\/usu2064\/2026\/01\/Marc.pdf\" type=\"application\/pdf\" style=\"width:100%;height:600px\" aria-label=\"Incrustaci\u00f3 del fitxer Mar\u00e7 2026.\"><\/object><a id=\"wp-block-file--media-a7ab138b-ae20-4b76-89fa-1ecb5b05511d\" href=\"https:\/\/agora.xtec.cat\/iecanfilua\/wp-content\/uploads\/usu2064\/2026\/01\/Marc.pdf\">Mar\u00e7 2026<\/a><a href=\"https:\/\/agora.xtec.cat\/iecanfilua\/wp-content\/uploads\/usu2064\/2026\/01\/Marc.pdf\" class=\"wp-block-file__button wp-element-button\" download aria-describedby=\"wp-block-file--media-a7ab138b-ae20-4b76-89fa-1ecb5b05511d\">Baixa<\/a><\/div>\n\n\n\n<p><\/p>\n\n\n\n<p><\/p>\n\n\n\n<h3 class=\"wp-block-heading\"><mark style=\"background-color:rgba(0, 0, 0, 0)\" class=\"has-inline-color has-ast-global-color-1-color\">Missi\u00f3: m\u00f3n sostenible. Les tribus.<\/mark><\/h3>\n\n\n\n<p><\/p>\n\n\n\n<p>Aquest any, de la m\u00e0 de les tribus, tindrem la missi\u00f3 de cuidar el planeta. La forma de vida de les tribus, basada en la comunitat, el respecte al medi i l&#8217;alimentaci\u00f3 natural, ens aporta exemples de com aconseguir un futur m\u00e9s sostenible.<\/p>\n\n\n\n<p><strong>Primer trimestre:<\/strong> \u00cdndia. Tribu Adivasi: Un pa\u00eds ple de colors, de sabors i d\u2019olors. Amb una alimentaci\u00f3 plena de prote\u00efna vegetal i amb uns tresors naturals, les esp\u00e8cies. Les seves rases (emocions) ens ajudaran a entendre els sentiments humans. La seva forma de viure, basada a menjar nom\u00e9s el que necessiten, ens far\u00e0 reflexionar sobre la solidaritat i el malbaratament.<\/p>\n\n\n\n<p><strong>Segon Trimestre:<\/strong> Amazones. Tribu Tikuna. Entrarem en el pulm\u00f3 del planeta, l\u2019educaci\u00f3 ambiental i la cura dels boscos formaran part de la nostra missi\u00f3 anual. Ens sorprendr\u00e0 saber que fa molt i molt anys aquelles terres ens van regalar les patates i el cacau. Un estil de vida comunitari i amb total connexi\u00f3 amb la natura.<\/p>\n\n\n\n<p><strong>Tercer trimestre: <\/strong>Madagascar. Tribu Vezo. Ens trobem en una illa que es diu que \u00e9s m\u00e0gica, perqu\u00e8 hi ha esp\u00e8cies que no trobem en cap altre lloc. Amb una alimentaci\u00f3 basada en tots els productes del mar i aprofitant el soroll de les onades, continuarem apostant per la cura del planeta.<\/p>\n\n\n\n<figure class=\"wp-block-image size-full is-resized\"><img loading=\"lazy\" decoding=\"async\" width=\"848\" height=\"272\" src=\"https:\/\/agora.xtec.cat\/escsantiga\/wp-content\/uploads\/usu2064\/2025\/10\/ausolan-1.jpg\" alt=\"\" class=\"wp-image-8984\" style=\"width:377px;height:auto\" srcset=\"https:\/\/agora.xtec.cat\/iecanfilua\/wp-content\/uploads\/usu2064\/2025\/10\/ausolan-1.jpg 848w, https:\/\/agora.xtec.cat\/iecanfilua\/wp-content\/uploads\/usu2064\/2025\/10\/ausolan-1-300x96.jpg 300w, https:\/\/agora.xtec.cat\/iecanfilua\/wp-content\/uploads\/usu2064\/2025\/10\/ausolan-1-768x246.jpg 768w\" sizes=\"auto, (max-width: 848px) 100vw, 848px\" \/><\/figure>\n\n\n\n<p><\/p>\n","protected":false},"excerpt":{"rendered":"<p>L\u2019Espai Migdia de la nostra escola \u00e9s gestionat per Ausolan, una empresa especialitzada en serveis de menjador escolar. El seu equip vetlla per oferir una alimentaci\u00f3 equilibrada, saludable i adaptada a les necessitats dels infants, tot fomentant h\u00e0bits d\u2019autonomia, conviv\u00e8ncia i responsabilitat. Gr\u00e0cies a la seva experi\u00e8ncia i professionalitat, Ausolan garanteix un servei de qualitat [&hellip;]<\/p>\n","protected":false},"author":47,"featured_media":0,"parent":0,"menu_order":0,"comment_status":"closed","ping_status":"closed","template":"","meta":{"_bbp_topic_count":0,"_bbp_reply_count":0,"_bbp_total_topic_count":0,"_bbp_total_reply_count":0,"_bbp_voice_count":0,"_bbp_anonymous_reply_count":0,"_bbp_topic_count_hidden":0,"_bbp_reply_count_hidden":0,"_bbp_forum_subforum_count":0,"site-sidebar-layout":"default","site-content-layout":"","ast-site-content-layout":"default","site-content-style":"default","site-sidebar-style":"default","ast-global-header-display":"","ast-banner-title-visibility":"","ast-main-header-display":"","ast-hfb-above-header-display":"","ast-hfb-below-header-display":"","ast-hfb-mobile-header-display":"","site-post-title":"","ast-breadcrumbs-content":"","ast-featured-img":"","footer-sml-layout":"","theme-transparent-header-meta":"","adv-header-id-meta":"","stick-header-meta":"","header-above-stick-meta":"","header-main-stick-meta":"","header-below-stick-meta":"","astra-migrate-meta-layouts":"set","ast-page-background-enabled":"default","ast-page-background-meta":{"desktop":{"background-color":"var(--ast-global-color-4)","background-image":"","background-repeat":"repeat","background-position":"center center","background-size":"auto","background-attachment":"scroll","background-type":"","background-media":"","overlay-type":"","overlay-color":"","overlay-opacity":"","overlay-gradient":""},"tablet":{"background-color":"","background-image":"","background-repeat":"repeat","background-position":"center center","background-size":"auto","background-attachment":"scroll","background-type":"","background-media":"","overlay-type":"","overlay-color":"","overlay-opacity":"","overlay-gradient":""},"mobile":{"background-color":"","background-image":"","background-repeat":"repeat","background-position":"center center","background-size":"auto","background-attachment":"scroll","background-type":"","background-media":"","overlay-type":"","overlay-color":"","overlay-opacity":"","overlay-gradient":""}},"ast-content-background-meta":{"desktop":{"background-color":"var(--ast-global-color-5)","background-image":"","background-repeat":"repeat","background-position":"center center","background-size":"auto","background-attachment":"scroll","background-type":"","background-media":"","overlay-type":"","overlay-color":"","overlay-opacity":"","overlay-gradient":""},"tablet":{"background-color":"var(--ast-global-color-5)","background-image":"","background-repeat":"repeat","background-position":"center center","background-size":"auto","background-attachment":"scroll","background-type":"","background-media":"","overlay-type":"","overlay-color":"","overlay-opacity":"","overlay-gradient":""},"mobile":{"background-color":"var(--ast-global-color-5)","background-image":"","background-repeat":"repeat","background-position":"center center","background-size":"auto","background-attachment":"scroll","background-type":"","background-media":"","overlay-type":"","overlay-color":"","overlay-opacity":"","overlay-gradient":""}},"footnotes":""},"class_list":["post-8809","page","type-page","status-publish","hentry"],"post_mailing_queue_ids":[],"_links":{"self":[{"href":"https:\/\/agora.xtec.cat\/iecanfilua\/wp-json\/wp\/v2\/pages\/8809","targetHints":{"allow":["GET"]}}],"collection":[{"href":"https:\/\/agora.xtec.cat\/iecanfilua\/wp-json\/wp\/v2\/pages"}],"about":[{"href":"https:\/\/agora.xtec.cat\/iecanfilua\/wp-json\/wp\/v2\/types\/page"}],"author":[{"embeddable":true,"href":"https:\/\/agora.xtec.cat\/iecanfilua\/wp-json\/wp\/v2\/users\/47"}],"replies":[{"embeddable":true,"href":"https:\/\/agora.xtec.cat\/iecanfilua\/wp-json\/wp\/v2\/comments?post=8809"}],"version-history":[{"count":6,"href":"https:\/\/agora.xtec.cat\/iecanfilua\/wp-json\/wp\/v2\/pages\/8809\/revisions"}],"predecessor-version":[{"id":9069,"href":"https:\/\/agora.xtec.cat\/iecanfilua\/wp-json\/wp\/v2\/pages\/8809\/revisions\/9069"}],"wp:attachment":[{"href":"https:\/\/agora.xtec.cat\/iecanfilua\/wp-json\/wp\/v2\/media?parent=8809"}],"curies":[{"name":"wp","href":"https:\/\/api.w.org\/{rel}","templated":true}]}}