{"id":8649,"date":"2025-08-20T19:37:10","date_gmt":"2025-08-20T17:37:10","guid":{"rendered":"https:\/\/agora.xtec.cat\/escsantiga\/?page_id=8649"},"modified":"2025-10-10T14:58:04","modified_gmt":"2025-10-10T12:58:04","slug":"joves","status":"publish","type":"page","link":"https:\/\/agora.xtec.cat\/iecanfilua\/joves\/","title":{"rendered":"Joves"},"content":{"rendered":"\n<h3 class=\"wp-block-heading has-text-align-center\"><mark style=\"background-color:rgba(0, 0, 0, 0)\" class=\"has-inline-color has-ast-global-color-1-color\"><strong>Com treballem?<\/strong><\/mark><\/h3>\n\n\n\n<p>Treballem perqu\u00e8&nbsp;l&#8217;alumnat esdevingui el protagonista del seu proc\u00e9s d&#8217;aprenentatge. Apostem per metodologies actives&nbsp;on els sabers, l&#8217;esfor\u00e7, la curiositat i el treball competencial s&#8217;erigeixen en els principis rectors per tal que l&#8217;alumnat pugui assolir uns coneixements s\u00f2lids i un desenvolupament integral que garanteixi les compet\u00e8ncies claus pr\u00f2pies de l&#8217;etapa.&nbsp;<\/p>\n\n\n\n<h5 class=\"wp-block-heading has-ast-global-color-1-color has-text-color has-link-color wp-elements-46f6023beeaa524b65eb04331694f037\"><strong>#Acompanyament #Avaluaci\u00f3 conscient #Aprenentatge significatiu<\/strong><\/h5>\n\n\n\n<h5 class=\"wp-block-heading has-ast-global-color-1-color has-text-color has-link-color wp-elements-d457ae53e01d3fb7b20192a6c81f5fb0\"><strong>#Bona conviv\u00e8ncia #Personalitzaci\u00f3 de l&#8217;aprenentatge<\/strong><\/h5>\n\n\n<ul>\n<li>\n<h4><a href=\"https:\/\/agora.xtec.cat\/iecanfilua\/joves\/convivencia\/\">Conviv\u00e8ncia<\/a><\/h4>\n<\/li>\n<li>\n<h4><a href=\"https:\/\/agora.xtec.cat\/iecanfilua\/joves\/acompanyament\/\">Acompanyament<\/a><\/h4>\n<\/li>\n<li>\n<h4><a href=\"https:\/\/agora.xtec.cat\/iecanfilua\/joves\/instrumentals\/\">Mat\u00e8ries instrumentals<\/a><\/h4>\n<\/li>\n<li>\n<h4><a href=\"https:\/\/agora.xtec.cat\/iecanfilua\/joves\/materies-optatives\/\">Mat\u00e8ries optatives<\/a><\/h4>\n<\/li>\n<li>\n<h4>Treball per projectes<\/h4>\n<\/li>\n<li>\n<h4>Treball de s\u00edntesi<\/h4>\n<\/li>\n<li>\n<h4><a href=\"https:\/\/agora.xtec.cat\/iecanfilua\/joves\/servei-comunitari\/\">Servei comunitari<\/a><\/h4>\n<\/li>\n<li>\n<h4><a href=\"https:\/\/agora.xtec.cat\/iecanfilua\/mitjans-i-grans\/ea6-1r\/\">Entorns d&#8217;aprenentatge 6\u00e8 i 1r ESO<\/a><\/h4>\n<\/li>\n<\/ul>","protected":false},"excerpt":{"rendered":"<p>Com treballem? Treballem perqu\u00e8&nbsp;l&#8217;alumnat esdevingui el protagonista del seu proc\u00e9s d&#8217;aprenentatge. Apostem per metodologies actives&nbsp;on els sabers, l&#8217;esfor\u00e7, la curiositat i el treball competencial s&#8217;erigeixen en els principis rectors per tal que l&#8217;alumnat pugui assolir uns coneixements s\u00f2lids i un desenvolupament integral que garanteixi les compet\u00e8ncies claus pr\u00f2pies de l&#8217;etapa.&nbsp; #Acompanyament #Avaluaci\u00f3 conscient #Aprenentatge significatiu [&hellip;]<\/p>\n","protected":false},"author":47,"featured_media":0,"parent":0,"menu_order":0,"comment_status":"closed","ping_status":"close","template":"","meta":{"_bbp_topic_count":0,"_bbp_reply_count":0,"_bbp_total_topic_count":0,"_bbp_total_reply_count":0,"_bbp_voice_count":0,"_bbp_anonymous_reply_count":0,"_bbp_topic_count_hidden":0,"_bbp_reply_count_hidden":0,"_bbp_forum_subforum_count":0,"site-sidebar-layout":"default","site-content-layout":"","ast-site-content-layout":"default","site-content-style":"default","site-sidebar-style":"default","ast-global-header-display":"","ast-banner-title-visibility":"","ast-main-header-display":"","ast-hfb-above-header-display":"","ast-hfb-below-header-display":"","ast-hfb-mobile-header-display":"","site-post-title":"","ast-breadcrumbs-content":"","ast-featured-img":"","footer-sml-layout":"","theme-transparent-header-meta":"","adv-header-id-meta":"","stick-header-meta":"","header-above-stick-meta":"","header-main-stick-meta":"","header-below-stick-meta":"","astra-migrate-meta-layouts":"set","ast-page-background-enabled":"default","ast-page-background-meta":{"desktop":{"background-color":"var(--ast-global-color-4)","background-image":"","background-repeat":"repeat","background-position":"center center","background-size":"auto","background-attachment":"scroll","background-type":"","background-media":"","overlay-type":"","overlay-color":"","overlay-opacity":"","overlay-gradient":""},"tablet":{"background-color":"","background-image":"","background-repeat":"repeat","background-position":"center center","background-size":"auto","background-attachment":"scroll","background-type":"","background-media":"","overlay-type":"","overlay-color":"","overlay-opacity":"","overlay-gradient":""},"mobile":{"background-color":"","background-image":"","background-repeat":"repeat","background-position":"center center","background-size":"auto","background-attachment":"scroll","background-type":"","background-media":"","overlay-type":"","overlay-color":"","overlay-opacity":"","overlay-gradient":""}},"ast-content-background-meta":{"desktop":{"background-color":"var(--ast-global-color-5)","background-image":"","background-repeat":"repeat","background-position":"center center","background-size":"auto","background-attachment":"scroll","background-type":"","background-media":"","overlay-type":"","overlay-color":"","overlay-opacity":"","overlay-gradient":""},"tablet":{"background-color":"var(--ast-global-color-5)","background-image":"","background-repeat":"repeat","background-position":"center center","background-size":"auto","background-attachment":"scroll","background-type":"","background-media":"","overlay-type":"","overlay-color":"","overlay-opacity":"","overlay-gradient":""},"mobile":{"background-color":"var(--ast-global-color-5)","background-image":"","background-repeat":"repeat","background-position":"center center","background-size":"auto","background-attachment":"scroll","background-type":"","background-media":"","overlay-type":"","overlay-color":"","overlay-opacity":"","overlay-gradient":""}},"footnotes":""},"class_list":["post-8649","page","type-page","status-publish","hentry"],"post_mailing_queue_ids":[],"_links":{"self":[{"href":"https:\/\/agora.xtec.cat\/iecanfilua\/wp-json\/wp\/v2\/pages\/8649","targetHints":{"allow":["GET"]}}],"collection":[{"href":"https:\/\/agora.xtec.cat\/iecanfilua\/wp-json\/wp\/v2\/pages"}],"about":[{"href":"https:\/\/agora.xtec.cat\/iecanfilua\/wp-json\/wp\/v2\/types\/page"}],"author":[{"embeddable":true,"href":"https:\/\/agora.xtec.cat\/iecanfilua\/wp-json\/wp\/v2\/users\/47"}],"replies":[{"embeddable":true,"href":"https:\/\/agora.xtec.cat\/iecanfilua\/wp-json\/wp\/v2\/comments?post=8649"}],"version-history":[{"count":6,"href":"https:\/\/agora.xtec.cat\/iecanfilua\/wp-json\/wp\/v2\/pages\/8649\/revisions"}],"predecessor-version":[{"id":9027,"href":"https:\/\/agora.xtec.cat\/iecanfilua\/wp-json\/wp\/v2\/pages\/8649\/revisions\/9027"}],"wp:attachment":[{"href":"https:\/\/agora.xtec.cat\/iecanfilua\/wp-json\/wp\/v2\/media?parent=8649"}],"curies":[{"name":"wp","href":"https:\/\/api.w.org\/{rel}","templated":true}]}}