{"id":8481,"date":"2025-07-07T09:05:37","date_gmt":"2025-07-07T07:05:37","guid":{"rendered":"https:\/\/agora.xtec.cat\/escsantiga\/?page_id=8481"},"modified":"2025-10-10T14:51:15","modified_gmt":"2025-10-10T12:51:15","slug":"petits","status":"publish","type":"page","link":"https:\/\/agora.xtec.cat\/iecanfilua\/petits\/","title":{"rendered":"Petits"},"content":{"rendered":"<h3 class=\"CjVfdc\" style=\"text-align: center;\"><span style=\"color: #1fa799;\"><span class=\"C9DxTc \">Com\u00a0<\/span><span class=\"C9DxTc \">acompanyem els infants<\/span><span class=\"C9DxTc \">?<\/span><\/span><\/h3>\n<div><\/div>\n<div>\n<p>A l&#8217;etapa d&#8217;educaci\u00f3 infantil entenem que l&#8217;infant ha de ser el protagonista dels seus aprenentatges. A partir de les viv\u00e8ncies, experi\u00e8ncies properes, jugant, manipulant i experimentant, els nens i nenes aprenen de manera aut\u00f2noma amb l&#8217;acompanyament de les mestres.<\/p>\n<\/div>\n<h5 style=\"text-align: center;\"><span style=\"color: #1fa799;\"><strong><span style=\"font-size: 16px;\">#Descoberta #Manipulaci\u00f3 #Autonomia #Exploraci\u00f3 <\/span><\/strong><\/span><\/h5>\n<h5 style=\"text-align: center;\"><span style=\"color: #1fa799;\"><strong><span style=\"font-size: 16px;\">#<\/span><span style=\"font-size: 16px;\">Comunicaci\u00f3 #Joc lliure #Creaci\u00f3<\/span><\/strong><\/span><\/h5>\n<ul>\n<li>\n<h4><a href=\"https:\/\/agora.xtec.cat\/iecanfilua\/petits\/vidaaulapetits\/\">Vida d&#8217;aula<\/a><\/h4>\n<\/li>\n<li>\n<h4><a href=\"https:\/\/agora.xtec.cat\/iecanfilua\/petits\/treball-per-projectes-a-petits\/\">Treball per projectes<\/a><\/h4>\n<\/li>\n<li>\n<h4><a href=\"https:\/\/agora.xtec.cat\/iecanfilua\/petits\/entorns-petits\/\">Entorns d&#8217;aprenentatge<\/a><\/h4>\n<\/li>\n<\/ul>\n","protected":false},"excerpt":{"rendered":"<p>Com\u00a0acompanyem els infants? A l&#8217;etapa d&#8217;educaci\u00f3 infantil entenem que l&#8217;infant ha de ser el protagonista dels seus aprenentatges. A partir de les viv\u00e8ncies, experi\u00e8ncies properes, jugant, manipulant i experimentant, els nens i nenes aprenen de manera aut\u00f2noma amb l&#8217;acompanyament de les mestres. #Descoberta #Manipulaci\u00f3 #Autonomia #Exploraci\u00f3 #Comunicaci\u00f3 #Joc lliure #Creaci\u00f3 Vida d&#8217;aula Treball per projectes [&hellip;]<\/p>\n","protected":false},"author":47,"featured_media":0,"parent":0,"menu_order":0,"comment_status":"closed","ping_status":"closed","template":"","meta":{"_bbp_topic_count":0,"_bbp_reply_count":0,"_bbp_total_topic_count":0,"_bbp_total_reply_count":0,"_bbp_voice_count":0,"_bbp_anonymous_reply_count":0,"_bbp_topic_count_hidden":0,"_bbp_reply_count_hidden":0,"_bbp_forum_subforum_count":0,"site-sidebar-layout":"default","site-content-layout":"","ast-site-content-layout":"default","site-content-style":"default","site-sidebar-style":"default","ast-global-header-display":"","ast-banner-title-visibility":"","ast-main-header-display":"","ast-hfb-above-header-display":"","ast-hfb-below-header-display":"","ast-hfb-mobile-header-display":"","site-post-title":"","ast-breadcrumbs-content":"","ast-featured-img":"","footer-sml-layout":"","theme-transparent-header-meta":"default","adv-header-id-meta":"","stick-header-meta":"","header-above-stick-meta":"","header-main-stick-meta":"","header-below-stick-meta":"","astra-migrate-meta-layouts":"set","ast-page-background-enabled":"default","ast-page-background-meta":{"desktop":{"background-color":"var(--ast-global-color-4)","background-image":"","background-repeat":"repeat","background-position":"center center","background-size":"auto","background-attachment":"scroll","background-type":"","background-media":"","overlay-type":"","overlay-color":"","overlay-opacity":"","overlay-gradient":""},"tablet":{"background-color":"","background-image":"","background-repeat":"repeat","background-position":"center center","background-size":"auto","background-attachment":"scroll","background-type":"","background-media":"","overlay-type":"","overlay-color":"","overlay-opacity":"","overlay-gradient":""},"mobile":{"background-color":"","background-image":"","background-repeat":"repeat","background-position":"center center","background-size":"auto","background-attachment":"scroll","background-type":"","background-media":"","overlay-type":"","overlay-color":"","overlay-opacity":"","overlay-gradient":""}},"ast-content-background-meta":{"desktop":{"background-color":"var(--ast-global-color-5)","background-image":"","background-repeat":"repeat","background-position":"center center","background-size":"auto","background-attachment":"scroll","background-type":"","background-media":"","overlay-type":"","overlay-color":"","overlay-opacity":"","overlay-gradient":""},"tablet":{"background-color":"var(--ast-global-color-5)","background-image":"","background-repeat":"repeat","background-position":"center center","background-size":"auto","background-attachment":"scroll","background-type":"","background-media":"","overlay-type":"","overlay-color":"","overlay-opacity":"","overlay-gradient":""},"mobile":{"background-color":"var(--ast-global-color-5)","background-image":"","background-repeat":"repeat","background-position":"center center","background-size":"auto","background-attachment":"scroll","background-type":"","background-media":"","overlay-type":"","overlay-color":"","overlay-opacity":"","overlay-gradient":""}},"footnotes":""},"class_list":["post-8481","page","type-page","status-publish","hentry"],"post_mailing_queue_ids":[],"_links":{"self":[{"href":"https:\/\/agora.xtec.cat\/iecanfilua\/wp-json\/wp\/v2\/pages\/8481","targetHints":{"allow":["GET"]}}],"collection":[{"href":"https:\/\/agora.xtec.cat\/iecanfilua\/wp-json\/wp\/v2\/pages"}],"about":[{"href":"https:\/\/agora.xtec.cat\/iecanfilua\/wp-json\/wp\/v2\/types\/page"}],"author":[{"embeddable":true,"href":"https:\/\/agora.xtec.cat\/iecanfilua\/wp-json\/wp\/v2\/users\/47"}],"replies":[{"embeddable":true,"href":"https:\/\/agora.xtec.cat\/iecanfilua\/wp-json\/wp\/v2\/comments?post=8481"}],"version-history":[{"count":6,"href":"https:\/\/agora.xtec.cat\/iecanfilua\/wp-json\/wp\/v2\/pages\/8481\/revisions"}],"predecessor-version":[{"id":9022,"href":"https:\/\/agora.xtec.cat\/iecanfilua\/wp-json\/wp\/v2\/pages\/8481\/revisions\/9022"}],"wp:attachment":[{"href":"https:\/\/agora.xtec.cat\/iecanfilua\/wp-json\/wp\/v2\/media?parent=8481"}],"curies":[{"name":"wp","href":"https:\/\/api.w.org\/{rel}","templated":true}]}}