{"id":521,"date":"2019-12-30T16:30:51","date_gmt":"2019-12-30T15:30:51","guid":{"rendered":"https:\/\/agora.xtec.cat\/escsantiga\/?page_id=521"},"modified":"2025-10-04T23:21:52","modified_gmt":"2025-10-04T21:21:52","slug":"linia-pedagogica","status":"publish","type":"page","link":"https:\/\/agora.xtec.cat\/iecanfilua\/projecte-educatiu\/linia-pedagogica\/","title":{"rendered":"L\u00ednia pedag\u00f2gica"},"content":{"rendered":"<h1 dir=\"ltr\"><\/h1>\n<h1 dir=\"ltr\" style=\"text-align: center;\"><strong>Transformem el m\u00f3n construint aprenentatge<\/strong><\/h1>\n<p>Entre els trets d&#8217;identitat del centre podem trobar:<\/p>\n<h3 style=\"text-align: center;\"><strong>Trets d&#8217;identitat<\/strong><\/h3>\n<p><a href=\"https:\/\/agora.xtec.cat\/escsantiga\/wp-content\/uploads\/usu2064\/2024\/01\/Types-of-Ecosystem-Infographic-in-Blue-Green-Lined-Style.png\"><img loading=\"lazy\" decoding=\"async\" class=\"aligncenter wp-image-8139\" src=\"https:\/\/agora.xtec.cat\/escsantiga\/wp-content\/uploads\/usu2064\/2024\/01\/Types-of-Ecosystem-Infographic-in-Blue-Green-Lined-Style-664x1024.png\" alt=\"\" width=\"626\" height=\"965\" srcset=\"https:\/\/agora.xtec.cat\/iecanfilua\/wp-content\/uploads\/usu2064\/2024\/01\/Types-of-Ecosystem-Infographic-in-Blue-Green-Lined-Style-664x1024.png 664w, https:\/\/agora.xtec.cat\/iecanfilua\/wp-content\/uploads\/usu2064\/2024\/01\/Types-of-Ecosystem-Infographic-in-Blue-Green-Lined-Style-194x300.png 194w, https:\/\/agora.xtec.cat\/iecanfilua\/wp-content\/uploads\/usu2064\/2024\/01\/Types-of-Ecosystem-Infographic-in-Blue-Green-Lined-Style-768x1185.png 768w, https:\/\/agora.xtec.cat\/iecanfilua\/wp-content\/uploads\/usu2064\/2024\/01\/Types-of-Ecosystem-Infographic-in-Blue-Green-Lined-Style.png 800w\" sizes=\"auto, (max-width: 626px) 100vw, 626px\" \/><\/a><\/p>\n<div class=\"ddbbtext\">\n<div>\n<\/div>\n<div><\/div>\n<h2>Aspectes del funcionament<\/h2>\n<div>\n<ul>\n<li>Treball per projectes i globalitzant a partir del m\u00e8tode cient\u00edfic afavorint el desenvolupament de les compet\u00e8ncies.<\/li>\n<li>Entorns d&#8217;aprenentatge internivells.<\/li>\n<li>Adquisici\u00f3 de les habilitats matem\u00e0tiques a partir de la manipulaci\u00f3 i contextos reals.<\/li>\n<li>Adquisici\u00f3 de destreses ling\u00fc\u00edstiques per comunicar processos.<\/li>\n<li>Angl\u00e8s des de I4 fomentant la conversa i el seu \u00fas (amb mestre especialista).<\/li>\n<li>Utilitzaci\u00f3 de les eines inform\u00e0tiques dins el proc\u00e9s d\u2019aprenentatge adaptades a les diferents necessitats segons l\u2019etapa educativa.<\/li>\n<li>Espais de comunicaci\u00f3 i reflexi\u00f3 entre tota la comunitat educativa.<\/li>\n<li>Celebracions festes tradicionals.<\/li>\n<li>Projecte Comunart (Escola Municipal de les Arts)<\/li>\n<li>Tallers i sortides de la Programaci\u00f3 Estable (Ajuntament de Santa\u00a0Perp\u00e8tua de Mogoda)<\/li>\n<li>Sortides relacionades amb els projectes.<\/li>\n<li>Servei Comunitari (secund\u00e0ria)<\/li>\n<li>Projecte conviv\u00e8ncia<\/li>\n<\/ul>\n<\/div>\n<\/div>\n","protected":false},"excerpt":{"rendered":"<p>Transformem el m\u00f3n construint aprenentatge Entre els trets d&#8217;identitat del centre podem trobar: Trets d&#8217;identitat Aspectes del funcionament Treball per projectes i globalitzant a partir del m\u00e8tode cient\u00edfic afavorint el desenvolupament de les compet\u00e8ncies. Entorns d&#8217;aprenentatge internivells. Adquisici\u00f3 de les habilitats matem\u00e0tiques a partir de la manipulaci\u00f3 i contextos reals. Adquisici\u00f3 de destreses ling\u00fc\u00edstiques per [&hellip;]<\/p>\n","protected":false},"author":1,"featured_media":0,"parent":64,"menu_order":0,"comment_status":"closed","ping_status":"closed","template":"","meta":{"_bbp_topic_count":0,"_bbp_reply_count":0,"_bbp_total_topic_count":0,"_bbp_total_reply_count":0,"_bbp_voice_count":0,"_bbp_anonymous_reply_count":0,"_bbp_topic_count_hidden":0,"_bbp_reply_count_hidden":0,"_bbp_forum_subforum_count":0,"site-sidebar-layout":"default","site-content-layout":"","ast-site-content-layout":"default","site-content-style":"default","site-sidebar-style":"default","ast-global-header-display":"","ast-banner-title-visibility":"","ast-main-header-display":"","ast-hfb-above-header-display":"","ast-hfb-below-header-display":"","ast-hfb-mobile-header-display":"","site-post-title":"","ast-breadcrumbs-content":"","ast-featured-img":"","footer-sml-layout":"","theme-transparent-header-meta":"","adv-header-id-meta":"","stick-header-meta":"","header-above-stick-meta":"","header-main-stick-meta":"","header-below-stick-meta":"","astra-migrate-meta-layouts":"set","ast-page-background-enabled":"default","ast-page-background-meta":{"desktop":{"background-color":"var(--ast-global-color-4)","background-image":"","background-repeat":"repeat","background-position":"center center","background-size":"auto","background-attachment":"scroll","background-type":"","background-media":"","overlay-type":"","overlay-color":"","overlay-opacity":"","overlay-gradient":""},"tablet":{"background-color":"","background-image":"","background-repeat":"repeat","background-position":"center center","background-size":"auto","background-attachment":"scroll","background-type":"","background-media":"","overlay-type":"","overlay-color":"","overlay-opacity":"","overlay-gradient":""},"mobile":{"background-color":"","background-image":"","background-repeat":"repeat","background-position":"center center","background-size":"auto","background-attachment":"scroll","background-type":"","background-media":"","overlay-type":"","overlay-color":"","overlay-opacity":"","overlay-gradient":""}},"ast-content-background-meta":{"desktop":{"background-color":"var(--ast-global-color-5)","background-image":"","background-repeat":"repeat","background-position":"center center","background-size":"auto","background-attachment":"scroll","background-type":"","background-media":"","overlay-type":"","overlay-color":"","overlay-opacity":"","overlay-gradient":""},"tablet":{"background-color":"var(--ast-global-color-5)","background-image":"","background-repeat":"repeat","background-position":"center center","background-size":"auto","background-attachment":"scroll","background-type":"","background-media":"","overlay-type":"","overlay-color":"","overlay-opacity":"","overlay-gradient":""},"mobile":{"background-color":"var(--ast-global-color-5)","background-image":"","background-repeat":"repeat","background-position":"center center","background-size":"auto","background-attachment":"scroll","background-type":"","background-media":"","overlay-type":"","overlay-color":"","overlay-opacity":"","overlay-gradient":""}},"footnotes":""},"class_list":["post-521","page","type-page","status-publish","hentry"],"post_mailing_queue_ids":[],"_links":{"self":[{"href":"https:\/\/agora.xtec.cat\/iecanfilua\/wp-json\/wp\/v2\/pages\/521","targetHints":{"allow":["GET"]}}],"collection":[{"href":"https:\/\/agora.xtec.cat\/iecanfilua\/wp-json\/wp\/v2\/pages"}],"about":[{"href":"https:\/\/agora.xtec.cat\/iecanfilua\/wp-json\/wp\/v2\/types\/page"}],"author":[{"embeddable":true,"href":"https:\/\/agora.xtec.cat\/iecanfilua\/wp-json\/wp\/v2\/users\/1"}],"replies":[{"embeddable":true,"href":"https:\/\/agora.xtec.cat\/iecanfilua\/wp-json\/wp\/v2\/comments?post=521"}],"version-history":[{"count":6,"href":"https:\/\/agora.xtec.cat\/iecanfilua\/wp-json\/wp\/v2\/pages\/521\/revisions"}],"predecessor-version":[{"id":8946,"href":"https:\/\/agora.xtec.cat\/iecanfilua\/wp-json\/wp\/v2\/pages\/521\/revisions\/8946"}],"up":[{"embeddable":true,"href":"https:\/\/agora.xtec.cat\/iecanfilua\/wp-json\/wp\/v2\/pages\/64"}],"wp:attachment":[{"href":"https:\/\/agora.xtec.cat\/iecanfilua\/wp-json\/wp\/v2\/media?parent=521"}],"curies":[{"name":"wp","href":"https:\/\/api.w.org\/{rel}","templated":true}]}}