{"id":9,"date":"2014-09-12T10:15:01","date_gmt":"2014-09-12T10:15:01","guid":{"rendered":"http:\/\/agora.xtec.cat\/iecadaques\/?page_id=9"},"modified":"2026-03-19T11:26:35","modified_gmt":"2026-03-19T10:26:35","slug":"pagina-dinici-buida","status":"publish","type":"page","link":"https:\/\/agora.xtec.cat\/iecadaques\/","title":{"rendered":"IE Caritat Serinyana Cap de Creus"},"content":{"rendered":"<div style=\"background-color: #c62828; color: white; padding: 12px; text-align: center; margin-bottom: 15px;\">\n  <strong style=\"font-size: 16px;\">\ud83d\udce2 COMUNICAT DELS CENTRES P\u00daBLICS DE PRIM\u00c0RIA, DE SECUND\u00c0RIA I INSTITUTS ESCOLA DE LA COMARCA DE L&#8217;ALT EMPORD\u00c0 <\/strong><br \/>\n  Ja podeu consultar el document oficial dels centres.\n<\/div>\n<p><!-- CONTENIDOR FLEX --><\/p>\n<div style=\"display: flex; gap: 20px; align-items: flex-start; flex-wrap: wrap;\">\n<p>  <!-- IMATGE --><\/p>\n<div style=\"flex: 1; min-width: 280px; text-align: center;\">\n    <img decoding=\"async\" src=\"https:\/\/agora.xtec.cat\/iecadaques\/wp-content\/uploads\/usu1969\/2026\/03\/MANIFEST.jpeg\" \n         alt=\"Manifest vaga\" \n         style=\"max-width: 100%; height: auto;\">\n  <\/div>\n<p>  <!-- PDF --><\/p>\n<div style=\"flex: 1; min-width: 280px;\">\n    <iframe loading=\"lazy\" src=\"https:\/\/agora.xtec.cat\/iecadaques\/wp-content\/uploads\/usu1969\/2026\/03\/Acords-direccions-centres-publics-Alt-Emporda-v003.pdf\" \n            width=\"100%\" \n            height=\"500px\" \n            style=\"border: none;\"><br \/>\n    <\/iframe>\n  <\/div>\n<\/div>\n","protected":false},"excerpt":{"rendered":"<p>  \ud83d\udce2 COMUNICAT DELS CENTRES P\u00daBLICS DE PRIM\u00c0RIA, DE SECUND\u00c0RIA I INSTITUTS ESCOLA DE LA COMARCA DE L&#8217;ALT EMPORD\u00c0<br \/>\n  Ja podeu consultar el document oficial dels centres.<\/p>\n<p> &hellip;  <a href=\"https:\/\/agora.xtec.cat\/iecadaques\/\" title=\"Read IE Caritat Serinyana Cap de Creus\">Llegeix m\u00e9s\u00bb<\/a><\/p>\n","protected":false},"author":1,"featured_media":0,"parent":0,"menu_order":0,"comment_status":"closed","ping_status":"closed","template":"","meta":{"_bbp_topic_count":0,"_bbp_reply_count":0,"_bbp_total_topic_count":0,"_bbp_total_reply_count":0,"_bbp_voice_count":0,"_bbp_anonymous_reply_count":0,"_bbp_topic_count_hidden":0,"_bbp_reply_count_hidden":0,"_bbp_forum_subforum_count":0,"footnotes":""},"class_list":["post-9","page","type-page","status-publish","hentry"],"post_mailing_queue_ids":[],"_links":{"self":[{"href":"https:\/\/agora.xtec.cat\/iecadaques\/wp-json\/wp\/v2\/pages\/9","targetHints":{"allow":["GET"]}}],"collection":[{"href":"https:\/\/agora.xtec.cat\/iecadaques\/wp-json\/wp\/v2\/pages"}],"about":[{"href":"https:\/\/agora.xtec.cat\/iecadaques\/wp-json\/wp\/v2\/types\/page"}],"author":[{"embeddable":true,"href":"https:\/\/agora.xtec.cat\/iecadaques\/wp-json\/wp\/v2\/users\/1"}],"replies":[{"embeddable":true,"href":"https:\/\/agora.xtec.cat\/iecadaques\/wp-json\/wp\/v2\/comments?post=9"}],"version-history":[{"count":10,"href":"https:\/\/agora.xtec.cat\/iecadaques\/wp-json\/wp\/v2\/pages\/9\/revisions"}],"predecessor-version":[{"id":25168,"href":"https:\/\/agora.xtec.cat\/iecadaques\/wp-json\/wp\/v2\/pages\/9\/revisions\/25168"}],"wp:attachment":[{"href":"https:\/\/agora.xtec.cat\/iecadaques\/wp-json\/wp\/v2\/media?parent=9"}],"curies":[{"name":"wp","href":"https:\/\/api.w.org\/{rel}","templated":true}]}}

<div style="background-color: #c62828; color: white; padding: 12px; text-align: center; margin-bottom: 15px;">
  <strong style="font-size: 16px;">📢 COMUNICAT DELS CENTRES PÚBLICS DE PRIMÀRIA, DE SECUNDÀRIA I INSTITUTS ESCOLA DE LA COMARCA DE L&#8217;ALT EMPORDÀ </strong><br />
  Ja podeu consultar el document oficial dels centres.
</div>
<p><!-- CONTENIDOR FLEX --></p>
<div style="display: flex; gap: 20px; align-items: flex-start; flex-wrap: wrap;">
<p>  <!-- IMATGE --></p>
<div style="flex: 1; min-width: 280px; text-align: center;">
    <img decoding="async" src="https://agora.xtec.cat/iecadaques/wp-content/uploads/usu1969/2026/03/MANIFEST.jpeg" 
         alt="Manifest vaga" 
         style="max-width: 100%; height: auto;">
  </div>
<p>  <!-- PDF --></p>
<div style="flex: 1; min-width: 280px;">
    <iframe loading="lazy" src="https://agora.xtec.cat/iecadaques/wp-content/uploads/usu1969/2026/03/Acords-direccions-centres-publics-Alt-Emporda-v003.pdf" 
            width="100%" 
            height="500px" 
            style="border: none;"><br />
    </iframe>
  </div>
</div>

<p>  📢 COMUNICAT DELS CENTRES PÚBLICS DE PRIMÀRIA, DE SECUNDÀRIA I INSTITUTS ESCOLA DE LA COMARCA DE L&#8217;ALT EMPORDÀ<br />
  Ja podeu consultar el document oficial dels centres.</p>
<p> &hellip;  <a href="https://agora.xtec.cat/iecadaques/" title="Read IE Caritat Serinyana Cap de Creus">Llegeix més»</a></p>
