{"id":823,"date":"2019-07-05T13:12:20","date_gmt":"2019-07-05T11:12:20","guid":{"rendered":"https:\/\/agora.xtec.cat\/iecadaques\/?page_id=823"},"modified":"2021-03-10T07:35:27","modified_gmt":"2021-03-10T06:35:27","slug":"projecte-de-direccio","status":"publish","type":"page","link":"https:\/\/agora.xtec.cat\/iecadaques\/projecte-educatiu\/projecte-de-direccio\/","title":{"rendered":"Projecte de Direcci\u00f3 | PdD"},"content":{"rendered":"<p>El Projecte de Direcci\u00f3 \u00e9s la concreci\u00f3 del projecte educatiu en relaci\u00f3 a l\u2019estructura organitzativa per al per\u00edode de mandat de la direcci\u00f3 del centre. Estableix les l\u00ednies d\u2019actuaci\u00f3 priorit\u00e0ries que s\u2019han de desenvolupar durant el per\u00edode de mandat.<\/p>\n<p><object style=\"width: 800px; height: 600px;\" data=\"https:\/\/docs.google.com\/gview?embedded=true&amp;url=https:\/\/agora.xtec.cat\/iecadaques\/wp-content\/uploads\/usu1969\/2021\/03\/Projecte-de-direcci\u00f3-per-penjar-WEB.pdf\" width=\"300\" height=\"150\"><\/object><\/p>\n","protected":false},"excerpt":{"rendered":"<p>El Projecte de Direcci\u00f3 \u00e9s la concreci\u00f3 del projecte educatiu en relaci\u00f3 a l\u2019estructura organitzativa per al per\u00edode de mandat de la direcci\u00f3 del centre. Estableix les l\u00ednies d\u2019actuaci\u00f3 priorit\u00e0ries que s\u2019han de desenvolupar durant el per\u00edode de mandat.<\/p>\n","protected":false},"author":1,"featured_media":0,"parent":57,"menu_order":5,"comment_status":"closed","ping_status":"closed","template":"","meta":{"_bbp_topic_count":0,"_bbp_reply_count":0,"_bbp_total_topic_count":0,"_bbp_total_reply_count":0,"_bbp_voice_count":0,"_bbp_anonymous_reply_count":0,"_bbp_topic_count_hidden":0,"_bbp_reply_count_hidden":0,"_bbp_forum_subforum_count":0,"footnotes":""},"class_list":["post-823","page","type-page","status-publish","hentry"],"post_mailing_queue_ids":[],"_links":{"self":[{"href":"https:\/\/agora.xtec.cat\/iecadaques\/wp-json\/wp\/v2\/pages\/823","targetHints":{"allow":["GET"]}}],"collection":[{"href":"https:\/\/agora.xtec.cat\/iecadaques\/wp-json\/wp\/v2\/pages"}],"about":[{"href":"https:\/\/agora.xtec.cat\/iecadaques\/wp-json\/wp\/v2\/types\/page"}],"author":[{"embeddable":true,"href":"https:\/\/agora.xtec.cat\/iecadaques\/wp-json\/wp\/v2\/users\/1"}],"replies":[{"embeddable":true,"href":"https:\/\/agora.xtec.cat\/iecadaques\/wp-json\/wp\/v2\/comments?post=823"}],"version-history":[{"count":3,"href":"https:\/\/agora.xtec.cat\/iecadaques\/wp-json\/wp\/v2\/pages\/823\/revisions"}],"predecessor-version":[{"id":21625,"href":"https:\/\/agora.xtec.cat\/iecadaques\/wp-json\/wp\/v2\/pages\/823\/revisions\/21625"}],"up":[{"embeddable":true,"href":"https:\/\/agora.xtec.cat\/iecadaques\/wp-json\/wp\/v2\/pages\/57"}],"wp:attachment":[{"href":"https:\/\/agora.xtec.cat\/iecadaques\/wp-json\/wp\/v2\/media?parent=823"}],"curies":[{"name":"wp","href":"https:\/\/api.w.org\/{rel}","templated":true}]}}

Projecte de Direcció | PdD

<p>El Projecte de Direcció és la concreció del projecte educatiu en relació a l’estructura organitzativa per al període de mandat de la direcció del centre. Estableix les línies d’actuació prioritàries que s’han de desenvolupar durant el període de mandat.</p>
<p><object style="width: 800px; height: 600px;" data="https://docs.google.com/gview?embedded=true&amp;url=https://agora.xtec.cat/iecadaques/wp-content/uploads/usu1969/2021/03/Projecte-de-direcció-per-penjar-WEB.pdf" width="300" height="150"></object></p>

<p>El Projecte de Direcció és la concreció del projecte educatiu en relació a l’estructura organitzativa per al període de mandat de la direcció del centre. Estableix les línies d’actuació prioritàries que s’han de desenvolupar durant el període de mandat.</p>
