{"id":712,"date":"2019-07-05T13:06:04","date_gmt":"2019-07-05T11:06:04","guid":{"rendered":"https:\/\/agora.xtec.cat\/iecadaques\/?page_id=712"},"modified":"2026-03-12T14:50:00","modified_gmt":"2026-03-12T13:50:00","slug":"pec","status":"publish","type":"page","link":"https:\/\/agora.xtec.cat\/iecadaques\/projecte-educatiu\/pec\/","title":{"rendered":"Projecte Educatiu de Centre | PEC"},"content":{"rendered":"<p>El\u00a0Projecte Educatiu del Centre \u00e9s el document estrat\u00e8gic marc de la instituci\u00f3 escolar que en defineix el funcionament en l\u2019\u00e0mbit curricular, organitzatiu, de gesti\u00f3 econ\u00f2mica i de gesti\u00f3 de personal, que s\u2019adapta a la realitat de l\u2019alumnat i a l\u2019entorn, d\u2019acord amb les seves necessitats educatives i dels objectius del centre. Contribueix, a m\u00e9s, a impulsar la col\u00b7laboraci\u00f3 entre els diversos sectors de la comunitat educativa i la relaci\u00f3 entre el centre i l\u2019entorn social.<\/p>\n<p>El Projecte Educatiu del Centre (PEC) emmarca el Projecte Ling\u00fc\u00edstic de Centre (PLC), l&#8217;Estrat\u00e8gia Digital de Centre (EDC, abans coneguda com a Pla TAC) i el Pla de Conviv\u00e8ncia.<\/p>\n<p>Actualment comptem amb els documents propis dels dos centres educatius dels quals partim (escola i institut) i a mida que avancem, anem construint els nous documents que definiran i regularan el nou Institut Escola.<\/p>\n<p>\u00c9s per aquest motiu, que en cada apartat, podreu consultar els documents que regien els nostres centres fins ara, els quals s&#8217;aniran substituint per la seva nova versi\u00f3 conjunta.<\/p>\n<h5>Projecte educatiu de l&#8217;Escola<\/h5>\n<p><iframe loading=\"lazy\" src=\"https:\/\/agora.xtec.cat\/iecadaques\/wp-content\/uploads\/usu1969\/2026\/03\/DEFINITIU_PEC.pdf\" width=\"100%\" height=\"700px\" style=\"border: none;\"><\/iframe><\/p>\n<p><a href=\"https:\/\/agora.xtec.cat\/iecadaques\/wp-content\/uploads\/usu1969\/2026\/03\/DEFINITIU_PEC.pdf\">PEC Definitiu<\/a><\/p>\n","protected":false},"excerpt":{"rendered":"<p>El\u00a0Projecte Educatiu del Centre \u00e9s el document estrat\u00e8gic marc de la instituci\u00f3 escolar que en defineix el funcionament en l\u2019\u00e0mbit curricular, organitzatiu, de gesti\u00f3 econ\u00f2mica i de gesti\u00f3 de personal, que s\u2019adapta a la realitat de l\u2019alumnat i a l\u2019entorn, d\u2019acord amb les seves necessitats&hellip;  <a href=\"https:\/\/agora.xtec.cat\/iecadaques\/projecte-educatiu\/pec\/\" title=\"Read Projecte Educatiu de Centre | PEC\">Llegeix m\u00e9s\u00bb<\/a><\/p>\n","protected":false},"author":1,"featured_media":0,"parent":57,"menu_order":1,"comment_status":"closed","ping_status":"closed","template":"","meta":{"_bbp_topic_count":0,"_bbp_reply_count":0,"_bbp_total_topic_count":0,"_bbp_total_reply_count":0,"_bbp_voice_count":0,"_bbp_anonymous_reply_count":0,"_bbp_topic_count_hidden":0,"_bbp_reply_count_hidden":0,"_bbp_forum_subforum_count":0,"footnotes":""},"class_list":["post-712","page","type-page","status-publish","hentry"],"post_mailing_queue_ids":[],"_links":{"self":[{"href":"https:\/\/agora.xtec.cat\/iecadaques\/wp-json\/wp\/v2\/pages\/712","targetHints":{"allow":["GET"]}}],"collection":[{"href":"https:\/\/agora.xtec.cat\/iecadaques\/wp-json\/wp\/v2\/pages"}],"about":[{"href":"https:\/\/agora.xtec.cat\/iecadaques\/wp-json\/wp\/v2\/types\/page"}],"author":[{"embeddable":true,"href":"https:\/\/agora.xtec.cat\/iecadaques\/wp-json\/wp\/v2\/users\/1"}],"replies":[{"embeddable":true,"href":"https:\/\/agora.xtec.cat\/iecadaques\/wp-json\/wp\/v2\/comments?post=712"}],"version-history":[{"count":7,"href":"https:\/\/agora.xtec.cat\/iecadaques\/wp-json\/wp\/v2\/pages\/712\/revisions"}],"predecessor-version":[{"id":25160,"href":"https:\/\/agora.xtec.cat\/iecadaques\/wp-json\/wp\/v2\/pages\/712\/revisions\/25160"}],"up":[{"embeddable":true,"href":"https:\/\/agora.xtec.cat\/iecadaques\/wp-json\/wp\/v2\/pages\/57"}],"wp:attachment":[{"href":"https:\/\/agora.xtec.cat\/iecadaques\/wp-json\/wp\/v2\/media?parent=712"}],"curies":[{"name":"wp","href":"https:\/\/api.w.org\/{rel}","templated":true}]}}

<p>El Projecte Educatiu del Centre és el document estratègic marc de la institució escolar que en defineix el funcionament en l’àmbit curricular, organitzatiu, de gestió econòmica i de gestió de personal, que s’adapta a la realitat de l’alumnat i a l’entorn, d’acord amb les seves necessitats educatives i dels objectius del centre. Contribueix, a més, a impulsar la col·laboració entre els diversos sectors de la comunitat educativa i la relació entre el centre i l’entorn social.</p>
<p>El Projecte Educatiu del Centre (PEC) emmarca el Projecte Lingüístic de Centre (PLC), l&#8217;Estratègia Digital de Centre (EDC, abans coneguda com a Pla TAC) i el Pla de Convivència.</p>
<p>Actualment comptem amb els documents propis dels dos centres educatius dels quals partim (escola i institut) i a mida que avancem, anem construint els nous documents que definiran i regularan el nou Institut Escola.</p>
<p>És per aquest motiu, que en cada apartat, podreu consultar els documents que regien els nostres centres fins ara, els quals s&#8217;aniran substituint per la seva nova versió conjunta.</p>
<h5>Projecte educatiu de l&#8217;Escola</h5>
<p><iframe loading="lazy" src="https://agora.xtec.cat/iecadaques/wp-content/uploads/usu1969/2026/03/DEFINITIU_PEC.pdf" width="100%" height="700px" style="border: none;"></iframe></p>
<p><a href="https://agora.xtec.cat/iecadaques/wp-content/uploads/usu1969/2026/03/DEFINITIU_PEC.pdf">PEC Definitiu</a></p>

<p>El Projecte Educatiu del Centre és el document estratègic marc de la institució escolar que en defineix el funcionament en l’àmbit curricular, organitzatiu, de gestió econòmica i de gestió de personal, que s’adapta a la realitat de l’alumnat i a l’entorn, d’acord amb les seves necessitats&hellip;  <a href="https://agora.xtec.cat/iecadaques/projecte-educatiu/pec/" title="Read Projecte Educatiu de Centre | PEC">Llegeix més»</a></p>
