{"id":46,"date":"2014-09-17T16:53:45","date_gmt":"2014-09-17T16:53:45","guid":{"rendered":"http:\/\/agora.xtec.cat\/iecadaques\/?page_id=46"},"modified":"2025-08-26T11:11:57","modified_gmt":"2025-08-26T09:11:57","slug":"equip-huma","status":"publish","type":"page","link":"https:\/\/agora.xtec.cat\/iecadaques\/linstitut\/equip-huma\/","title":{"rendered":"Equip hum\u00e0"},"content":{"rendered":"<div class=\"row\" style=\"margin-bottom: 1em !important;\">\n<div class=\"small-12 large-6 columns\">\n<h5>Consergeria i PAS<\/h5>\n<ul>\n<li>Ariadna Cumbriu Batlle | Administrativa<\/li>\n<li>Bel\u00e9n Querol Mart\u00ednez<\/li>\n<li>Youssef Samadi<\/li>\n<\/ul>\n<\/div>\n<div class=\"small-12 large-6 columns\">\n<h5>Educaci\u00f3 Infantil<\/h5>\n<\/div>\n<div class=\"small-12 large-6 columns\">\n<ul>\n<li>Roser Descamps Sivilla<\/li>\n<li>Melania Garcia Jim\u00e9nez<\/li>\n<li>Sara Riera Aymar<\/li>\n<li>Marta Oc\u00f3n Mart\u00ednez<\/li>\n<li>Marina Valera | Vetlladora<\/li>\n<\/ul>\n<\/div>\n<\/div>\n<div class=\"row\" style=\"margin-bottom: 1em !important;\">\n<div class=\"small-12 large-6 columns\">\n<h5>Educaci\u00f3 Prim\u00e0ria<\/h5>\n<ul>\n<li>Aina Rossell Mart\u00ednez<\/li>\n<li>Anna Collell Mart\u00ed | Especialista de m\u00fasica<\/li>\n<li>Ester Faix\u00f3 Borrell<\/li>\n<li>Naira Bosch Alsius | Especialista d&#8217;angl\u00e8s<\/li>\n<li>Irene Mas Llort | Coordinadora Pedag\u00f2gica<\/li>\n<li>Herm\u00ednia Mart\u00ednez Font<\/li>\n<li>Carme Salas Fern\u00e1ndez<\/li>\n<li>Manoli Sarrion Mu\u00f1oz | Especialista Educaci\u00f3 Especial<\/li>\n<li>David Arias Comamala | Educaci\u00f3 F\u00edsica<\/li>\n<li>N\u00faria Arbat Bou | Angl\u00e8s<\/li>\n<li>Iara Hassan | Vetlladora<\/li>\n<\/ul>\n<\/div>\n<div class=\"small-12 large-6 columns\">\n<h5>Educaci\u00f3 Secund\u00e0ria<\/h5>\n<ul>\n<li>Anna Bosch Anglada. | Direcci\u00f3 i Orientaci\u00f3 Educativa<\/li>\n<li>Clara Pilsa Carandell | Ci\u00e8ncies Socials<\/li>\n<li>Alba Mestre Serra | Llengua i Literatura Catalana Cap de Departament de Lletres<\/li>\n<li>Esther Caussa Mart\u00edn| Llengua i Literatura Castellana<\/li>\n<li>Ainoa Forcada Barber\u00e0 | Secret\u00e0ria, Matem\u00e0tiques<\/li>\n<li>Marina Fortea Esparza | Cap d&#8217;Estudis, Biologia i Geologia<\/li>\n<li>Josep Gardell Juli\u00e0 | \u00c0ngl\u00e8s<\/li>\n<li>Gemma Roura Comas | Educaci\u00f3 F\u00edsica, Cap de Departament de Ci\u00e8ncies<\/li>\n<li>S\u00f2nia Palomar Burguillos | Coordinadora ling\u00fc\u00edstica i ViP<\/li>\n<li>Blanca Sala Reig | Franc\u00e8s<\/li>\n<li>Vega S\u00e1nchez Polan | Biologia i Geologia<\/li>\n<li>Ruth S\u00e1nchez | Religi\u00f3<\/li>\n<li>Marina Valero | Vetlladora<\/li>\n<li>Francesc Bola\u00f1o Guivernau | Tecnologia i Coordinaci\u00f3 Digital<\/li>\n<li>Ferran Campos Ramos | M\u00fasica <\/li>\n<\/ul>\n<\/div>\n<\/div>\n","protected":false},"excerpt":{"rendered":"<p>Consergeria i PAS<\/p>\n<ul>\n<li>Ariadna Cumbriu Batlle | Administrativa<\/li>\n<li>Bel\u00e9n Querol Mart\u00ednez<\/li>\n<li>Youssef Samadi<\/li>\n<\/ul>\n<p>Educaci\u00f3 Infantil<\/p>\n<ul>\n<li>Roser Descamps Sivilla<\/li>\n<li>Melania Garcia Jim\u00e9nez<\/li>\n<li>Sara Riera Aymar<\/li>\n<li>Marta Oc\u00f3n Mart\u00ednez<\/li>\n<li>Marina Valera | Vetlladora<\/li>\n<\/ul>\n<p>Educaci\u00f3 Prim\u00e0ria<\/p>\n<ul>\n<li>Aina Rossell Mart\u00ednez<\/li>\n<li>Anna Collell Mart\u00ed | Especialista de m\u00fasica<\/li>\n<li>Ester Faix\u00f3 Borrell<\/li>\n<li>Naira Bosch Alsius | Especialista d&#8217;angl\u00e8s<\/li>\n<li>Irene Mas Llort | Coordinadora Pedag\u00f2gica<\/li>\n<li>Herm\u00ednia Mart\u00ednez Font<\/li>\n<li>Carme&hellip;  <a href=\"https:\/\/agora.xtec.cat\/iecadaques\/linstitut\/equip-huma\/\" title=\"Read Equip hum\u00e0\">Llegeix m\u00e9s\u00bb<\/a><br \/>\n","protected":false},"author":1,"featured_media":0,"parent":19,"menu_order":4,"comment_status":"closed","ping_status":"closed","template":"","meta":{"_bbp_topic_count":0,"_bbp_reply_count":0,"_bbp_total_topic_count":0,"_bbp_total_reply_count":0,"_bbp_voice_count":0,"_bbp_anonymous_reply_count":0,"_bbp_topic_count_hidden":0,"_bbp_reply_count_hidden":0,"_bbp_forum_subforum_count":0,"footnotes":""},"class_list":["post-46","page","type-page","status-publish","hentry"],"post_mailing_queue_ids":[],"_links":{"self":[{"href":"https:\/\/agora.xtec.cat\/iecadaques\/wp-json\/wp\/v2\/pages\/46","targetHints":{"allow":["GET"]}}],"collection":[{"href":"https:\/\/agora.xtec.cat\/iecadaques\/wp-json\/wp\/v2\/pages"}],"about":[{"href":"https:\/\/agora.xtec.cat\/iecadaques\/wp-json\/wp\/v2\/types\/page"}],"author":[{"embeddable":true,"href":"https:\/\/agora.xtec.cat\/iecadaques\/wp-json\/wp\/v2\/users\/1"}],"replies":[{"embeddable":true,"href":"https:\/\/agora.xtec.cat\/iecadaques\/wp-json\/wp\/v2\/comments?post=46"}],"version-history":[{"count":8,"href":"https:\/\/agora.xtec.cat\/iecadaques\/wp-json\/wp\/v2\/pages\/46\/revisions"}],"predecessor-version":[{"id":25094,"href":"https:\/\/agora.xtec.cat\/iecadaques\/wp-json\/wp\/v2\/pages\/46\/revisions\/25094"}],"up":[{"embeddable":true,"href":"https:\/\/agora.xtec.cat\/iecadaques\/wp-json\/wp\/v2\/pages\/19"}],"wp:attachment":[{"href":"https:\/\/agora.xtec.cat\/iecadaques\/wp-json\/wp\/v2\/media?parent=46"}],"curies":[{"name":"wp","href":"https:\/\/api.w.org\/{rel}","templated":true}]}}

Equip humà

<div class="row" style="margin-bottom: 1em !important;">
<div class="small-12 large-6 columns">
<h5>Consergeria i PAS</h5>
<ul>
<li>Ariadna Cumbriu Batlle | Administrativa</li>
<li>Belén Querol Martínez</li>
<li>Youssef Samadi</li>
</ul>
</div>
<div class="small-12 large-6 columns">
<h5>Educació Infantil</h5>
</div>
<div class="small-12 large-6 columns">
<ul>
<li>Roser Descamps Sivilla</li>
<li>Melania Garcia Jiménez</li>
<li>Sara Riera Aymar</li>
<li>Marta Ocón Martínez</li>
<li>Marina Valera | Vetlladora</li>
</ul>
</div>
</div>
<div class="row" style="margin-bottom: 1em !important;">
<div class="small-12 large-6 columns">
<h5>Educació Primària</h5>
<ul>
<li>Aina Rossell Martínez</li>
<li>Anna Collell Martí | Especialista de música</li>
<li>Ester Faixó Borrell</li>
<li>Naira Bosch Alsius | Especialista d&#8217;anglès</li>
<li>Irene Mas Llort | Coordinadora Pedagògica</li>
<li>Hermínia Martínez Font</li>
<li>Carme Salas Fernández</li>
<li>Manoli Sarrion Muñoz | Especialista Educació Especial</li>
<li>David Arias Comamala | Educació Física</li>
<li>Núria Arbat Bou | Anglès</li>
<li>Iara Hassan | Vetlladora</li>
</ul>
</div>
<div class="small-12 large-6 columns">
<h5>Educació Secundària</h5>
<ul>
<li>Anna Bosch Anglada. | Direcció i Orientació Educativa</li>
<li>Clara Pilsa Carandell | Ciències Socials</li>
<li>Alba Mestre Serra | Llengua i Literatura Catalana Cap de Departament de Lletres</li>
<li>Esther Caussa Martín| Llengua i Literatura Castellana</li>
<li>Ainoa Forcada Barberà | Secretària, Matemàtiques</li>
<li>Marina Fortea Esparza | Cap d&#8217;Estudis, Biologia i Geologia</li>
<li>Josep Gardell Julià | Ànglès</li>
<li>Gemma Roura Comas | Educació Física, Cap de Departament de Ciències</li>
<li>Sònia Palomar Burguillos | Coordinadora lingüística i ViP</li>
<li>Blanca Sala Reig | Francès</li>
<li>Vega Sánchez Polan | Biologia i Geologia</li>
<li>Ruth Sánchez | Religió</li>
<li>Marina Valero | Vetlladora</li>
<li>Francesc Bolaño Guivernau | Tecnologia i Coordinació Digital</li>
<li>Ferran Campos Ramos | Música </li>
</ul>
</div>
</div>

<p>Consergeria i PAS</p>
<ul>
<li>Ariadna Cumbriu Batlle | Administrativa</li>
<li>Belén Querol Martínez</li>
<li>Youssef Samadi</li>
</ul>
<p>Educació Infantil</p>
<ul>
<li>Roser Descamps Sivilla</li>
<li>Melania Garcia Jiménez</li>
<li>Sara Riera Aymar</li>
<li>Marta Ocón Martínez</li>
<li>Marina Valera | Vetlladora</li>
</ul>
<p>Educació Primària</p>
<ul>
<li>Aina Rossell Martínez</li>
<li>Anna Collell Martí | Especialista de música</li>
<li>Ester Faixó Borrell</li>
<li>Naira Bosch Alsius | Especialista d&#8217;anglès</li>
<li>Irene Mas Llort | Coordinadora Pedagògica</li>
<li>Hermínia Martínez Font</li>
<li>Carme&hellip;  <a href="https://agora.xtec.cat/iecadaques/linstitut/equip-huma/" title="Read Equip humà">Llegeix més»</a><br />
